{"id":35987,"date":"2022-01-22T13:35:15","date_gmt":"2022-01-22T12:35:15","guid":{"rendered":"https:\/\/demoweb.info\/sexshop001\/producto\/pdx-tight-grip-masturbador-masculino-boca-ano-rojo\/"},"modified":"2022-01-22T13:35:28","modified_gmt":"2022-01-22T12:35:28","slug":"pdx-tight-grip-masturbador-masculino-boca-ano-rojo","status":"publish","type":"product","link":"https:\/\/demoweb.info\/sexshop001\/producto\/pdx-tight-grip-masturbador-masculino-boca-ano-rojo\/","title":{"rendered":"PDX TIGHT GRIP MASTURBADOR MASCULINO BOCA \/ ANO ROJO"},"content":{"rendered":"<p><strong>PDX TIGHT GRIP MOUTH\/ASS MASTURBATOR<\/strong><\/p>\n<p>Obt\u00e9n un estricto control sobre tu pr\u00f3xima sesi\u00f3n de caricias con este incre\u00edble masturbador de doble densidad.<\/p>\n<p>La experiencia del masturbador m\u00e1s suave y m\u00e1s realista del mercado con una sujecci\u00f3n de doble densidad. Hecho de material ultra-realista Fanta Flesh en el interior y la f\u00f3rmula especial Grip Tight TPR en el exterior, esta funda de caricias s\u00faper suave cuenta con una construcci\u00f3n exterior firme que te permite obtener un agarre apretado y cada vez m\u00e1s perfecto.<\/p>\n<p>La forma ergon\u00f3mica se siente muy bien en sus manos y no est\u00e1 resbaladiza o pegajosa, que te permite obtener un trazo perfecto, incluso cuando tus manos est\u00e1n lubricadas.<\/p>\n<p>Medidas Insertables: 14.5 cm x 7 cm<\/p>\n","protected":false},"excerpt":{"rendered":"<p>PDX TIGHT GRIP MOUTH\/ASS MASTURBATOR Obt\u00e9n un estricto control sobre tu pr\u00f3xima sesi\u00f3n de caricias con este incre\u00edble masturbador de<\/p>\n","protected":false},"featured_media":35988,"comment_status":"open","ping_status":"open","template":"","meta":[],"product_cat":[468],"product_tag":[561,259],"class_list":["post-35987","product","type-product","status-publish","has-post-thumbnail","hentry","product_cat-anos","product_tag-extreme-toyz","product_tag-pipedream"],"bundled_by":[],"bundle_stock_status":"outofstock","bundle_stock_quantity":0,"bundle_virtual":false,"bundle_layout":"","bundle_add_to_cart_form_location":"","bundle_editable_in_cart":false,"bundle_sold_individually_context":"","bundle_item_grouping":"","bundle_min_size":"","bundle_max_size":"","bundled_items":[],"yoast_head":"<!-- This site is optimized with the Yoast SEO plugin v20.6 - https:\/\/yoast.com\/wordpress\/plugins\/seo\/ -->\n<title>PDX TIGHT GRIP MASTURBADOR MASCULINO BOCA \/ ANO ROJO - Tienda Er\u00f3tica<\/title>\n<meta name=\"robots\" content=\"noindex, follow, max-snippet:-1, max-image-preview:large, max-video-preview:-1\" \/>\n<meta property=\"og:locale\" content=\"es_ES\" \/>\n<meta property=\"og:type\" content=\"article\" \/>\n<meta property=\"og:title\" content=\"PDX TIGHT GRIP MASTURBADOR MASCULINO BOCA \/ ANO ROJO - Tienda Er\u00f3tica\" \/>\n<meta property=\"og:description\" content=\"PDX TIGHT GRIP MOUTH\/ASS MASTURBATOR Obt\u00e9n un estricto control sobre tu pr\u00f3xima sesi\u00f3n de caricias con este incre\u00edble masturbador de\" \/>\n<meta property=\"og:url\" content=\"https:\/\/demoweb.info\/sexshop001\/producto\/pdx-tight-grip-masturbador-masculino-boca-ano-rojo\/\" \/>\n<meta property=\"og:site_name\" content=\"Tienda Er\u00f3tica\" \/>\n<meta property=\"article:modified_time\" content=\"2022-01-22T12:35:28+00:00\" \/>\n<meta property=\"og:image\" content=\"https:\/\/demoweb.info\/sexshop001\/wp-content\/uploads\/2022\/01\/PDX-TIGHT-GRIP-MASTURBADOR-MASCULINO-BOCA-ANO-ROJO.jpg\" \/>\n\t<meta property=\"og:image:width\" content=\"550\" \/>\n\t<meta property=\"og:image:height\" content=\"550\" \/>\n\t<meta property=\"og:image:type\" content=\"image\/jpeg\" \/>\n<meta name=\"twitter:card\" content=\"summary_large_image\" \/>\n<meta name=\"twitter:label1\" content=\"Tiempo de lectura\" \/>\n\t<meta name=\"twitter:data1\" content=\"1 minuto\" \/>\n<script type=\"application\/ld+json\" class=\"yoast-schema-graph\">{\"@context\":\"https:\/\/schema.org\",\"@graph\":[{\"@type\":\"WebPage\",\"@id\":\"https:\/\/demoweb.info\/sexshop001\/producto\/pdx-tight-grip-masturbador-masculino-boca-ano-rojo\/\",\"url\":\"https:\/\/demoweb.info\/sexshop001\/producto\/pdx-tight-grip-masturbador-masculino-boca-ano-rojo\/\",\"name\":\"PDX TIGHT GRIP MASTURBADOR MASCULINO BOCA \/ ANO ROJO - Tienda Er\u00f3tica\",\"isPartOf\":{\"@id\":\"https:\/\/demoweb.info\/sexshop001\/#website\"},\"datePublished\":\"2022-01-22T12:35:15+00:00\",\"dateModified\":\"2022-01-22T12:35:28+00:00\",\"breadcrumb\":{\"@id\":\"https:\/\/demoweb.info\/sexshop001\/producto\/pdx-tight-grip-masturbador-masculino-boca-ano-rojo\/#breadcrumb\"},\"inLanguage\":\"es\",\"potentialAction\":[{\"@type\":\"ReadAction\",\"target\":[\"https:\/\/demoweb.info\/sexshop001\/producto\/pdx-tight-grip-masturbador-masculino-boca-ano-rojo\/\"]}]},{\"@type\":\"BreadcrumbList\",\"@id\":\"https:\/\/demoweb.info\/sexshop001\/producto\/pdx-tight-grip-masturbador-masculino-boca-ano-rojo\/#breadcrumb\",\"itemListElement\":[{\"@type\":\"ListItem\",\"position\":1,\"name\":\"Portada\",\"item\":\"https:\/\/demoweb.info\/sexshop001\/\"},{\"@type\":\"ListItem\",\"position\":2,\"name\":\"Tienda\",\"item\":\"https:\/\/demoweb.info\/sexshop001\/tienda\/\"},{\"@type\":\"ListItem\",\"position\":3,\"name\":\"PDX TIGHT GRIP MASTURBADOR MASCULINO BOCA \/ ANO ROJO\"}]},{\"@type\":\"WebSite\",\"@id\":\"https:\/\/demoweb.info\/sexshop001\/#website\",\"url\":\"https:\/\/demoweb.info\/sexshop001\/\",\"name\":\"Tienda Er\u00f3tica\",\"description\":\"DEMOWEB SL\",\"potentialAction\":[{\"@type\":\"SearchAction\",\"target\":{\"@type\":\"EntryPoint\",\"urlTemplate\":\"https:\/\/demoweb.info\/sexshop001\/?s={search_term_string}\"},\"query-input\":\"required name=search_term_string\"}],\"inLanguage\":\"es\"}]}<\/script>\n<!-- \/ Yoast SEO plugin. -->","yoast_head_json":{"title":"PDX TIGHT GRIP MASTURBADOR MASCULINO BOCA \/ ANO ROJO - Tienda Er\u00f3tica","robots":{"index":"noindex","follow":"follow","max-snippet":"max-snippet:-1","max-image-preview":"max-image-preview:large","max-video-preview":"max-video-preview:-1"},"og_locale":"es_ES","og_type":"article","og_title":"PDX TIGHT GRIP MASTURBADOR MASCULINO BOCA \/ ANO ROJO - Tienda Er\u00f3tica","og_description":"PDX TIGHT GRIP MOUTH\/ASS MASTURBATOR Obt\u00e9n un estricto control sobre tu pr\u00f3xima sesi\u00f3n de caricias con este incre\u00edble masturbador de","og_url":"https:\/\/demoweb.info\/sexshop001\/producto\/pdx-tight-grip-masturbador-masculino-boca-ano-rojo\/","og_site_name":"Tienda Er\u00f3tica","article_modified_time":"2022-01-22T12:35:28+00:00","og_image":[{"width":550,"height":550,"url":"https:\/\/demoweb.info\/sexshop001\/wp-content\/uploads\/2022\/01\/PDX-TIGHT-GRIP-MASTURBADOR-MASCULINO-BOCA-ANO-ROJO.jpg","type":"image\/jpeg"}],"twitter_card":"summary_large_image","twitter_misc":{"Tiempo de lectura":"1 minuto"},"schema":{"@context":"https:\/\/schema.org","@graph":[{"@type":"WebPage","@id":"https:\/\/demoweb.info\/sexshop001\/producto\/pdx-tight-grip-masturbador-masculino-boca-ano-rojo\/","url":"https:\/\/demoweb.info\/sexshop001\/producto\/pdx-tight-grip-masturbador-masculino-boca-ano-rojo\/","name":"PDX TIGHT GRIP MASTURBADOR MASCULINO BOCA \/ ANO ROJO - Tienda Er\u00f3tica","isPartOf":{"@id":"https:\/\/demoweb.info\/sexshop001\/#website"},"datePublished":"2022-01-22T12:35:15+00:00","dateModified":"2022-01-22T12:35:28+00:00","breadcrumb":{"@id":"https:\/\/demoweb.info\/sexshop001\/producto\/pdx-tight-grip-masturbador-masculino-boca-ano-rojo\/#breadcrumb"},"inLanguage":"es","potentialAction":[{"@type":"ReadAction","target":["https:\/\/demoweb.info\/sexshop001\/producto\/pdx-tight-grip-masturbador-masculino-boca-ano-rojo\/"]}]},{"@type":"BreadcrumbList","@id":"https:\/\/demoweb.info\/sexshop001\/producto\/pdx-tight-grip-masturbador-masculino-boca-ano-rojo\/#breadcrumb","itemListElement":[{"@type":"ListItem","position":1,"name":"Portada","item":"https:\/\/demoweb.info\/sexshop001\/"},{"@type":"ListItem","position":2,"name":"Tienda","item":"https:\/\/demoweb.info\/sexshop001\/tienda\/"},{"@type":"ListItem","position":3,"name":"PDX TIGHT GRIP MASTURBADOR MASCULINO BOCA \/ ANO ROJO"}]},{"@type":"WebSite","@id":"https:\/\/demoweb.info\/sexshop001\/#website","url":"https:\/\/demoweb.info\/sexshop001\/","name":"Tienda Er\u00f3tica","description":"DEMOWEB SL","potentialAction":[{"@type":"SearchAction","target":{"@type":"EntryPoint","urlTemplate":"https:\/\/demoweb.info\/sexshop001\/?s={search_term_string}"},"query-input":"required name=search_term_string"}],"inLanguage":"es"}]}},"_links":{"self":[{"href":"https:\/\/demoweb.info\/sexshop001\/wp-json\/wp\/v3\/product\/35987","targetHints":{"allow":["GET"]}}],"collection":[{"href":"https:\/\/demoweb.info\/sexshop001\/wp-json\/wp\/v3\/product"}],"about":[{"href":"https:\/\/demoweb.info\/sexshop001\/wp-json\/wp\/v2\/types\/product"}],"replies":[{"embeddable":true,"href":"https:\/\/demoweb.info\/sexshop001\/wp-json\/wp\/v2\/comments?post=35987"}],"wp:featuredmedia":[{"embeddable":true,"href":"https:\/\/demoweb.info\/sexshop001\/wp-json\/wp\/v2\/media\/35988"}],"wp:attachment":[{"href":"https:\/\/demoweb.info\/sexshop001\/wp-json\/wp\/v2\/media?parent=35987"}],"wp:term":[{"taxonomy":"product_cat","embeddable":true,"href":"https:\/\/demoweb.info\/sexshop001\/wp-json\/wp\/v2\/product_cat?post=35987"},{"taxonomy":"product_tag","embeddable":true,"href":"https:\/\/demoweb.info\/sexshop001\/wp-json\/wp\/v2\/product_tag?post=35987"}],"curies":[{"name":"wp","href":"https:\/\/api.w.org\/{rel}","templated":true}]}}