{"id":35950,"date":"2022-01-22T13:35:07","date_gmt":"2022-01-22T12:35:07","guid":{"rendered":"https:\/\/demoweb.info\/sexshop001\/producto\/satisfyer-lubricante-women-gentle-efecto-calor-150ml\/"},"modified":"2022-01-22T13:35:09","modified_gmt":"2022-01-22T12:35:09","slug":"satisfyer-lubricante-women-gentle-efecto-calor-150ml","status":"publish","type":"product","link":"https:\/\/demoweb.info\/sexshop001\/producto\/satisfyer-lubricante-women-gentle-efecto-calor-150ml\/","title":{"rendered":"SATISFYER LUBRICANTE WOMEN GENTLE EFECTO CALOR &#8211; 150ML"},"content":{"rendered":"<p><strong>SATISFYER SATISFYER WOMEN GENTLE WARMING<\/strong><\/p>\n<p>Satisfyer Gentle Classic es un lubricante para quienes prefieren no usar lubricante: combina las ventajas de un lubricante con una f\u00f3rmula delicada que aumenta la lubricaci\u00f3n sin la ayuda de ingredientes superfluos. De esta manera, puede disfrutar de una mayor suavidad sin afectar su disfrute natural. Est\u00e1 disponible en un envase de 150 ml, lo suficientemente peque\u00f1o para llevarlo de viaje, pero duradero gracias a su f\u00f3rmula de alto rendimiento.<\/p>\n<p>&#8211; perfecto para todos los Satisfyers<br \/>\n&#8211; efecto lubricado natural<br \/>\n&#8211; lubricaci\u00f3n superior a base de agua<br \/>\n&#8211; apto para condones<br \/>\n&#8211; sin aceite ni grasa<\/p>\n<p>Los lubricantes Satisfyer son productos para usar en la piel. Tienen una f\u00f3rmula sin aceite ni grasa, y ofrecen una lubricaci\u00f3n maravillosa y duradera. Los lubricantes Satisfyer son a base de agua. Esto significa que se aclaran f\u00e1cilmente con agua, sin dejar residuos ni sensaci\u00f3n pegajosa en la piel. Son ideales para usar con todos los productos Satisfyer, pero tambi\u00e9n se pueden usar con otros juguetes o durante las relaciones sexuales.<\/p>\n<p>150 ml<\/p>\n","protected":false},"excerpt":{"rendered":"<p>SATISFYER SATISFYER WOMEN GENTLE WARMING Satisfyer Gentle Classic es un lubricante para quienes prefieren no usar lubricante: combina las ventajas<\/p>\n","protected":false},"featured_media":35951,"comment_status":"open","ping_status":"open","template":"","meta":[],"product_cat":[268],"product_tag":[1257,442],"class_list":["post-35950","product","type-product","status-publish","has-post-thumbnail","hentry","product_cat-base-agua-lubricantes-aceites-y-lubricantes","product_tag-lubricants","product_tag-satisfyer"],"bundled_by":[],"bundle_stock_status":"instock","bundle_stock_quantity":25,"bundle_virtual":false,"bundle_layout":"","bundle_add_to_cart_form_location":"","bundle_editable_in_cart":false,"bundle_sold_individually_context":"","bundle_item_grouping":"","bundle_min_size":"","bundle_max_size":"","bundled_items":[],"yoast_head":"<!-- This site is optimized with the Yoast SEO plugin v20.6 - https:\/\/yoast.com\/wordpress\/plugins\/seo\/ -->\n<title>SATISFYER LUBRICANTE WOMEN GENTLE EFECTO CALOR - 150ML - Tienda Er\u00f3tica<\/title>\n<meta name=\"robots\" content=\"noindex, follow, max-snippet:-1, max-image-preview:large, max-video-preview:-1\" \/>\n<meta property=\"og:locale\" content=\"es_ES\" \/>\n<meta property=\"og:type\" content=\"article\" \/>\n<meta property=\"og:title\" content=\"SATISFYER LUBRICANTE WOMEN GENTLE EFECTO CALOR - 150ML - Tienda Er\u00f3tica\" \/>\n<meta property=\"og:description\" content=\"SATISFYER SATISFYER WOMEN GENTLE WARMING Satisfyer Gentle Classic es un lubricante para quienes prefieren no usar lubricante: combina las ventajas\" \/>\n<meta property=\"og:url\" content=\"https:\/\/demoweb.info\/sexshop001\/producto\/satisfyer-lubricante-women-gentle-efecto-calor-150ml\/\" \/>\n<meta property=\"og:site_name\" content=\"Tienda Er\u00f3tica\" \/>\n<meta property=\"article:modified_time\" content=\"2022-01-22T12:35:09+00:00\" \/>\n<meta property=\"og:image\" content=\"https:\/\/demoweb.info\/sexshop001\/wp-content\/uploads\/2022\/01\/SATISFYER-LUBRICANTE-WOMEN-GENTLE-EFECTO-CALOR-150ML.jpg\" \/>\n\t<meta property=\"og:image:width\" content=\"550\" \/>\n\t<meta property=\"og:image:height\" content=\"550\" \/>\n\t<meta property=\"og:image:type\" content=\"image\/jpeg\" \/>\n<meta name=\"twitter:card\" content=\"summary_large_image\" \/>\n<meta name=\"twitter:label1\" content=\"Tiempo de lectura\" \/>\n\t<meta name=\"twitter:data1\" content=\"1 minuto\" \/>\n<script type=\"application\/ld+json\" class=\"yoast-schema-graph\">{\"@context\":\"https:\/\/schema.org\",\"@graph\":[{\"@type\":\"WebPage\",\"@id\":\"https:\/\/demoweb.info\/sexshop001\/producto\/satisfyer-lubricante-women-gentle-efecto-calor-150ml\/\",\"url\":\"https:\/\/demoweb.info\/sexshop001\/producto\/satisfyer-lubricante-women-gentle-efecto-calor-150ml\/\",\"name\":\"SATISFYER LUBRICANTE WOMEN GENTLE EFECTO CALOR - 150ML - Tienda Er\u00f3tica\",\"isPartOf\":{\"@id\":\"https:\/\/demoweb.info\/sexshop001\/#website\"},\"datePublished\":\"2022-01-22T12:35:07+00:00\",\"dateModified\":\"2022-01-22T12:35:09+00:00\",\"breadcrumb\":{\"@id\":\"https:\/\/demoweb.info\/sexshop001\/producto\/satisfyer-lubricante-women-gentle-efecto-calor-150ml\/#breadcrumb\"},\"inLanguage\":\"es\",\"potentialAction\":[{\"@type\":\"ReadAction\",\"target\":[\"https:\/\/demoweb.info\/sexshop001\/producto\/satisfyer-lubricante-women-gentle-efecto-calor-150ml\/\"]}]},{\"@type\":\"BreadcrumbList\",\"@id\":\"https:\/\/demoweb.info\/sexshop001\/producto\/satisfyer-lubricante-women-gentle-efecto-calor-150ml\/#breadcrumb\",\"itemListElement\":[{\"@type\":\"ListItem\",\"position\":1,\"name\":\"Portada\",\"item\":\"https:\/\/demoweb.info\/sexshop001\/\"},{\"@type\":\"ListItem\",\"position\":2,\"name\":\"Tienda\",\"item\":\"https:\/\/demoweb.info\/sexshop001\/tienda\/\"},{\"@type\":\"ListItem\",\"position\":3,\"name\":\"SATISFYER LUBRICANTE WOMEN GENTLE EFECTO CALOR &#8211; 150ML\"}]},{\"@type\":\"WebSite\",\"@id\":\"https:\/\/demoweb.info\/sexshop001\/#website\",\"url\":\"https:\/\/demoweb.info\/sexshop001\/\",\"name\":\"Tienda Er\u00f3tica\",\"description\":\"DEMOWEB SL\",\"potentialAction\":[{\"@type\":\"SearchAction\",\"target\":{\"@type\":\"EntryPoint\",\"urlTemplate\":\"https:\/\/demoweb.info\/sexshop001\/?s={search_term_string}\"},\"query-input\":\"required name=search_term_string\"}],\"inLanguage\":\"es\"}]}<\/script>\n<!-- \/ Yoast SEO plugin. -->","yoast_head_json":{"title":"SATISFYER LUBRICANTE WOMEN GENTLE EFECTO CALOR - 150ML - Tienda Er\u00f3tica","robots":{"index":"noindex","follow":"follow","max-snippet":"max-snippet:-1","max-image-preview":"max-image-preview:large","max-video-preview":"max-video-preview:-1"},"og_locale":"es_ES","og_type":"article","og_title":"SATISFYER LUBRICANTE WOMEN GENTLE EFECTO CALOR - 150ML - Tienda Er\u00f3tica","og_description":"SATISFYER SATISFYER WOMEN GENTLE WARMING Satisfyer Gentle Classic es un lubricante para quienes prefieren no usar lubricante: combina las ventajas","og_url":"https:\/\/demoweb.info\/sexshop001\/producto\/satisfyer-lubricante-women-gentle-efecto-calor-150ml\/","og_site_name":"Tienda Er\u00f3tica","article_modified_time":"2022-01-22T12:35:09+00:00","og_image":[{"width":550,"height":550,"url":"https:\/\/demoweb.info\/sexshop001\/wp-content\/uploads\/2022\/01\/SATISFYER-LUBRICANTE-WOMEN-GENTLE-EFECTO-CALOR-150ML.jpg","type":"image\/jpeg"}],"twitter_card":"summary_large_image","twitter_misc":{"Tiempo de lectura":"1 minuto"},"schema":{"@context":"https:\/\/schema.org","@graph":[{"@type":"WebPage","@id":"https:\/\/demoweb.info\/sexshop001\/producto\/satisfyer-lubricante-women-gentle-efecto-calor-150ml\/","url":"https:\/\/demoweb.info\/sexshop001\/producto\/satisfyer-lubricante-women-gentle-efecto-calor-150ml\/","name":"SATISFYER LUBRICANTE WOMEN GENTLE EFECTO CALOR - 150ML - Tienda Er\u00f3tica","isPartOf":{"@id":"https:\/\/demoweb.info\/sexshop001\/#website"},"datePublished":"2022-01-22T12:35:07+00:00","dateModified":"2022-01-22T12:35:09+00:00","breadcrumb":{"@id":"https:\/\/demoweb.info\/sexshop001\/producto\/satisfyer-lubricante-women-gentle-efecto-calor-150ml\/#breadcrumb"},"inLanguage":"es","potentialAction":[{"@type":"ReadAction","target":["https:\/\/demoweb.info\/sexshop001\/producto\/satisfyer-lubricante-women-gentle-efecto-calor-150ml\/"]}]},{"@type":"BreadcrumbList","@id":"https:\/\/demoweb.info\/sexshop001\/producto\/satisfyer-lubricante-women-gentle-efecto-calor-150ml\/#breadcrumb","itemListElement":[{"@type":"ListItem","position":1,"name":"Portada","item":"https:\/\/demoweb.info\/sexshop001\/"},{"@type":"ListItem","position":2,"name":"Tienda","item":"https:\/\/demoweb.info\/sexshop001\/tienda\/"},{"@type":"ListItem","position":3,"name":"SATISFYER LUBRICANTE WOMEN GENTLE EFECTO CALOR &#8211; 150ML"}]},{"@type":"WebSite","@id":"https:\/\/demoweb.info\/sexshop001\/#website","url":"https:\/\/demoweb.info\/sexshop001\/","name":"Tienda Er\u00f3tica","description":"DEMOWEB SL","potentialAction":[{"@type":"SearchAction","target":{"@type":"EntryPoint","urlTemplate":"https:\/\/demoweb.info\/sexshop001\/?s={search_term_string}"},"query-input":"required name=search_term_string"}],"inLanguage":"es"}]}},"_links":{"self":[{"href":"https:\/\/demoweb.info\/sexshop001\/wp-json\/wp\/v3\/product\/35950","targetHints":{"allow":["GET"]}}],"collection":[{"href":"https:\/\/demoweb.info\/sexshop001\/wp-json\/wp\/v3\/product"}],"about":[{"href":"https:\/\/demoweb.info\/sexshop001\/wp-json\/wp\/v2\/types\/product"}],"replies":[{"embeddable":true,"href":"https:\/\/demoweb.info\/sexshop001\/wp-json\/wp\/v2\/comments?post=35950"}],"wp:featuredmedia":[{"embeddable":true,"href":"https:\/\/demoweb.info\/sexshop001\/wp-json\/wp\/v2\/media\/35951"}],"wp:attachment":[{"href":"https:\/\/demoweb.info\/sexshop001\/wp-json\/wp\/v2\/media?parent=35950"}],"wp:term":[{"taxonomy":"product_cat","embeddable":true,"href":"https:\/\/demoweb.info\/sexshop001\/wp-json\/wp\/v2\/product_cat?post=35950"},{"taxonomy":"product_tag","embeddable":true,"href":"https:\/\/demoweb.info\/sexshop001\/wp-json\/wp\/v2\/product_tag?post=35950"}],"curies":[{"name":"wp","href":"https:\/\/api.w.org\/{rel}","templated":true}]}}