{"id":35330,"date":"2022-01-22T13:28:59","date_gmt":"2022-01-22T12:28:59","guid":{"rendered":"https:\/\/demoweb.info\/sexshop001\/producto\/brandy-muneca-hinchable-de-grandes-tetas\/"},"modified":"2022-01-22T13:29:09","modified_gmt":"2022-01-22T12:29:09","slug":"brandy-muneca-hinchable-de-grandes-tetas","status":"publish","type":"product","link":"https:\/\/demoweb.info\/sexshop001\/producto\/brandy-muneca-hinchable-de-grandes-tetas\/","title":{"rendered":"BRANDY MU\u00d1ECA HINCHABLE DE GRANDES TETAS"},"content":{"rendered":"<p><strong>BRANDY BIG BOOB LOVE DOLL<\/strong>, es una mu\u00f1eca hinchable de tama\u00f1o real para disfrutar en tus ratos de soledad.<\/p>\n<p>Es posible dejarla de pie, tiene unas curvas de impresi\u00f3n y una bella cara en tres dimensiones de nuevo dise\u00f1o y pelo realista.<\/p>\n<p>Duros y enormes pechos.<\/p>\n<p>Dispone de tres orificios de penetraci\u00f3n:<strong> boca, vagina y ano<\/strong>.<\/p>\n<p>Le mantendr\u00e1 caliente toda la noche.<\/p>\n<p><strong>Atr\u00e9vete a descubrir el otro lado de la masturbaci\u00f3n. <\/strong><\/p>\n","protected":false},"excerpt":{"rendered":"<p>BRANDY BIG BOOB LOVE DOLL, es una mu\u00f1eca hinchable de tama\u00f1o real para disfrutar en tus ratos de soledad. Es<\/p>\n","protected":false},"featured_media":35331,"comment_status":"open","ping_status":"open","template":"","meta":[],"product_cat":[694],"product_tag":[941],"class_list":["post-35330","product","type-product","status-publish","has-post-thumbnail","hentry","product_cat-hinchables-munecas","product_tag-nmc"],"bundled_by":[],"bundle_stock_status":"outofstock","bundle_stock_quantity":0,"bundle_virtual":false,"bundle_layout":"","bundle_add_to_cart_form_location":"","bundle_editable_in_cart":false,"bundle_sold_individually_context":"","bundle_item_grouping":"","bundle_min_size":"","bundle_max_size":"","bundled_items":[],"yoast_head":"<!-- This site is optimized with the Yoast SEO plugin v20.6 - https:\/\/yoast.com\/wordpress\/plugins\/seo\/ -->\n<title>BRANDY MU\u00d1ECA HINCHABLE DE GRANDES TETAS - Tienda Er\u00f3tica<\/title>\n<meta name=\"robots\" content=\"noindex, follow, max-snippet:-1, max-image-preview:large, max-video-preview:-1\" \/>\n<meta property=\"og:locale\" content=\"es_ES\" \/>\n<meta property=\"og:type\" content=\"article\" \/>\n<meta property=\"og:title\" content=\"BRANDY MU\u00d1ECA HINCHABLE DE GRANDES TETAS - Tienda Er\u00f3tica\" \/>\n<meta property=\"og:description\" content=\"BRANDY BIG BOOB LOVE DOLL, es una mu\u00f1eca hinchable de tama\u00f1o real para disfrutar en tus ratos de soledad. Es\" \/>\n<meta property=\"og:url\" content=\"https:\/\/demoweb.info\/sexshop001\/producto\/brandy-muneca-hinchable-de-grandes-tetas\/\" \/>\n<meta property=\"og:site_name\" content=\"Tienda Er\u00f3tica\" \/>\n<meta property=\"article:modified_time\" content=\"2022-01-22T12:29:09+00:00\" \/>\n<meta property=\"og:image\" content=\"https:\/\/demoweb.info\/sexshop001\/wp-content\/uploads\/2022\/01\/BRANDY-MUNECA-HINCHABLE-DE-GRANDES-TETAS.jpg\" \/>\n\t<meta property=\"og:image:width\" content=\"550\" \/>\n\t<meta property=\"og:image:height\" content=\"550\" \/>\n\t<meta property=\"og:image:type\" content=\"image\/jpeg\" \/>\n<meta name=\"twitter:card\" content=\"summary_large_image\" \/>\n<script type=\"application\/ld+json\" class=\"yoast-schema-graph\">{\"@context\":\"https:\/\/schema.org\",\"@graph\":[{\"@type\":\"WebPage\",\"@id\":\"https:\/\/demoweb.info\/sexshop001\/producto\/brandy-muneca-hinchable-de-grandes-tetas\/\",\"url\":\"https:\/\/demoweb.info\/sexshop001\/producto\/brandy-muneca-hinchable-de-grandes-tetas\/\",\"name\":\"BRANDY MU\u00d1ECA HINCHABLE DE GRANDES TETAS - Tienda Er\u00f3tica\",\"isPartOf\":{\"@id\":\"https:\/\/demoweb.info\/sexshop001\/#website\"},\"datePublished\":\"2022-01-22T12:28:59+00:00\",\"dateModified\":\"2022-01-22T12:29:09+00:00\",\"breadcrumb\":{\"@id\":\"https:\/\/demoweb.info\/sexshop001\/producto\/brandy-muneca-hinchable-de-grandes-tetas\/#breadcrumb\"},\"inLanguage\":\"es\",\"potentialAction\":[{\"@type\":\"ReadAction\",\"target\":[\"https:\/\/demoweb.info\/sexshop001\/producto\/brandy-muneca-hinchable-de-grandes-tetas\/\"]}]},{\"@type\":\"BreadcrumbList\",\"@id\":\"https:\/\/demoweb.info\/sexshop001\/producto\/brandy-muneca-hinchable-de-grandes-tetas\/#breadcrumb\",\"itemListElement\":[{\"@type\":\"ListItem\",\"position\":1,\"name\":\"Portada\",\"item\":\"https:\/\/demoweb.info\/sexshop001\/\"},{\"@type\":\"ListItem\",\"position\":2,\"name\":\"Tienda\",\"item\":\"https:\/\/demoweb.info\/sexshop001\/tienda\/\"},{\"@type\":\"ListItem\",\"position\":3,\"name\":\"BRANDY MU\u00d1ECA HINCHABLE DE GRANDES TETAS\"}]},{\"@type\":\"WebSite\",\"@id\":\"https:\/\/demoweb.info\/sexshop001\/#website\",\"url\":\"https:\/\/demoweb.info\/sexshop001\/\",\"name\":\"Tienda Er\u00f3tica\",\"description\":\"DEMOWEB SL\",\"potentialAction\":[{\"@type\":\"SearchAction\",\"target\":{\"@type\":\"EntryPoint\",\"urlTemplate\":\"https:\/\/demoweb.info\/sexshop001\/?s={search_term_string}\"},\"query-input\":\"required name=search_term_string\"}],\"inLanguage\":\"es\"}]}<\/script>\n<!-- \/ Yoast SEO plugin. -->","yoast_head_json":{"title":"BRANDY MU\u00d1ECA HINCHABLE DE GRANDES TETAS - Tienda Er\u00f3tica","robots":{"index":"noindex","follow":"follow","max-snippet":"max-snippet:-1","max-image-preview":"max-image-preview:large","max-video-preview":"max-video-preview:-1"},"og_locale":"es_ES","og_type":"article","og_title":"BRANDY MU\u00d1ECA HINCHABLE DE GRANDES TETAS - Tienda Er\u00f3tica","og_description":"BRANDY BIG BOOB LOVE DOLL, es una mu\u00f1eca hinchable de tama\u00f1o real para disfrutar en tus ratos de soledad. Es","og_url":"https:\/\/demoweb.info\/sexshop001\/producto\/brandy-muneca-hinchable-de-grandes-tetas\/","og_site_name":"Tienda Er\u00f3tica","article_modified_time":"2022-01-22T12:29:09+00:00","og_image":[{"width":550,"height":550,"url":"https:\/\/demoweb.info\/sexshop001\/wp-content\/uploads\/2022\/01\/BRANDY-MUNECA-HINCHABLE-DE-GRANDES-TETAS.jpg","type":"image\/jpeg"}],"twitter_card":"summary_large_image","schema":{"@context":"https:\/\/schema.org","@graph":[{"@type":"WebPage","@id":"https:\/\/demoweb.info\/sexshop001\/producto\/brandy-muneca-hinchable-de-grandes-tetas\/","url":"https:\/\/demoweb.info\/sexshop001\/producto\/brandy-muneca-hinchable-de-grandes-tetas\/","name":"BRANDY MU\u00d1ECA HINCHABLE DE GRANDES TETAS - Tienda Er\u00f3tica","isPartOf":{"@id":"https:\/\/demoweb.info\/sexshop001\/#website"},"datePublished":"2022-01-22T12:28:59+00:00","dateModified":"2022-01-22T12:29:09+00:00","breadcrumb":{"@id":"https:\/\/demoweb.info\/sexshop001\/producto\/brandy-muneca-hinchable-de-grandes-tetas\/#breadcrumb"},"inLanguage":"es","potentialAction":[{"@type":"ReadAction","target":["https:\/\/demoweb.info\/sexshop001\/producto\/brandy-muneca-hinchable-de-grandes-tetas\/"]}]},{"@type":"BreadcrumbList","@id":"https:\/\/demoweb.info\/sexshop001\/producto\/brandy-muneca-hinchable-de-grandes-tetas\/#breadcrumb","itemListElement":[{"@type":"ListItem","position":1,"name":"Portada","item":"https:\/\/demoweb.info\/sexshop001\/"},{"@type":"ListItem","position":2,"name":"Tienda","item":"https:\/\/demoweb.info\/sexshop001\/tienda\/"},{"@type":"ListItem","position":3,"name":"BRANDY MU\u00d1ECA HINCHABLE DE GRANDES TETAS"}]},{"@type":"WebSite","@id":"https:\/\/demoweb.info\/sexshop001\/#website","url":"https:\/\/demoweb.info\/sexshop001\/","name":"Tienda Er\u00f3tica","description":"DEMOWEB SL","potentialAction":[{"@type":"SearchAction","target":{"@type":"EntryPoint","urlTemplate":"https:\/\/demoweb.info\/sexshop001\/?s={search_term_string}"},"query-input":"required name=search_term_string"}],"inLanguage":"es"}]}},"_links":{"self":[{"href":"https:\/\/demoweb.info\/sexshop001\/wp-json\/wp\/v3\/product\/35330","targetHints":{"allow":["GET"]}}],"collection":[{"href":"https:\/\/demoweb.info\/sexshop001\/wp-json\/wp\/v3\/product"}],"about":[{"href":"https:\/\/demoweb.info\/sexshop001\/wp-json\/wp\/v2\/types\/product"}],"replies":[{"embeddable":true,"href":"https:\/\/demoweb.info\/sexshop001\/wp-json\/wp\/v2\/comments?post=35330"}],"wp:featuredmedia":[{"embeddable":true,"href":"https:\/\/demoweb.info\/sexshop001\/wp-json\/wp\/v2\/media\/35331"}],"wp:attachment":[{"href":"https:\/\/demoweb.info\/sexshop001\/wp-json\/wp\/v2\/media?parent=35330"}],"wp:term":[{"taxonomy":"product_cat","embeddable":true,"href":"https:\/\/demoweb.info\/sexshop001\/wp-json\/wp\/v2\/product_cat?post=35330"},{"taxonomy":"product_tag","embeddable":true,"href":"https:\/\/demoweb.info\/sexshop001\/wp-json\/wp\/v2\/product_tag?post=35330"}],"curies":[{"name":"wp","href":"https:\/\/api.w.org\/{rel}","templated":true}]}}