{"id":35284,"date":"2022-01-22T13:28:32","date_gmt":"2022-01-22T12:28:32","guid":{"rendered":"https:\/\/demoweb.info\/sexshop001\/producto\/colt-pene-realistico-adam-dexter\/"},"modified":"2022-01-22T13:28:43","modified_gmt":"2022-01-22T12:28:43","slug":"colt-pene-realistico-adam-dexter","status":"publish","type":"product","link":"https:\/\/demoweb.info\/sexshop001\/producto\/colt-pene-realistico-adam-dexter\/","title":{"rendered":"COLT PENE REALISTICO ADAM DEXTER"},"content":{"rendered":"<p><strong>COLT ADAM DEXTER&#39;S COCK<\/strong> es la r\u00e9plica del pene de la estrella del porno <strong>Adam Dexter<\/strong>, a tama\u00f1o real.<\/p>\n<p>Dispone de todo lujo de detalles, glande, venas y test\u00edculos muy bien reproducidos, con apariencia completamente real, para llegar a la m\u00e1xima estimulaci\u00f3n e incre\u00edbles sensaciones.<\/p>\n<p>De alt\u00edsima calidad. Increible material <strong>Better Than Real Plus<\/strong> que te har\u00e1 pensar que tienes uno real en tus manos.<\/p>\n<p>Incluye una potente ventosa circular en su base, para una mayor sujeci\u00f3n.<\/p>\n<p>Este pene real\u00edstico no tiene nada que ver con los dem\u00e1s de su clase.<\/p>\n<p>Serie <strong>COLT COCK<\/strong>.<\/p>\n<p>Se entrega con una pr\u00e1ctica funda para mantenerlo en perfectas condiciones.<\/p>\n<p>Medidas: 21 cm x 4,5 cm.<\/p>\n","protected":false},"excerpt":{"rendered":"<p>COLT ADAM DEXTER&#39;S COCK es la r\u00e9plica del pene de la estrella del porno Adam Dexter, a tama\u00f1o real. Dispone<\/p>\n","protected":false},"featured_media":35285,"comment_status":"open","ping_status":"open","template":"","meta":[],"product_cat":[545],"product_tag":[660,724],"class_list":["post-35284","product","type-product","status-publish","has-post-thumbnail","hentry","product_cat-de-actores","product_tag-calexotics","product_tag-colt-gear"],"bundled_by":[],"bundle_stock_status":"instock","bundle_stock_quantity":3,"bundle_virtual":false,"bundle_layout":"","bundle_add_to_cart_form_location":"","bundle_editable_in_cart":false,"bundle_sold_individually_context":"","bundle_item_grouping":"","bundle_min_size":"","bundle_max_size":"","bundled_items":[],"yoast_head":"<!-- This site is optimized with the Yoast SEO plugin v20.6 - https:\/\/yoast.com\/wordpress\/plugins\/seo\/ -->\n<title>COLT PENE REALISTICO ADAM DEXTER - Tienda Er\u00f3tica<\/title>\n<meta name=\"robots\" content=\"noindex, follow, max-snippet:-1, max-image-preview:large, max-video-preview:-1\" \/>\n<meta property=\"og:locale\" content=\"es_ES\" \/>\n<meta property=\"og:type\" content=\"article\" \/>\n<meta property=\"og:title\" content=\"COLT PENE REALISTICO ADAM DEXTER - Tienda Er\u00f3tica\" \/>\n<meta property=\"og:description\" content=\"COLT ADAM DEXTER&#039;S COCK es la r\u00e9plica del pene de la estrella del porno Adam Dexter, a tama\u00f1o real. Dispone\" \/>\n<meta property=\"og:url\" content=\"https:\/\/demoweb.info\/sexshop001\/producto\/colt-pene-realistico-adam-dexter\/\" \/>\n<meta property=\"og:site_name\" content=\"Tienda Er\u00f3tica\" \/>\n<meta property=\"article:modified_time\" content=\"2022-01-22T12:28:43+00:00\" \/>\n<meta property=\"og:image\" content=\"https:\/\/demoweb.info\/sexshop001\/wp-content\/uploads\/2022\/01\/COLT-PENE-REALISTICO-ADAM-DEXTER.jpg\" \/>\n\t<meta property=\"og:image:width\" content=\"550\" \/>\n\t<meta property=\"og:image:height\" content=\"550\" \/>\n\t<meta property=\"og:image:type\" content=\"image\/jpeg\" \/>\n<meta name=\"twitter:card\" content=\"summary_large_image\" \/>\n<meta name=\"twitter:label1\" content=\"Tiempo de lectura\" \/>\n\t<meta name=\"twitter:data1\" content=\"1 minuto\" \/>\n<script type=\"application\/ld+json\" class=\"yoast-schema-graph\">{\"@context\":\"https:\/\/schema.org\",\"@graph\":[{\"@type\":\"WebPage\",\"@id\":\"https:\/\/demoweb.info\/sexshop001\/producto\/colt-pene-realistico-adam-dexter\/\",\"url\":\"https:\/\/demoweb.info\/sexshop001\/producto\/colt-pene-realistico-adam-dexter\/\",\"name\":\"COLT PENE REALISTICO ADAM DEXTER - Tienda Er\u00f3tica\",\"isPartOf\":{\"@id\":\"https:\/\/demoweb.info\/sexshop001\/#website\"},\"datePublished\":\"2022-01-22T12:28:32+00:00\",\"dateModified\":\"2022-01-22T12:28:43+00:00\",\"breadcrumb\":{\"@id\":\"https:\/\/demoweb.info\/sexshop001\/producto\/colt-pene-realistico-adam-dexter\/#breadcrumb\"},\"inLanguage\":\"es\",\"potentialAction\":[{\"@type\":\"ReadAction\",\"target\":[\"https:\/\/demoweb.info\/sexshop001\/producto\/colt-pene-realistico-adam-dexter\/\"]}]},{\"@type\":\"BreadcrumbList\",\"@id\":\"https:\/\/demoweb.info\/sexshop001\/producto\/colt-pene-realistico-adam-dexter\/#breadcrumb\",\"itemListElement\":[{\"@type\":\"ListItem\",\"position\":1,\"name\":\"Portada\",\"item\":\"https:\/\/demoweb.info\/sexshop001\/\"},{\"@type\":\"ListItem\",\"position\":2,\"name\":\"Tienda\",\"item\":\"https:\/\/demoweb.info\/sexshop001\/tienda\/\"},{\"@type\":\"ListItem\",\"position\":3,\"name\":\"COLT PENE REALISTICO ADAM DEXTER\"}]},{\"@type\":\"WebSite\",\"@id\":\"https:\/\/demoweb.info\/sexshop001\/#website\",\"url\":\"https:\/\/demoweb.info\/sexshop001\/\",\"name\":\"Tienda Er\u00f3tica\",\"description\":\"DEMOWEB SL\",\"potentialAction\":[{\"@type\":\"SearchAction\",\"target\":{\"@type\":\"EntryPoint\",\"urlTemplate\":\"https:\/\/demoweb.info\/sexshop001\/?s={search_term_string}\"},\"query-input\":\"required name=search_term_string\"}],\"inLanguage\":\"es\"}]}<\/script>\n<!-- \/ Yoast SEO plugin. -->","yoast_head_json":{"title":"COLT PENE REALISTICO ADAM DEXTER - Tienda Er\u00f3tica","robots":{"index":"noindex","follow":"follow","max-snippet":"max-snippet:-1","max-image-preview":"max-image-preview:large","max-video-preview":"max-video-preview:-1"},"og_locale":"es_ES","og_type":"article","og_title":"COLT PENE REALISTICO ADAM DEXTER - Tienda Er\u00f3tica","og_description":"COLT ADAM DEXTER&#39;S COCK es la r\u00e9plica del pene de la estrella del porno Adam Dexter, a tama\u00f1o real. Dispone","og_url":"https:\/\/demoweb.info\/sexshop001\/producto\/colt-pene-realistico-adam-dexter\/","og_site_name":"Tienda Er\u00f3tica","article_modified_time":"2022-01-22T12:28:43+00:00","og_image":[{"width":550,"height":550,"url":"https:\/\/demoweb.info\/sexshop001\/wp-content\/uploads\/2022\/01\/COLT-PENE-REALISTICO-ADAM-DEXTER.jpg","type":"image\/jpeg"}],"twitter_card":"summary_large_image","twitter_misc":{"Tiempo de lectura":"1 minuto"},"schema":{"@context":"https:\/\/schema.org","@graph":[{"@type":"WebPage","@id":"https:\/\/demoweb.info\/sexshop001\/producto\/colt-pene-realistico-adam-dexter\/","url":"https:\/\/demoweb.info\/sexshop001\/producto\/colt-pene-realistico-adam-dexter\/","name":"COLT PENE REALISTICO ADAM DEXTER - Tienda Er\u00f3tica","isPartOf":{"@id":"https:\/\/demoweb.info\/sexshop001\/#website"},"datePublished":"2022-01-22T12:28:32+00:00","dateModified":"2022-01-22T12:28:43+00:00","breadcrumb":{"@id":"https:\/\/demoweb.info\/sexshop001\/producto\/colt-pene-realistico-adam-dexter\/#breadcrumb"},"inLanguage":"es","potentialAction":[{"@type":"ReadAction","target":["https:\/\/demoweb.info\/sexshop001\/producto\/colt-pene-realistico-adam-dexter\/"]}]},{"@type":"BreadcrumbList","@id":"https:\/\/demoweb.info\/sexshop001\/producto\/colt-pene-realistico-adam-dexter\/#breadcrumb","itemListElement":[{"@type":"ListItem","position":1,"name":"Portada","item":"https:\/\/demoweb.info\/sexshop001\/"},{"@type":"ListItem","position":2,"name":"Tienda","item":"https:\/\/demoweb.info\/sexshop001\/tienda\/"},{"@type":"ListItem","position":3,"name":"COLT PENE REALISTICO ADAM DEXTER"}]},{"@type":"WebSite","@id":"https:\/\/demoweb.info\/sexshop001\/#website","url":"https:\/\/demoweb.info\/sexshop001\/","name":"Tienda Er\u00f3tica","description":"DEMOWEB SL","potentialAction":[{"@type":"SearchAction","target":{"@type":"EntryPoint","urlTemplate":"https:\/\/demoweb.info\/sexshop001\/?s={search_term_string}"},"query-input":"required name=search_term_string"}],"inLanguage":"es"}]}},"_links":{"self":[{"href":"https:\/\/demoweb.info\/sexshop001\/wp-json\/wp\/v3\/product\/35284","targetHints":{"allow":["GET"]}}],"collection":[{"href":"https:\/\/demoweb.info\/sexshop001\/wp-json\/wp\/v3\/product"}],"about":[{"href":"https:\/\/demoweb.info\/sexshop001\/wp-json\/wp\/v2\/types\/product"}],"replies":[{"embeddable":true,"href":"https:\/\/demoweb.info\/sexshop001\/wp-json\/wp\/v2\/comments?post=35284"}],"wp:featuredmedia":[{"embeddable":true,"href":"https:\/\/demoweb.info\/sexshop001\/wp-json\/wp\/v2\/media\/35285"}],"wp:attachment":[{"href":"https:\/\/demoweb.info\/sexshop001\/wp-json\/wp\/v2\/media?parent=35284"}],"wp:term":[{"taxonomy":"product_cat","embeddable":true,"href":"https:\/\/demoweb.info\/sexshop001\/wp-json\/wp\/v2\/product_cat?post=35284"},{"taxonomy":"product_tag","embeddable":true,"href":"https:\/\/demoweb.info\/sexshop001\/wp-json\/wp\/v2\/product_tag?post=35284"}],"curies":[{"name":"wp","href":"https:\/\/api.w.org\/{rel}","templated":true}]}}