{"id":35088,"date":"2022-01-22T13:26:46","date_gmt":"2022-01-22T12:26:46","guid":{"rendered":"https:\/\/demoweb.info\/sexshop001\/producto\/gotas-del-amor-secreto-espanol\/"},"modified":"2022-01-22T13:26:52","modified_gmt":"2022-01-22T12:26:52","slug":"gotas-del-amor-secreto-espanol","status":"publish","type":"product","link":"https:\/\/demoweb.info\/sexshop001\/producto\/gotas-del-amor-secreto-espanol\/","title":{"rendered":"GOTAS DEL AMOR SECRETO ESPA\u00d1OL"},"content":{"rendered":"<p><font size=&quot;1&quot;><b>SPANISH LOVE DROPS SECRETS<\/b>, es un complemento alimenticio, para hacer el amor apasionadamente. <\/p>\n<p>Inmediatamente despu\u00e9s de haber tomado esta bebida ella te querr\u00e1 abrazar y darte caricias y no te<br \/>\nquerr\u00e1 dejar. <\/p>\n<p>Hasta la chica m\u00e1s fr\u00eda se pondr\u00e1 caliente con las gotas de <b>Spanish Love Drops Secrets<\/b>.<\/p>\n<p>\u00a1<b>Spanish Love Drops Secrets <\/b>es una concentraci\u00f3n m\u00e1s fuerte que el original<br \/>\n<b>Spanish Fly<\/b>, as\u00ed que prep\u00e1rate para una noche llena de chispas salvajes!.<\/p>\n<p><b>Dosificaci\u00f3n:<\/b><br \/>\nAplicar 1 ml (5 a 7 gotas) bajo de la lengua, aproximadamente 30 minutos antes de la actividad sexual. No apliques m\u00e1s de 2 veces en 24 horas.<\/p>\n<p>\u00a1Disfruten m\u00e1s el uno del otro!.<\/p>\n<p>Envase de 30 ml.<\/font><\/p>\n","protected":false},"excerpt":{"rendered":"<p>SPANISH LOVE DROPS SECRETS, es un complemento alimenticio, para hacer el amor apasionadamente. Inmediatamente despu\u00e9s de haber tomado esta bebida<\/p>\n","protected":false},"featured_media":35089,"comment_status":"open","ping_status":"open","template":"","meta":[],"product_cat":[769],"product_tag":[409],"class_list":["post-35088","product","type-product","status-publish","has-post-thumbnail","hentry","product_cat-diluibles-afrodisiacos","product_tag-cobeco-pharma"],"bundled_by":[],"bundle_stock_status":"instock","bundle_stock_quantity":7,"bundle_virtual":false,"bundle_layout":"","bundle_add_to_cart_form_location":"","bundle_editable_in_cart":false,"bundle_sold_individually_context":"","bundle_item_grouping":"","bundle_min_size":"","bundle_max_size":"","bundled_items":[],"yoast_head":"<!-- This site is optimized with the Yoast SEO plugin v20.6 - https:\/\/yoast.com\/wordpress\/plugins\/seo\/ -->\n<title>GOTAS DEL AMOR SECRETO ESPA\u00d1OL - Tienda Er\u00f3tica<\/title>\n<meta name=\"robots\" content=\"noindex, follow, max-snippet:-1, max-image-preview:large, max-video-preview:-1\" \/>\n<meta property=\"og:locale\" content=\"es_ES\" \/>\n<meta property=\"og:type\" content=\"article\" \/>\n<meta property=\"og:title\" content=\"GOTAS DEL AMOR SECRETO ESPA\u00d1OL - Tienda Er\u00f3tica\" \/>\n<meta property=\"og:description\" content=\"SPANISH LOVE DROPS SECRETS, es un complemento alimenticio, para hacer el amor apasionadamente. Inmediatamente despu\u00e9s de haber tomado esta bebida\" \/>\n<meta property=\"og:url\" content=\"https:\/\/demoweb.info\/sexshop001\/producto\/gotas-del-amor-secreto-espanol\/\" \/>\n<meta property=\"og:site_name\" content=\"Tienda Er\u00f3tica\" \/>\n<meta property=\"article:modified_time\" content=\"2022-01-22T12:26:52+00:00\" \/>\n<meta property=\"og:image\" content=\"https:\/\/demoweb.info\/sexshop001\/wp-content\/uploads\/2022\/01\/GOTAS-DEL-AMOR-SECRETO-ESPANOL.jpg\" \/>\n\t<meta property=\"og:image:width\" content=\"550\" \/>\n\t<meta property=\"og:image:height\" content=\"550\" \/>\n\t<meta property=\"og:image:type\" content=\"image\/jpeg\" \/>\n<meta name=\"twitter:card\" content=\"summary_large_image\" \/>\n<meta name=\"twitter:label1\" content=\"Tiempo de lectura\" \/>\n\t<meta name=\"twitter:data1\" content=\"1 minuto\" \/>\n<script type=\"application\/ld+json\" class=\"yoast-schema-graph\">{\"@context\":\"https:\/\/schema.org\",\"@graph\":[{\"@type\":\"WebPage\",\"@id\":\"https:\/\/demoweb.info\/sexshop001\/producto\/gotas-del-amor-secreto-espanol\/\",\"url\":\"https:\/\/demoweb.info\/sexshop001\/producto\/gotas-del-amor-secreto-espanol\/\",\"name\":\"GOTAS DEL AMOR SECRETO ESPA\u00d1OL - Tienda Er\u00f3tica\",\"isPartOf\":{\"@id\":\"https:\/\/demoweb.info\/sexshop001\/#website\"},\"datePublished\":\"2022-01-22T12:26:46+00:00\",\"dateModified\":\"2022-01-22T12:26:52+00:00\",\"breadcrumb\":{\"@id\":\"https:\/\/demoweb.info\/sexshop001\/producto\/gotas-del-amor-secreto-espanol\/#breadcrumb\"},\"inLanguage\":\"es\",\"potentialAction\":[{\"@type\":\"ReadAction\",\"target\":[\"https:\/\/demoweb.info\/sexshop001\/producto\/gotas-del-amor-secreto-espanol\/\"]}]},{\"@type\":\"BreadcrumbList\",\"@id\":\"https:\/\/demoweb.info\/sexshop001\/producto\/gotas-del-amor-secreto-espanol\/#breadcrumb\",\"itemListElement\":[{\"@type\":\"ListItem\",\"position\":1,\"name\":\"Portada\",\"item\":\"https:\/\/demoweb.info\/sexshop001\/\"},{\"@type\":\"ListItem\",\"position\":2,\"name\":\"Tienda\",\"item\":\"https:\/\/demoweb.info\/sexshop001\/tienda\/\"},{\"@type\":\"ListItem\",\"position\":3,\"name\":\"GOTAS DEL AMOR SECRETO ESPA\u00d1OL\"}]},{\"@type\":\"WebSite\",\"@id\":\"https:\/\/demoweb.info\/sexshop001\/#website\",\"url\":\"https:\/\/demoweb.info\/sexshop001\/\",\"name\":\"Tienda Er\u00f3tica\",\"description\":\"DEMOWEB SL\",\"potentialAction\":[{\"@type\":\"SearchAction\",\"target\":{\"@type\":\"EntryPoint\",\"urlTemplate\":\"https:\/\/demoweb.info\/sexshop001\/?s={search_term_string}\"},\"query-input\":\"required name=search_term_string\"}],\"inLanguage\":\"es\"}]}<\/script>\n<!-- \/ Yoast SEO plugin. -->","yoast_head_json":{"title":"GOTAS DEL AMOR SECRETO ESPA\u00d1OL - Tienda Er\u00f3tica","robots":{"index":"noindex","follow":"follow","max-snippet":"max-snippet:-1","max-image-preview":"max-image-preview:large","max-video-preview":"max-video-preview:-1"},"og_locale":"es_ES","og_type":"article","og_title":"GOTAS DEL AMOR SECRETO ESPA\u00d1OL - Tienda Er\u00f3tica","og_description":"SPANISH LOVE DROPS SECRETS, es un complemento alimenticio, para hacer el amor apasionadamente. Inmediatamente despu\u00e9s de haber tomado esta bebida","og_url":"https:\/\/demoweb.info\/sexshop001\/producto\/gotas-del-amor-secreto-espanol\/","og_site_name":"Tienda Er\u00f3tica","article_modified_time":"2022-01-22T12:26:52+00:00","og_image":[{"width":550,"height":550,"url":"https:\/\/demoweb.info\/sexshop001\/wp-content\/uploads\/2022\/01\/GOTAS-DEL-AMOR-SECRETO-ESPANOL.jpg","type":"image\/jpeg"}],"twitter_card":"summary_large_image","twitter_misc":{"Tiempo de lectura":"1 minuto"},"schema":{"@context":"https:\/\/schema.org","@graph":[{"@type":"WebPage","@id":"https:\/\/demoweb.info\/sexshop001\/producto\/gotas-del-amor-secreto-espanol\/","url":"https:\/\/demoweb.info\/sexshop001\/producto\/gotas-del-amor-secreto-espanol\/","name":"GOTAS DEL AMOR SECRETO ESPA\u00d1OL - Tienda Er\u00f3tica","isPartOf":{"@id":"https:\/\/demoweb.info\/sexshop001\/#website"},"datePublished":"2022-01-22T12:26:46+00:00","dateModified":"2022-01-22T12:26:52+00:00","breadcrumb":{"@id":"https:\/\/demoweb.info\/sexshop001\/producto\/gotas-del-amor-secreto-espanol\/#breadcrumb"},"inLanguage":"es","potentialAction":[{"@type":"ReadAction","target":["https:\/\/demoweb.info\/sexshop001\/producto\/gotas-del-amor-secreto-espanol\/"]}]},{"@type":"BreadcrumbList","@id":"https:\/\/demoweb.info\/sexshop001\/producto\/gotas-del-amor-secreto-espanol\/#breadcrumb","itemListElement":[{"@type":"ListItem","position":1,"name":"Portada","item":"https:\/\/demoweb.info\/sexshop001\/"},{"@type":"ListItem","position":2,"name":"Tienda","item":"https:\/\/demoweb.info\/sexshop001\/tienda\/"},{"@type":"ListItem","position":3,"name":"GOTAS DEL AMOR SECRETO ESPA\u00d1OL"}]},{"@type":"WebSite","@id":"https:\/\/demoweb.info\/sexshop001\/#website","url":"https:\/\/demoweb.info\/sexshop001\/","name":"Tienda Er\u00f3tica","description":"DEMOWEB SL","potentialAction":[{"@type":"SearchAction","target":{"@type":"EntryPoint","urlTemplate":"https:\/\/demoweb.info\/sexshop001\/?s={search_term_string}"},"query-input":"required name=search_term_string"}],"inLanguage":"es"}]}},"_links":{"self":[{"href":"https:\/\/demoweb.info\/sexshop001\/wp-json\/wp\/v3\/product\/35088","targetHints":{"allow":["GET"]}}],"collection":[{"href":"https:\/\/demoweb.info\/sexshop001\/wp-json\/wp\/v3\/product"}],"about":[{"href":"https:\/\/demoweb.info\/sexshop001\/wp-json\/wp\/v2\/types\/product"}],"replies":[{"embeddable":true,"href":"https:\/\/demoweb.info\/sexshop001\/wp-json\/wp\/v2\/comments?post=35088"}],"wp:featuredmedia":[{"embeddable":true,"href":"https:\/\/demoweb.info\/sexshop001\/wp-json\/wp\/v2\/media\/35089"}],"wp:attachment":[{"href":"https:\/\/demoweb.info\/sexshop001\/wp-json\/wp\/v2\/media?parent=35088"}],"wp:term":[{"taxonomy":"product_cat","embeddable":true,"href":"https:\/\/demoweb.info\/sexshop001\/wp-json\/wp\/v2\/product_cat?post=35088"},{"taxonomy":"product_tag","embeddable":true,"href":"https:\/\/demoweb.info\/sexshop001\/wp-json\/wp\/v2\/product_tag?post=35088"}],"curies":[{"name":"wp","href":"https:\/\/api.w.org\/{rel}","templated":true}]}}