{"id":34640,"date":"2022-01-22T13:22:19","date_gmt":"2022-01-22T12:22:19","guid":{"rendered":"https:\/\/demoweb.info\/sexshop001\/producto\/guia-con-juegos-como-sastifacer-a-una-mujer\/"},"modified":"2022-01-22T13:22:24","modified_gmt":"2022-01-22T12:22:24","slug":"guia-con-juegos-como-sastifacer-a-una-mujer","status":"publish","type":"product","link":"https:\/\/demoweb.info\/sexshop001\/producto\/guia-con-juegos-como-sastifacer-a-una-mujer\/","title":{"rendered":"GUIA CON JUEGOS COMO SASTIFACER A UNA MUJER"},"content":{"rendered":"<p><strong>GUIA CON JUEGOS COMO SASTIFACER A UNA MUJER<\/strong><\/p>\n<p>EN ESTA GUIA DE JUEGOS ENCONTRAS LA LLAVE DE LA SEXUALIDAD FEMENINA. INCLUYE EJERCICIOS, INTRUCCIONES, CINTA DE BONDAGE, VENDA PARA LOS OJOS Y PLUMA ESTIMULANTE PARA QUE LO UTILICES CUANDO TE APETEZCA PARA AUMENTAR EL PLACER Y PROLONGAR EL ACTO SEXUAL.DESCUBRA SU INFINITO POTENCIAL EROTICO.<\/p>\n<p>En breve y sugerente manual que le permitir\u00e1 conocer los secretos del placer para disfrutar plenamente de sus encuentros sexuales. El contacto f\u00edsico es una parte esencial del acto sexual y a las mujeres les gustan los hombres que saben utilizar las manos. Pero mientras algunos hombres tienen un don instintivo para tocar, a otros les cuesta m\u00e1s provocar una respuesta.<\/p>\n<p>Cuando el acto de tocar y la sensaci\u00f3n se funden como un medio de experiencia y expresi\u00f3n y el acto amoroso se convierte en un profundo intercambio f\u00edsico y emocional que nos revitaliza podemos decir que la practica sexual es satisfactoria. A trav\u00e9s de las p\u00e1ginas de este breve manual, el lector aprender\u00e1 todo cuanto debe saber acerca de la sexualidad femenina y del cuerpo de la mujer: su anatom\u00eda, su funcionamiento, las t\u00e9cnicas de estimulaci\u00f3n m\u00e1s efectivas y, sobre todo, las claves para disfrutar al m\u00e1ximo del sexo.<\/p>\n","protected":false},"excerpt":{"rendered":"<p>GUIA CON JUEGOS COMO SASTIFACER A UNA MUJER EN ESTA GUIA DE JUEGOS ENCONTRAS LA LLAVE DE LA SEXUALIDAD FEMENINA.<\/p>\n","protected":false},"featured_media":34641,"comment_status":"open","ping_status":"open","template":"","meta":[],"product_cat":[374],"product_tag":[412],"class_list":["post-34640","product","type-product","status-publish","has-post-thumbnail","hentry","product_cat-para-parejas","product_tag-diverty-sex"],"bundled_by":[],"bundle_stock_status":"instock","bundle_stock_quantity":1,"bundle_virtual":false,"bundle_layout":"","bundle_add_to_cart_form_location":"","bundle_editable_in_cart":false,"bundle_sold_individually_context":"","bundle_item_grouping":"","bundle_min_size":"","bundle_max_size":"","bundled_items":[],"yoast_head":"<!-- This site is optimized with the Yoast SEO plugin v20.6 - https:\/\/yoast.com\/wordpress\/plugins\/seo\/ -->\n<title>GUIA CON JUEGOS COMO SASTIFACER A UNA MUJER - Tienda Er\u00f3tica<\/title>\n<meta name=\"robots\" content=\"noindex, follow, max-snippet:-1, max-image-preview:large, max-video-preview:-1\" \/>\n<meta property=\"og:locale\" content=\"es_ES\" \/>\n<meta property=\"og:type\" content=\"article\" \/>\n<meta property=\"og:title\" content=\"GUIA CON JUEGOS COMO SASTIFACER A UNA MUJER - Tienda Er\u00f3tica\" \/>\n<meta property=\"og:description\" content=\"GUIA CON JUEGOS COMO SASTIFACER A UNA MUJER EN ESTA GUIA DE JUEGOS ENCONTRAS LA LLAVE DE LA SEXUALIDAD FEMENINA.\" \/>\n<meta property=\"og:url\" content=\"https:\/\/demoweb.info\/sexshop001\/producto\/guia-con-juegos-como-sastifacer-a-una-mujer\/\" \/>\n<meta property=\"og:site_name\" content=\"Tienda Er\u00f3tica\" \/>\n<meta property=\"article:modified_time\" content=\"2022-01-22T12:22:24+00:00\" \/>\n<meta property=\"og:image\" content=\"https:\/\/demoweb.info\/sexshop001\/wp-content\/uploads\/2022\/01\/GUIA-CON-JUEGOS-COMO-SASTIFACER-A-UNA-MUJER.jpg\" \/>\n\t<meta property=\"og:image:width\" content=\"550\" \/>\n\t<meta property=\"og:image:height\" content=\"550\" \/>\n\t<meta property=\"og:image:type\" content=\"image\/jpeg\" \/>\n<meta name=\"twitter:card\" content=\"summary_large_image\" \/>\n<meta name=\"twitter:label1\" content=\"Tiempo de lectura\" \/>\n\t<meta name=\"twitter:data1\" content=\"1 minuto\" \/>\n<script type=\"application\/ld+json\" class=\"yoast-schema-graph\">{\"@context\":\"https:\/\/schema.org\",\"@graph\":[{\"@type\":\"WebPage\",\"@id\":\"https:\/\/demoweb.info\/sexshop001\/producto\/guia-con-juegos-como-sastifacer-a-una-mujer\/\",\"url\":\"https:\/\/demoweb.info\/sexshop001\/producto\/guia-con-juegos-como-sastifacer-a-una-mujer\/\",\"name\":\"GUIA CON JUEGOS COMO SASTIFACER A UNA MUJER - Tienda Er\u00f3tica\",\"isPartOf\":{\"@id\":\"https:\/\/demoweb.info\/sexshop001\/#website\"},\"datePublished\":\"2022-01-22T12:22:19+00:00\",\"dateModified\":\"2022-01-22T12:22:24+00:00\",\"breadcrumb\":{\"@id\":\"https:\/\/demoweb.info\/sexshop001\/producto\/guia-con-juegos-como-sastifacer-a-una-mujer\/#breadcrumb\"},\"inLanguage\":\"es\",\"potentialAction\":[{\"@type\":\"ReadAction\",\"target\":[\"https:\/\/demoweb.info\/sexshop001\/producto\/guia-con-juegos-como-sastifacer-a-una-mujer\/\"]}]},{\"@type\":\"BreadcrumbList\",\"@id\":\"https:\/\/demoweb.info\/sexshop001\/producto\/guia-con-juegos-como-sastifacer-a-una-mujer\/#breadcrumb\",\"itemListElement\":[{\"@type\":\"ListItem\",\"position\":1,\"name\":\"Portada\",\"item\":\"https:\/\/demoweb.info\/sexshop001\/\"},{\"@type\":\"ListItem\",\"position\":2,\"name\":\"Tienda\",\"item\":\"https:\/\/demoweb.info\/sexshop001\/tienda\/\"},{\"@type\":\"ListItem\",\"position\":3,\"name\":\"GUIA CON JUEGOS COMO SASTIFACER A UNA MUJER\"}]},{\"@type\":\"WebSite\",\"@id\":\"https:\/\/demoweb.info\/sexshop001\/#website\",\"url\":\"https:\/\/demoweb.info\/sexshop001\/\",\"name\":\"Tienda Er\u00f3tica\",\"description\":\"DEMOWEB SL\",\"potentialAction\":[{\"@type\":\"SearchAction\",\"target\":{\"@type\":\"EntryPoint\",\"urlTemplate\":\"https:\/\/demoweb.info\/sexshop001\/?s={search_term_string}\"},\"query-input\":\"required name=search_term_string\"}],\"inLanguage\":\"es\"}]}<\/script>\n<!-- \/ Yoast SEO plugin. -->","yoast_head_json":{"title":"GUIA CON JUEGOS COMO SASTIFACER A UNA MUJER - Tienda Er\u00f3tica","robots":{"index":"noindex","follow":"follow","max-snippet":"max-snippet:-1","max-image-preview":"max-image-preview:large","max-video-preview":"max-video-preview:-1"},"og_locale":"es_ES","og_type":"article","og_title":"GUIA CON JUEGOS COMO SASTIFACER A UNA MUJER - Tienda Er\u00f3tica","og_description":"GUIA CON JUEGOS COMO SASTIFACER A UNA MUJER EN ESTA GUIA DE JUEGOS ENCONTRAS LA LLAVE DE LA SEXUALIDAD FEMENINA.","og_url":"https:\/\/demoweb.info\/sexshop001\/producto\/guia-con-juegos-como-sastifacer-a-una-mujer\/","og_site_name":"Tienda Er\u00f3tica","article_modified_time":"2022-01-22T12:22:24+00:00","og_image":[{"width":550,"height":550,"url":"https:\/\/demoweb.info\/sexshop001\/wp-content\/uploads\/2022\/01\/GUIA-CON-JUEGOS-COMO-SASTIFACER-A-UNA-MUJER.jpg","type":"image\/jpeg"}],"twitter_card":"summary_large_image","twitter_misc":{"Tiempo de lectura":"1 minuto"},"schema":{"@context":"https:\/\/schema.org","@graph":[{"@type":"WebPage","@id":"https:\/\/demoweb.info\/sexshop001\/producto\/guia-con-juegos-como-sastifacer-a-una-mujer\/","url":"https:\/\/demoweb.info\/sexshop001\/producto\/guia-con-juegos-como-sastifacer-a-una-mujer\/","name":"GUIA CON JUEGOS COMO SASTIFACER A UNA MUJER - Tienda Er\u00f3tica","isPartOf":{"@id":"https:\/\/demoweb.info\/sexshop001\/#website"},"datePublished":"2022-01-22T12:22:19+00:00","dateModified":"2022-01-22T12:22:24+00:00","breadcrumb":{"@id":"https:\/\/demoweb.info\/sexshop001\/producto\/guia-con-juegos-como-sastifacer-a-una-mujer\/#breadcrumb"},"inLanguage":"es","potentialAction":[{"@type":"ReadAction","target":["https:\/\/demoweb.info\/sexshop001\/producto\/guia-con-juegos-como-sastifacer-a-una-mujer\/"]}]},{"@type":"BreadcrumbList","@id":"https:\/\/demoweb.info\/sexshop001\/producto\/guia-con-juegos-como-sastifacer-a-una-mujer\/#breadcrumb","itemListElement":[{"@type":"ListItem","position":1,"name":"Portada","item":"https:\/\/demoweb.info\/sexshop001\/"},{"@type":"ListItem","position":2,"name":"Tienda","item":"https:\/\/demoweb.info\/sexshop001\/tienda\/"},{"@type":"ListItem","position":3,"name":"GUIA CON JUEGOS COMO SASTIFACER A UNA MUJER"}]},{"@type":"WebSite","@id":"https:\/\/demoweb.info\/sexshop001\/#website","url":"https:\/\/demoweb.info\/sexshop001\/","name":"Tienda Er\u00f3tica","description":"DEMOWEB SL","potentialAction":[{"@type":"SearchAction","target":{"@type":"EntryPoint","urlTemplate":"https:\/\/demoweb.info\/sexshop001\/?s={search_term_string}"},"query-input":"required name=search_term_string"}],"inLanguage":"es"}]}},"_links":{"self":[{"href":"https:\/\/demoweb.info\/sexshop001\/wp-json\/wp\/v3\/product\/34640","targetHints":{"allow":["GET"]}}],"collection":[{"href":"https:\/\/demoweb.info\/sexshop001\/wp-json\/wp\/v3\/product"}],"about":[{"href":"https:\/\/demoweb.info\/sexshop001\/wp-json\/wp\/v2\/types\/product"}],"replies":[{"embeddable":true,"href":"https:\/\/demoweb.info\/sexshop001\/wp-json\/wp\/v2\/comments?post=34640"}],"wp:featuredmedia":[{"embeddable":true,"href":"https:\/\/demoweb.info\/sexshop001\/wp-json\/wp\/v2\/media\/34641"}],"wp:attachment":[{"href":"https:\/\/demoweb.info\/sexshop001\/wp-json\/wp\/v2\/media?parent=34640"}],"wp:term":[{"taxonomy":"product_cat","embeddable":true,"href":"https:\/\/demoweb.info\/sexshop001\/wp-json\/wp\/v2\/product_cat?post=34640"},{"taxonomy":"product_tag","embeddable":true,"href":"https:\/\/demoweb.info\/sexshop001\/wp-json\/wp\/v2\/product_tag?post=34640"}],"curies":[{"name":"wp","href":"https:\/\/api.w.org\/{rel}","templated":true}]}}