{"id":34246,"date":"2022-01-22T13:18:40","date_gmt":"2022-01-22T12:18:40","guid":{"rendered":"https:\/\/demoweb.info\/sexshop001\/producto\/revo-cyclon-succionador-de-clitoris-con-varita-vibratoria\/"},"modified":"2022-01-22T13:18:48","modified_gmt":"2022-01-22T12:18:48","slug":"revo-cyclon-succionador-de-clitoris-con-varita-vibratoria","status":"publish","type":"product","link":"https:\/\/demoweb.info\/sexshop001\/producto\/revo-cyclon-succionador-de-clitoris-con-varita-vibratoria\/","title":{"rendered":"REVO CYCLON SUCCIONADOR DE CL\u00cdTORIS CON VARITA VIBRATORIA"},"content":{"rendered":"<p><strong>REVO CYCLON SUCCIONADOR DE CL\u00cdTORIS CON VARITA VIBRATORIA<\/strong><\/p>\n<p><strong>\u00a1Cyclon llega para revolucionar la estimulaci\u00f3n clitoriana!<\/strong><\/p>\n<p>Cyclon es el primer juguete sexual en proporcionar las dos mejores t\u00e9cnicas de estimulaci\u00f3n clitoriana en un mismo juguete: Succi\u00f3n y vibraci\u00f3n directa.<\/p>\n<p>En Revo nos hemos encargado de producir tecnolog\u00eda de punta que garantice calidad en la estimulaci\u00f3n er\u00f3tica, por ello, Cyclon cuenta con un succionador de cl\u00edtoris mucho m\u00e1s potente que los ofertados en el mercado, y adicional, incorpora una varita vibradora capaz de generar vibraciones de 8000 revoluciones por minuto y que, gracias a sus estudiadas extensiones terminales, ofrece una experiencia creativa y muy explosiva a quien decide experimentar con \u00e9l.<\/p>\n<p>Aunque Cyclon inicialmente es un juguete pensado para sacar el m\u00e1ximo provecho a la estimulaci\u00f3n clitoriana, durante su fabricaci\u00f3n nuestro equipo de sex\u00f3logos se encarg\u00f3 de hacer de Cyclon un juguete diverso ante la estimulaci\u00f3n corp\u00f3rea:<\/p>\n<ul>\n<li>Sus dos t\u00e9cnicas de estimulaci\u00f3n no solo han sido desarrolladas para estimular el cl\u00edtoris, sino cualquier zona er\u00f3gena: Los pezones, los l\u00f3bulos de la oreja, el cuello, los labios, el cuero cabelludo, la planta de los pies, el ombligo, la cara interna de los muslos, detr\u00e1s de las rodillas, el punto U, el punto G, la vagina, el ano, etc.<\/li>\n<li>Aunque el juguete inicialmente est\u00e1 pensado para personas con vagina, es un juguete que tambi\u00e9n est\u00e1 pesando para la estimulaci\u00f3n corp\u00f3rea en personas con pene: El perineo, el glande, el prepucio, el ano, los pezones, el cuello, las axilas, etc.<\/li>\n<\/ul>\n<ul>\n<li>Su boquilla de succi\u00f3n comprende un di\u00e1metro mucho m\u00e1s reducido con respecto a otras boquillas de succi\u00f3n en juguetes ofertados en el mercado, proponiendo as\u00ed una succi\u00f3n mucho mas fuerte y directa a diversas zonas er\u00f3genas.<\/li>\n<li>Las dos extensiones terminales que acompa\u00f1an la varita vibradora de Cyclon ofrecen funciones de estimulaci\u00f3n creativa. Por un lado, tenemos el terminal de punta plana, especialmente pensado para simular el sexo oral y\/o generar en el cuerpo estimulaciones directas y mucho m\u00e1s suaves que las propuestas con su punta redonda. Y por otro, el terminal con dos puntas redondas, especialmente pensado para generar masajes con sensaci\u00f3n de agarre, pues estimulan puntualmente lo que se ponga en medio de las dos puntas.<\/li>\n<li>Cyclon est\u00e1 dise\u00f1ado ergon\u00f3micamente.\n<ul style=&quot;list-style-type:circle&quot;>\n<li>Su varita vibradora, por ejemplo, tiene un largo pensado en ofrecer comodidades de estimulaci\u00f3n a qui\u00e9n lo use: Largo perfecto para lograr la estimulaci\u00f3n del punto g al introducir por vagina, o para garantizar estimulaci\u00f3n del cl\u00edtoris durante una penetraci\u00f3n, entre otras cosas.<\/li>\n<li>Su motor vibrador est\u00e1 ubicado perfectamente para garantizar una buena distribuci\u00f3n de la vibraci\u00f3n en toda su varita vibradora y para que durante la succi\u00f3n tambi\u00e9n pueda disfrutarse de la vibraci\u00f3n (igual que las ultimas innovaciones que ofrecen los mejores succionadores en el mercado).<\/li>\n<li>La forma de Cyclon esta adaptada para evitar que el juguete durante su uso pueda resbalarse y para tenga un excelente agarr\u00e9 tanto con mano derecha como con mano izquierda.<\/li>\n<\/ul>\n<\/li>\n<\/ul>\n<p><strong>CARACTERISTICAS<\/strong><\/p>\n<ul>\n<li>Succionador: 7 niveles de succi\u00f3n.<\/li>\n<li>Varita vibradora: 3 niveles de vibraci\u00f3n y 4 modos de vibraci\u00f3n.<\/li>\n<li>Medidas: 21 cm largo x 3,6 cm succionador x 1 cm varita<\/li>\n<li>Motor: Ultra potente 8000 rpm, silencioso.<\/li>\n<\/ul>\n<ul>\n<li>Material: Silicona hipo alerg\u00e9nica de m\u00e1xima calidad (Grado medico)<\/li>\n<li>Modo de funcionamiento: Bater\u00eda recargable Li-ion con cargador magnatico (incluido).<\/li>\n<li>Tiempo de carga antes del primer uso: 3 horas.<\/li>\n<li>Tiempo de carga: 2 horas para carga completa.<\/li>\n<li>Duraci\u00f3n de la bater\u00eda: Hasta 480 minutos, dependiendo del modo de uso.<\/li>\n<li>Incluye bolsa de tela protectora para guardar el juguete (27 cm de largo y 12 cm de ancho).<\/li>\n<li>Incluye 2 extensiones terminales para la varita vibradora (Silicona grado medico)<\/li>\n<li>Garant\u00eda: 2 a\u00f1os desde la fecha de la compra.<\/li>\n<li>Incluye instrucciones de uso.<\/li>\n<\/ul>\n<p><strong>MUY IMPORTANTE<\/strong><\/p>\n<p>Primero de todo te recomendamos que la primera vez que hagas uso de tu nuevo juguete Cyclon realices una carga completa antes de su primer uso.<\/p>\n<p><strong>MODO DE USO<\/strong><\/p>\n<p><strong>Succionador:<\/strong><\/p>\n<ol>\n<li>Mantenga pulsado el bot\u00f3n S por dos segundos para encenderlo.<\/li>\n<li>Pulse el bot\u00f3n S para cambiar el nivel de succi\u00f3n (7 niveles de succi\u00f3n). Al llegar al 7 nivel, vuelve a empezar por el nivel 1.<\/li>\n<li>Mantenga pulsado el bot\u00f3n S por 2 segundos para apagarlo.<\/li>\n<\/ol>\n<p><strong>Varita vibradora:<\/strong><\/p>\n<ol>\n<li>Mantenga pulsado el bot\u00f3n W por dos segundos para encenderlo.<\/li>\n<li>Pulse el bot\u00f3n W para cambiar el nivel y modo de vibraci\u00f3n (3 niveles de vibraci\u00f3n y 4 modos de vibraci\u00f3n). Primero experimentar\u00e1 los niveles de vibraci\u00f3n, seguido de los modos de vibraci\u00f3n, al finalizar los modos volver\u00e1 a los niveles de vibraci\u00f3n.<\/li>\n<li>Mantenga pulsado el bot\u00f3n W por 2 segundos para apagarlo.<\/li>\n<\/ol>\n","protected":false},"excerpt":{"rendered":"<p>REVO CYCLON SUCCIONADOR DE CL\u00cdTORIS CON VARITA VIBRATORIA \u00a1Cyclon llega para revolucionar la estimulaci\u00f3n clitoriana! Cyclon es el primer juguete<\/p>\n","protected":false},"featured_media":34247,"comment_status":"open","ping_status":"open","template":"","meta":[],"product_cat":[405],"product_tag":[1231],"class_list":["post-34246","product","type-product","status-publish","has-post-thumbnail","hentry","product_cat-succionadores","product_tag-revo"],"bundled_by":[],"bundle_stock_status":"instock","bundle_stock_quantity":25,"bundle_virtual":false,"bundle_layout":"","bundle_add_to_cart_form_location":"","bundle_editable_in_cart":false,"bundle_sold_individually_context":"","bundle_item_grouping":"","bundle_min_size":"","bundle_max_size":"","bundled_items":[],"yoast_head":"<!-- This site is optimized with the Yoast SEO plugin v20.6 - https:\/\/yoast.com\/wordpress\/plugins\/seo\/ -->\n<title>REVO CYCLON SUCCIONADOR DE CL\u00cdTORIS CON VARITA VIBRATORIA - Tienda Er\u00f3tica<\/title>\n<meta name=\"robots\" content=\"noindex, follow, max-snippet:-1, max-image-preview:large, max-video-preview:-1\" \/>\n<meta property=\"og:locale\" content=\"es_ES\" \/>\n<meta property=\"og:type\" content=\"article\" \/>\n<meta property=\"og:title\" content=\"REVO CYCLON SUCCIONADOR DE CL\u00cdTORIS CON VARITA VIBRATORIA - Tienda Er\u00f3tica\" \/>\n<meta property=\"og:description\" content=\"REVO CYCLON SUCCIONADOR DE CL\u00cdTORIS CON VARITA VIBRATORIA \u00a1Cyclon llega para revolucionar la estimulaci\u00f3n clitoriana! Cyclon es el primer juguete\" \/>\n<meta property=\"og:url\" content=\"https:\/\/demoweb.info\/sexshop001\/producto\/revo-cyclon-succionador-de-clitoris-con-varita-vibratoria\/\" \/>\n<meta property=\"og:site_name\" content=\"Tienda Er\u00f3tica\" \/>\n<meta property=\"article:modified_time\" content=\"2022-01-22T12:18:48+00:00\" \/>\n<meta property=\"og:image\" content=\"https:\/\/demoweb.info\/sexshop001\/wp-content\/uploads\/2022\/01\/REVO-CYCLON-SUCCIONADOR-DE-CLITORIS-CON-VARITA-VIBRATORIA.jpg\" \/>\n\t<meta property=\"og:image:width\" content=\"550\" \/>\n\t<meta property=\"og:image:height\" content=\"550\" \/>\n\t<meta property=\"og:image:type\" content=\"image\/jpeg\" \/>\n<meta name=\"twitter:card\" content=\"summary_large_image\" \/>\n<meta name=\"twitter:label1\" content=\"Tiempo de lectura\" \/>\n\t<meta name=\"twitter:data1\" content=\"4 minutos\" \/>\n<script type=\"application\/ld+json\" class=\"yoast-schema-graph\">{\"@context\":\"https:\/\/schema.org\",\"@graph\":[{\"@type\":\"WebPage\",\"@id\":\"https:\/\/demoweb.info\/sexshop001\/producto\/revo-cyclon-succionador-de-clitoris-con-varita-vibratoria\/\",\"url\":\"https:\/\/demoweb.info\/sexshop001\/producto\/revo-cyclon-succionador-de-clitoris-con-varita-vibratoria\/\",\"name\":\"REVO CYCLON SUCCIONADOR DE CL\u00cdTORIS CON VARITA VIBRATORIA - Tienda Er\u00f3tica\",\"isPartOf\":{\"@id\":\"https:\/\/demoweb.info\/sexshop001\/#website\"},\"datePublished\":\"2022-01-22T12:18:40+00:00\",\"dateModified\":\"2022-01-22T12:18:48+00:00\",\"breadcrumb\":{\"@id\":\"https:\/\/demoweb.info\/sexshop001\/producto\/revo-cyclon-succionador-de-clitoris-con-varita-vibratoria\/#breadcrumb\"},\"inLanguage\":\"es\",\"potentialAction\":[{\"@type\":\"ReadAction\",\"target\":[\"https:\/\/demoweb.info\/sexshop001\/producto\/revo-cyclon-succionador-de-clitoris-con-varita-vibratoria\/\"]}]},{\"@type\":\"BreadcrumbList\",\"@id\":\"https:\/\/demoweb.info\/sexshop001\/producto\/revo-cyclon-succionador-de-clitoris-con-varita-vibratoria\/#breadcrumb\",\"itemListElement\":[{\"@type\":\"ListItem\",\"position\":1,\"name\":\"Portada\",\"item\":\"https:\/\/demoweb.info\/sexshop001\/\"},{\"@type\":\"ListItem\",\"position\":2,\"name\":\"Tienda\",\"item\":\"https:\/\/demoweb.info\/sexshop001\/tienda\/\"},{\"@type\":\"ListItem\",\"position\":3,\"name\":\"REVO CYCLON SUCCIONADOR DE CL\u00cdTORIS CON VARITA VIBRATORIA\"}]},{\"@type\":\"WebSite\",\"@id\":\"https:\/\/demoweb.info\/sexshop001\/#website\",\"url\":\"https:\/\/demoweb.info\/sexshop001\/\",\"name\":\"Tienda Er\u00f3tica\",\"description\":\"DEMOWEB SL\",\"potentialAction\":[{\"@type\":\"SearchAction\",\"target\":{\"@type\":\"EntryPoint\",\"urlTemplate\":\"https:\/\/demoweb.info\/sexshop001\/?s={search_term_string}\"},\"query-input\":\"required name=search_term_string\"}],\"inLanguage\":\"es\"}]}<\/script>\n<!-- \/ Yoast SEO plugin. -->","yoast_head_json":{"title":"REVO CYCLON SUCCIONADOR DE CL\u00cdTORIS CON VARITA VIBRATORIA - Tienda Er\u00f3tica","robots":{"index":"noindex","follow":"follow","max-snippet":"max-snippet:-1","max-image-preview":"max-image-preview:large","max-video-preview":"max-video-preview:-1"},"og_locale":"es_ES","og_type":"article","og_title":"REVO CYCLON SUCCIONADOR DE CL\u00cdTORIS CON VARITA VIBRATORIA - Tienda Er\u00f3tica","og_description":"REVO CYCLON SUCCIONADOR DE CL\u00cdTORIS CON VARITA VIBRATORIA \u00a1Cyclon llega para revolucionar la estimulaci\u00f3n clitoriana! Cyclon es el primer juguete","og_url":"https:\/\/demoweb.info\/sexshop001\/producto\/revo-cyclon-succionador-de-clitoris-con-varita-vibratoria\/","og_site_name":"Tienda Er\u00f3tica","article_modified_time":"2022-01-22T12:18:48+00:00","og_image":[{"width":550,"height":550,"url":"https:\/\/demoweb.info\/sexshop001\/wp-content\/uploads\/2022\/01\/REVO-CYCLON-SUCCIONADOR-DE-CLITORIS-CON-VARITA-VIBRATORIA.jpg","type":"image\/jpeg"}],"twitter_card":"summary_large_image","twitter_misc":{"Tiempo de lectura":"4 minutos"},"schema":{"@context":"https:\/\/schema.org","@graph":[{"@type":"WebPage","@id":"https:\/\/demoweb.info\/sexshop001\/producto\/revo-cyclon-succionador-de-clitoris-con-varita-vibratoria\/","url":"https:\/\/demoweb.info\/sexshop001\/producto\/revo-cyclon-succionador-de-clitoris-con-varita-vibratoria\/","name":"REVO CYCLON SUCCIONADOR DE CL\u00cdTORIS CON VARITA VIBRATORIA - Tienda Er\u00f3tica","isPartOf":{"@id":"https:\/\/demoweb.info\/sexshop001\/#website"},"datePublished":"2022-01-22T12:18:40+00:00","dateModified":"2022-01-22T12:18:48+00:00","breadcrumb":{"@id":"https:\/\/demoweb.info\/sexshop001\/producto\/revo-cyclon-succionador-de-clitoris-con-varita-vibratoria\/#breadcrumb"},"inLanguage":"es","potentialAction":[{"@type":"ReadAction","target":["https:\/\/demoweb.info\/sexshop001\/producto\/revo-cyclon-succionador-de-clitoris-con-varita-vibratoria\/"]}]},{"@type":"BreadcrumbList","@id":"https:\/\/demoweb.info\/sexshop001\/producto\/revo-cyclon-succionador-de-clitoris-con-varita-vibratoria\/#breadcrumb","itemListElement":[{"@type":"ListItem","position":1,"name":"Portada","item":"https:\/\/demoweb.info\/sexshop001\/"},{"@type":"ListItem","position":2,"name":"Tienda","item":"https:\/\/demoweb.info\/sexshop001\/tienda\/"},{"@type":"ListItem","position":3,"name":"REVO CYCLON SUCCIONADOR DE CL\u00cdTORIS CON VARITA VIBRATORIA"}]},{"@type":"WebSite","@id":"https:\/\/demoweb.info\/sexshop001\/#website","url":"https:\/\/demoweb.info\/sexshop001\/","name":"Tienda Er\u00f3tica","description":"DEMOWEB SL","potentialAction":[{"@type":"SearchAction","target":{"@type":"EntryPoint","urlTemplate":"https:\/\/demoweb.info\/sexshop001\/?s={search_term_string}"},"query-input":"required name=search_term_string"}],"inLanguage":"es"}]}},"_links":{"self":[{"href":"https:\/\/demoweb.info\/sexshop001\/wp-json\/wp\/v3\/product\/34246","targetHints":{"allow":["GET"]}}],"collection":[{"href":"https:\/\/demoweb.info\/sexshop001\/wp-json\/wp\/v3\/product"}],"about":[{"href":"https:\/\/demoweb.info\/sexshop001\/wp-json\/wp\/v2\/types\/product"}],"replies":[{"embeddable":true,"href":"https:\/\/demoweb.info\/sexshop001\/wp-json\/wp\/v2\/comments?post=34246"}],"wp:featuredmedia":[{"embeddable":true,"href":"https:\/\/demoweb.info\/sexshop001\/wp-json\/wp\/v2\/media\/34247"}],"wp:attachment":[{"href":"https:\/\/demoweb.info\/sexshop001\/wp-json\/wp\/v2\/media?parent=34246"}],"wp:term":[{"taxonomy":"product_cat","embeddable":true,"href":"https:\/\/demoweb.info\/sexshop001\/wp-json\/wp\/v2\/product_cat?post=34246"},{"taxonomy":"product_tag","embeddable":true,"href":"https:\/\/demoweb.info\/sexshop001\/wp-json\/wp\/v2\/product_tag?post=34246"}],"curies":[{"name":"wp","href":"https:\/\/api.w.org\/{rel}","templated":true}]}}