{"id":34074,"date":"2022-01-22T13:16:55","date_gmt":"2022-01-22T12:16:55","guid":{"rendered":"https:\/\/demoweb.info\/sexshop001\/producto\/funda-pene-con-vibrador-para-clitoris\/"},"modified":"2022-01-22T13:17:08","modified_gmt":"2022-01-22T12:17:08","slug":"funda-pene-con-vibrador-para-clitoris","status":"publish","type":"product","link":"https:\/\/demoweb.info\/sexshop001\/producto\/funda-pene-con-vibrador-para-clitoris\/","title":{"rendered":"FUNDA PENE CON VIBRADOR PARA CLITORIS"},"content":{"rendered":"<p><font size=&quot;1&quot;><\/p>\n<p align=&quot;justify&quot;><b>EL TORO ENHANCER WITH BEADS<\/b> es una funda para el pene con<br \/>\nestimulador para cl\u00edtoris, con el<br \/>\nque podr\u00e9is aumentar el placer en vuestras relaciones intimas, hasta l\u00edmites<br \/>\ninsospechados.<\/p>\n<p>Fabricado de silicona transparente de primera calidad.<\/p>\n<p>Una vez colocado en el miembro erecto del hombre, con cada penetraci\u00f3n, el<br \/>\nvibrador estimular\u00e1 con su parte delantera el cl\u00edtoris y con las perlas de acero<br \/>\ninsertadas encima y debajo la zona vaginal .<\/p>\n<p>Ayuda a retardar la eyaculaci\u00f3n, mantener tu<br \/>\npene erecto mucho m\u00e1s tiempo y alargar el tiempo de las relaciones sexuales.<\/p>\n<p>Incluye un potente vibrador. <\/p>\n<p>Es muy confortable.<\/p>\n<p><b>Incluye dos juegos de pilas<\/b>, por lo que lo vas a poder usar durante largos periodos de tiempo sin tener que preocuparte por ellas.<\/font><\/p>\n","protected":false},"excerpt":{"rendered":"<p>EL TORO ENHANCER WITH BEADS es una funda para el pene con estimulador para cl\u00edtoris, con el que podr\u00e9is aumentar<\/p>\n","protected":false},"featured_media":34075,"comment_status":"open","ping_status":"open","template":"","meta":[],"product_cat":[544],"product_tag":[660],"class_list":["post-34074","product","type-product","status-publish","has-post-thumbnail","hentry","product_cat-con-vibrador-fundas","product_tag-calexotics"],"bundled_by":[],"bundle_stock_status":"outofstock","bundle_stock_quantity":0,"bundle_virtual":false,"bundle_layout":"","bundle_add_to_cart_form_location":"","bundle_editable_in_cart":false,"bundle_sold_individually_context":"","bundle_item_grouping":"","bundle_min_size":"","bundle_max_size":"","bundled_items":[],"yoast_head":"<!-- This site is optimized with the Yoast SEO plugin v20.6 - https:\/\/yoast.com\/wordpress\/plugins\/seo\/ -->\n<title>FUNDA PENE CON VIBRADOR PARA CLITORIS - Tienda Er\u00f3tica<\/title>\n<meta name=\"robots\" content=\"noindex, follow, max-snippet:-1, max-image-preview:large, max-video-preview:-1\" \/>\n<meta property=\"og:locale\" content=\"es_ES\" \/>\n<meta property=\"og:type\" content=\"article\" \/>\n<meta property=\"og:title\" content=\"FUNDA PENE CON VIBRADOR PARA CLITORIS - Tienda Er\u00f3tica\" \/>\n<meta property=\"og:description\" content=\"EL TORO ENHANCER WITH BEADS es una funda para el pene con estimulador para cl\u00edtoris, con el que podr\u00e9is aumentar\" \/>\n<meta property=\"og:url\" content=\"https:\/\/demoweb.info\/sexshop001\/producto\/funda-pene-con-vibrador-para-clitoris\/\" \/>\n<meta property=\"og:site_name\" content=\"Tienda Er\u00f3tica\" \/>\n<meta property=\"article:modified_time\" content=\"2022-01-22T12:17:08+00:00\" \/>\n<meta property=\"og:image\" content=\"https:\/\/demoweb.info\/sexshop001\/wp-content\/uploads\/2022\/01\/FUNDA-PENE-CON-VIBRADOR-PARA-CLITORIS.jpg\" \/>\n\t<meta property=\"og:image:width\" content=\"550\" \/>\n\t<meta property=\"og:image:height\" content=\"550\" \/>\n\t<meta property=\"og:image:type\" content=\"image\/jpeg\" \/>\n<meta name=\"twitter:card\" content=\"summary_large_image\" \/>\n<meta name=\"twitter:label1\" content=\"Tiempo de lectura\" \/>\n\t<meta name=\"twitter:data1\" content=\"1 minuto\" \/>\n<script type=\"application\/ld+json\" class=\"yoast-schema-graph\">{\"@context\":\"https:\/\/schema.org\",\"@graph\":[{\"@type\":\"WebPage\",\"@id\":\"https:\/\/demoweb.info\/sexshop001\/producto\/funda-pene-con-vibrador-para-clitoris\/\",\"url\":\"https:\/\/demoweb.info\/sexshop001\/producto\/funda-pene-con-vibrador-para-clitoris\/\",\"name\":\"FUNDA PENE CON VIBRADOR PARA CLITORIS - Tienda Er\u00f3tica\",\"isPartOf\":{\"@id\":\"https:\/\/demoweb.info\/sexshop001\/#website\"},\"datePublished\":\"2022-01-22T12:16:55+00:00\",\"dateModified\":\"2022-01-22T12:17:08+00:00\",\"breadcrumb\":{\"@id\":\"https:\/\/demoweb.info\/sexshop001\/producto\/funda-pene-con-vibrador-para-clitoris\/#breadcrumb\"},\"inLanguage\":\"es\",\"potentialAction\":[{\"@type\":\"ReadAction\",\"target\":[\"https:\/\/demoweb.info\/sexshop001\/producto\/funda-pene-con-vibrador-para-clitoris\/\"]}]},{\"@type\":\"BreadcrumbList\",\"@id\":\"https:\/\/demoweb.info\/sexshop001\/producto\/funda-pene-con-vibrador-para-clitoris\/#breadcrumb\",\"itemListElement\":[{\"@type\":\"ListItem\",\"position\":1,\"name\":\"Portada\",\"item\":\"https:\/\/demoweb.info\/sexshop001\/\"},{\"@type\":\"ListItem\",\"position\":2,\"name\":\"Tienda\",\"item\":\"https:\/\/demoweb.info\/sexshop001\/tienda\/\"},{\"@type\":\"ListItem\",\"position\":3,\"name\":\"FUNDA PENE CON VIBRADOR PARA CLITORIS\"}]},{\"@type\":\"WebSite\",\"@id\":\"https:\/\/demoweb.info\/sexshop001\/#website\",\"url\":\"https:\/\/demoweb.info\/sexshop001\/\",\"name\":\"Tienda Er\u00f3tica\",\"description\":\"DEMOWEB SL\",\"potentialAction\":[{\"@type\":\"SearchAction\",\"target\":{\"@type\":\"EntryPoint\",\"urlTemplate\":\"https:\/\/demoweb.info\/sexshop001\/?s={search_term_string}\"},\"query-input\":\"required name=search_term_string\"}],\"inLanguage\":\"es\"}]}<\/script>\n<!-- \/ Yoast SEO plugin. -->","yoast_head_json":{"title":"FUNDA PENE CON VIBRADOR PARA CLITORIS - Tienda Er\u00f3tica","robots":{"index":"noindex","follow":"follow","max-snippet":"max-snippet:-1","max-image-preview":"max-image-preview:large","max-video-preview":"max-video-preview:-1"},"og_locale":"es_ES","og_type":"article","og_title":"FUNDA PENE CON VIBRADOR PARA CLITORIS - Tienda Er\u00f3tica","og_description":"EL TORO ENHANCER WITH BEADS es una funda para el pene con estimulador para cl\u00edtoris, con el que podr\u00e9is aumentar","og_url":"https:\/\/demoweb.info\/sexshop001\/producto\/funda-pene-con-vibrador-para-clitoris\/","og_site_name":"Tienda Er\u00f3tica","article_modified_time":"2022-01-22T12:17:08+00:00","og_image":[{"width":550,"height":550,"url":"https:\/\/demoweb.info\/sexshop001\/wp-content\/uploads\/2022\/01\/FUNDA-PENE-CON-VIBRADOR-PARA-CLITORIS.jpg","type":"image\/jpeg"}],"twitter_card":"summary_large_image","twitter_misc":{"Tiempo de lectura":"1 minuto"},"schema":{"@context":"https:\/\/schema.org","@graph":[{"@type":"WebPage","@id":"https:\/\/demoweb.info\/sexshop001\/producto\/funda-pene-con-vibrador-para-clitoris\/","url":"https:\/\/demoweb.info\/sexshop001\/producto\/funda-pene-con-vibrador-para-clitoris\/","name":"FUNDA PENE CON VIBRADOR PARA CLITORIS - Tienda Er\u00f3tica","isPartOf":{"@id":"https:\/\/demoweb.info\/sexshop001\/#website"},"datePublished":"2022-01-22T12:16:55+00:00","dateModified":"2022-01-22T12:17:08+00:00","breadcrumb":{"@id":"https:\/\/demoweb.info\/sexshop001\/producto\/funda-pene-con-vibrador-para-clitoris\/#breadcrumb"},"inLanguage":"es","potentialAction":[{"@type":"ReadAction","target":["https:\/\/demoweb.info\/sexshop001\/producto\/funda-pene-con-vibrador-para-clitoris\/"]}]},{"@type":"BreadcrumbList","@id":"https:\/\/demoweb.info\/sexshop001\/producto\/funda-pene-con-vibrador-para-clitoris\/#breadcrumb","itemListElement":[{"@type":"ListItem","position":1,"name":"Portada","item":"https:\/\/demoweb.info\/sexshop001\/"},{"@type":"ListItem","position":2,"name":"Tienda","item":"https:\/\/demoweb.info\/sexshop001\/tienda\/"},{"@type":"ListItem","position":3,"name":"FUNDA PENE CON VIBRADOR PARA CLITORIS"}]},{"@type":"WebSite","@id":"https:\/\/demoweb.info\/sexshop001\/#website","url":"https:\/\/demoweb.info\/sexshop001\/","name":"Tienda Er\u00f3tica","description":"DEMOWEB SL","potentialAction":[{"@type":"SearchAction","target":{"@type":"EntryPoint","urlTemplate":"https:\/\/demoweb.info\/sexshop001\/?s={search_term_string}"},"query-input":"required name=search_term_string"}],"inLanguage":"es"}]}},"_links":{"self":[{"href":"https:\/\/demoweb.info\/sexshop001\/wp-json\/wp\/v3\/product\/34074","targetHints":{"allow":["GET"]}}],"collection":[{"href":"https:\/\/demoweb.info\/sexshop001\/wp-json\/wp\/v3\/product"}],"about":[{"href":"https:\/\/demoweb.info\/sexshop001\/wp-json\/wp\/v2\/types\/product"}],"replies":[{"embeddable":true,"href":"https:\/\/demoweb.info\/sexshop001\/wp-json\/wp\/v2\/comments?post=34074"}],"wp:featuredmedia":[{"embeddable":true,"href":"https:\/\/demoweb.info\/sexshop001\/wp-json\/wp\/v2\/media\/34075"}],"wp:attachment":[{"href":"https:\/\/demoweb.info\/sexshop001\/wp-json\/wp\/v2\/media?parent=34074"}],"wp:term":[{"taxonomy":"product_cat","embeddable":true,"href":"https:\/\/demoweb.info\/sexshop001\/wp-json\/wp\/v2\/product_cat?post=34074"},{"taxonomy":"product_tag","embeddable":true,"href":"https:\/\/demoweb.info\/sexshop001\/wp-json\/wp\/v2\/product_tag?post=34074"}],"curies":[{"name":"wp","href":"https:\/\/api.w.org\/{rel}","templated":true}]}}