{"id":34060,"date":"2022-01-22T13:16:55","date_gmt":"2022-01-22T12:16:55","guid":{"rendered":"https:\/\/demoweb.info\/sexshop001\/producto\/fleshlight-unidad-de-entrenamiento-de-vitalidad-2\/"},"modified":"2022-01-22T13:17:01","modified_gmt":"2022-01-22T12:17:01","slug":"fleshlight-unidad-de-entrenamiento-de-vitalidad-2","status":"publish","type":"product","link":"https:\/\/demoweb.info\/sexshop001\/producto\/fleshlight-unidad-de-entrenamiento-de-vitalidad-2\/","title":{"rendered":"FLESHLIGHT UNIDAD DE ENTRENAMIENTO DE VITALIDAD"},"content":{"rendered":"<p><strong>FLESHLIGHT STAMINA TRAINING UNIT<\/strong>, es el masturbador masculino m\u00e1s famoso y m\u00e1s vendido en todo el mundo, con medio mill\u00f3n de unidades vendidas y 10 a\u00f1os en el mercado adem\u00e1s de ser el \u00fanico producto que posee una patente para donar esperma en cl\u00ednicas de fertilizaci\u00f3n.<\/p>\n<p><strong>Dura m\u00e1s en la cama y mejora tu destreza sexual<\/strong>.<\/p>\n<p>La clave para durar en la cama y convertirse en el amante que cada mujer sue\u00f1a no es una crema, ni una p\u00edldora, ni una poci\u00f3n &#8230; Es la pr\u00e1ctica. El <strong>Fleshlight STU<\/strong> (Unidad de Entrenamiento de Vitalidad) es un juguete sexual para hombres dise\u00f1ado espec\u00edficamente para repetir la incre\u00edble sensaci\u00f3n de la relaci\u00f3n sexual con el fin de ayudarle a encontrar su ritmo y obtener un rendimiento sexual m\u00e1ximo.<\/p>\n<p>Cuando se masturba con el <strong>STU Fleshlight<\/strong>, no s\u00f3lo va a mejorar tus t\u00e9cnicas y resistencia sexual, usted experimentar\u00e1 los orgasmos intensos que s\u00f3lo puede lograrse mediante el uso de juguetes <strong>Fleshlight<\/strong> para los hombres. Si puede durar 10 minutos en la <strong>UTI<\/strong>, puede durar 20 minutos en la cama con su pareja.<\/p>\n<p>Tiene una suavidad incre\u00edble, es como si estuvieras introduciendo tu pene en una vagina real, de gran calidad y con un tama\u00f1o perfecto.<\/p>\n<p>Tiene un dise\u00f1o \u00fanico y exclusivo ya que cuando se ve cerrado nadie si imaginar\u00eda que eso pudiera ser un masturbador masculino.<\/p>\n<p>El recorrido interior del masturbador se adapta perfectamente al pene para alcanzar una mayor sensaci\u00f3n de placer. Adem\u00e1s su interior desprende un olor muy agradable a vainilla.<\/p>\n<p><strong>Fleshlight\u00ae<\/strong> es 100% seguro y muy f\u00e1cil de utilizar y limpiar.<\/p>\n<p>Usando <strong>Fleshlight\u00ae<\/strong> con frecuencia, fortalecer\u00e1s tus erecciones y aumentar\u00e1s la fortaleza del pene, debido al entrenamiento de los tejidos del miembro. Notar\u00e1s una mejora en pocos meses.<\/p>\n<p>Incluye una pr\u00e1ctica tapa, para poder guardarlo y protegerlo, una vez utilizado.<\/p>\n<p><strong>Se adapta a todos los tama\u00f1os de pene<\/strong>.<\/p>\n<p><strong>Atr\u00e9vete a descubrir el otro lado de la masturbaci\u00f3n. <\/strong><\/p>\n","protected":false},"excerpt":{"rendered":"<p>FLESHLIGHT STAMINA TRAINING UNIT, es el masturbador masculino m\u00e1s famoso y m\u00e1s vendido en todo el mundo, con medio mill\u00f3n<\/p>\n","protected":false},"featured_media":34061,"comment_status":"open","ping_status":"open","template":"","meta":[],"product_cat":[541],"product_tag":[576],"class_list":["post-34060","product","type-product","status-publish","has-post-thumbnail","hentry","product_cat-vaginas","product_tag-fleshlight"],"bundled_by":[],"bundle_stock_status":"instock","bundle_stock_quantity":9,"bundle_virtual":false,"bundle_layout":"","bundle_add_to_cart_form_location":"","bundle_editable_in_cart":false,"bundle_sold_individually_context":"","bundle_item_grouping":"","bundle_min_size":"","bundle_max_size":"","bundled_items":[],"yoast_head":"<!-- This site is optimized with the Yoast SEO plugin v20.6 - https:\/\/yoast.com\/wordpress\/plugins\/seo\/ -->\n<title>FLESHLIGHT UNIDAD DE ENTRENAMIENTO DE VITALIDAD - Tienda Er\u00f3tica<\/title>\n<meta name=\"robots\" content=\"noindex, follow, max-snippet:-1, max-image-preview:large, max-video-preview:-1\" \/>\n<meta property=\"og:locale\" content=\"es_ES\" \/>\n<meta property=\"og:type\" content=\"article\" \/>\n<meta property=\"og:title\" content=\"FLESHLIGHT UNIDAD DE ENTRENAMIENTO DE VITALIDAD - Tienda Er\u00f3tica\" \/>\n<meta property=\"og:description\" content=\"FLESHLIGHT STAMINA TRAINING UNIT, es el masturbador masculino m\u00e1s famoso y m\u00e1s vendido en todo el mundo, con medio mill\u00f3n\" \/>\n<meta property=\"og:url\" content=\"https:\/\/demoweb.info\/sexshop001\/producto\/fleshlight-unidad-de-entrenamiento-de-vitalidad-2\/\" \/>\n<meta property=\"og:site_name\" content=\"Tienda Er\u00f3tica\" \/>\n<meta property=\"article:modified_time\" content=\"2022-01-22T12:17:01+00:00\" \/>\n<meta property=\"og:image\" content=\"https:\/\/demoweb.info\/sexshop001\/wp-content\/uploads\/2022\/01\/FLESHLIGHT-UNIDAD-DE-ENTRENAMIENTO-DE-VITALIDAD-3.jpg\" \/>\n\t<meta property=\"og:image:width\" content=\"550\" \/>\n\t<meta property=\"og:image:height\" content=\"550\" \/>\n\t<meta property=\"og:image:type\" content=\"image\/jpeg\" \/>\n<meta name=\"twitter:card\" content=\"summary_large_image\" \/>\n<meta name=\"twitter:label1\" content=\"Tiempo de lectura\" \/>\n\t<meta name=\"twitter:data1\" content=\"2 minutos\" \/>\n<script type=\"application\/ld+json\" class=\"yoast-schema-graph\">{\"@context\":\"https:\/\/schema.org\",\"@graph\":[{\"@type\":\"WebPage\",\"@id\":\"https:\/\/demoweb.info\/sexshop001\/producto\/fleshlight-unidad-de-entrenamiento-de-vitalidad-2\/\",\"url\":\"https:\/\/demoweb.info\/sexshop001\/producto\/fleshlight-unidad-de-entrenamiento-de-vitalidad-2\/\",\"name\":\"FLESHLIGHT UNIDAD DE ENTRENAMIENTO DE VITALIDAD - Tienda Er\u00f3tica\",\"isPartOf\":{\"@id\":\"https:\/\/demoweb.info\/sexshop001\/#website\"},\"datePublished\":\"2022-01-22T12:16:55+00:00\",\"dateModified\":\"2022-01-22T12:17:01+00:00\",\"breadcrumb\":{\"@id\":\"https:\/\/demoweb.info\/sexshop001\/producto\/fleshlight-unidad-de-entrenamiento-de-vitalidad-2\/#breadcrumb\"},\"inLanguage\":\"es\",\"potentialAction\":[{\"@type\":\"ReadAction\",\"target\":[\"https:\/\/demoweb.info\/sexshop001\/producto\/fleshlight-unidad-de-entrenamiento-de-vitalidad-2\/\"]}]},{\"@type\":\"BreadcrumbList\",\"@id\":\"https:\/\/demoweb.info\/sexshop001\/producto\/fleshlight-unidad-de-entrenamiento-de-vitalidad-2\/#breadcrumb\",\"itemListElement\":[{\"@type\":\"ListItem\",\"position\":1,\"name\":\"Portada\",\"item\":\"https:\/\/demoweb.info\/sexshop001\/\"},{\"@type\":\"ListItem\",\"position\":2,\"name\":\"Tienda\",\"item\":\"https:\/\/demoweb.info\/sexshop001\/tienda\/\"},{\"@type\":\"ListItem\",\"position\":3,\"name\":\"FLESHLIGHT UNIDAD DE ENTRENAMIENTO DE VITALIDAD\"}]},{\"@type\":\"WebSite\",\"@id\":\"https:\/\/demoweb.info\/sexshop001\/#website\",\"url\":\"https:\/\/demoweb.info\/sexshop001\/\",\"name\":\"Tienda Er\u00f3tica\",\"description\":\"DEMOWEB SL\",\"potentialAction\":[{\"@type\":\"SearchAction\",\"target\":{\"@type\":\"EntryPoint\",\"urlTemplate\":\"https:\/\/demoweb.info\/sexshop001\/?s={search_term_string}\"},\"query-input\":\"required name=search_term_string\"}],\"inLanguage\":\"es\"}]}<\/script>\n<!-- \/ Yoast SEO plugin. -->","yoast_head_json":{"title":"FLESHLIGHT UNIDAD DE ENTRENAMIENTO DE VITALIDAD - Tienda Er\u00f3tica","robots":{"index":"noindex","follow":"follow","max-snippet":"max-snippet:-1","max-image-preview":"max-image-preview:large","max-video-preview":"max-video-preview:-1"},"og_locale":"es_ES","og_type":"article","og_title":"FLESHLIGHT UNIDAD DE ENTRENAMIENTO DE VITALIDAD - Tienda Er\u00f3tica","og_description":"FLESHLIGHT STAMINA TRAINING UNIT, es el masturbador masculino m\u00e1s famoso y m\u00e1s vendido en todo el mundo, con medio mill\u00f3n","og_url":"https:\/\/demoweb.info\/sexshop001\/producto\/fleshlight-unidad-de-entrenamiento-de-vitalidad-2\/","og_site_name":"Tienda Er\u00f3tica","article_modified_time":"2022-01-22T12:17:01+00:00","og_image":[{"width":550,"height":550,"url":"https:\/\/demoweb.info\/sexshop001\/wp-content\/uploads\/2022\/01\/FLESHLIGHT-UNIDAD-DE-ENTRENAMIENTO-DE-VITALIDAD-3.jpg","type":"image\/jpeg"}],"twitter_card":"summary_large_image","twitter_misc":{"Tiempo de lectura":"2 minutos"},"schema":{"@context":"https:\/\/schema.org","@graph":[{"@type":"WebPage","@id":"https:\/\/demoweb.info\/sexshop001\/producto\/fleshlight-unidad-de-entrenamiento-de-vitalidad-2\/","url":"https:\/\/demoweb.info\/sexshop001\/producto\/fleshlight-unidad-de-entrenamiento-de-vitalidad-2\/","name":"FLESHLIGHT UNIDAD DE ENTRENAMIENTO DE VITALIDAD - Tienda Er\u00f3tica","isPartOf":{"@id":"https:\/\/demoweb.info\/sexshop001\/#website"},"datePublished":"2022-01-22T12:16:55+00:00","dateModified":"2022-01-22T12:17:01+00:00","breadcrumb":{"@id":"https:\/\/demoweb.info\/sexshop001\/producto\/fleshlight-unidad-de-entrenamiento-de-vitalidad-2\/#breadcrumb"},"inLanguage":"es","potentialAction":[{"@type":"ReadAction","target":["https:\/\/demoweb.info\/sexshop001\/producto\/fleshlight-unidad-de-entrenamiento-de-vitalidad-2\/"]}]},{"@type":"BreadcrumbList","@id":"https:\/\/demoweb.info\/sexshop001\/producto\/fleshlight-unidad-de-entrenamiento-de-vitalidad-2\/#breadcrumb","itemListElement":[{"@type":"ListItem","position":1,"name":"Portada","item":"https:\/\/demoweb.info\/sexshop001\/"},{"@type":"ListItem","position":2,"name":"Tienda","item":"https:\/\/demoweb.info\/sexshop001\/tienda\/"},{"@type":"ListItem","position":3,"name":"FLESHLIGHT UNIDAD DE ENTRENAMIENTO DE VITALIDAD"}]},{"@type":"WebSite","@id":"https:\/\/demoweb.info\/sexshop001\/#website","url":"https:\/\/demoweb.info\/sexshop001\/","name":"Tienda Er\u00f3tica","description":"DEMOWEB SL","potentialAction":[{"@type":"SearchAction","target":{"@type":"EntryPoint","urlTemplate":"https:\/\/demoweb.info\/sexshop001\/?s={search_term_string}"},"query-input":"required name=search_term_string"}],"inLanguage":"es"}]}},"_links":{"self":[{"href":"https:\/\/demoweb.info\/sexshop001\/wp-json\/wp\/v3\/product\/34060","targetHints":{"allow":["GET"]}}],"collection":[{"href":"https:\/\/demoweb.info\/sexshop001\/wp-json\/wp\/v3\/product"}],"about":[{"href":"https:\/\/demoweb.info\/sexshop001\/wp-json\/wp\/v2\/types\/product"}],"replies":[{"embeddable":true,"href":"https:\/\/demoweb.info\/sexshop001\/wp-json\/wp\/v2\/comments?post=34060"}],"wp:featuredmedia":[{"embeddable":true,"href":"https:\/\/demoweb.info\/sexshop001\/wp-json\/wp\/v2\/media\/34061"}],"wp:attachment":[{"href":"https:\/\/demoweb.info\/sexshop001\/wp-json\/wp\/v2\/media?parent=34060"}],"wp:term":[{"taxonomy":"product_cat","embeddable":true,"href":"https:\/\/demoweb.info\/sexshop001\/wp-json\/wp\/v2\/product_cat?post=34060"},{"taxonomy":"product_tag","embeddable":true,"href":"https:\/\/demoweb.info\/sexshop001\/wp-json\/wp\/v2\/product_tag?post=34060"}],"curies":[{"name":"wp","href":"https:\/\/api.w.org\/{rel}","templated":true}]}}