{"id":33707,"date":"2022-01-22T13:13:14","date_gmt":"2022-01-22T12:13:14","guid":{"rendered":"https:\/\/demoweb.info\/sexshop001\/producto\/fetish-fantasy-mordaza-para-la-boca-con-pene\/"},"modified":"2022-01-22T13:13:23","modified_gmt":"2022-01-22T12:13:23","slug":"fetish-fantasy-mordaza-para-la-boca-con-pene","status":"publish","type":"product","link":"https:\/\/demoweb.info\/sexshop001\/producto\/fetish-fantasy-mordaza-para-la-boca-con-pene\/","title":{"rendered":"FETISH FANTASY MORDAZA PARA LA BOCA CON PENE"},"content":{"rendered":"<p><font size=&quot;1&quot;><b>FETISH FANTASY DELUXE BALL GAG WITH DONG<\/b>, es una <b>mordaza<\/b> con bola para la<br \/>\nboca y pene, de la colecci\u00f3n <b>FETISH FANTASY SERIES<\/b>.<\/p>\n<p>Hacer una declaraci\u00f3n sin decir una palabra con esta perversa mordaza con pene. <\/p>\n<p>V\u00e1lido para utilizar tanto<br \/>\nhombres como mujeres. <\/p>\n<p>El pene tiene aspecto de pene real\u00edsticos y con sus curvas estimular\u00e1 el <b>punto G<\/b> de hombres<br \/>\ny mujeres que junto a su rigidez podr\u00e1n disfrutar de sensaciones inexplicables,<br \/>\nadem\u00e1s  gracias a su correa de cuero ajustable podr\u00e1n coloc\u00e1rselo sin ning\u00fan<br \/>\nproblema, creando un aspecto fetichista. <\/p>\n<p>Medidas: 13 x 3,5 cm.<\/p>\n<p>Incluye m\u00e1scara de regalo.<br \/>\n<\/font><\/p>\n","protected":false},"excerpt":{"rendered":"<p>FETISH FANTASY DELUXE BALL GAG WITH DONG, es una mordaza con bola para la boca y pene, de la colecci\u00f3n<\/p>\n","protected":false},"featured_media":33708,"comment_status":"open","ping_status":"open","template":"","meta":[],"product_cat":[480],"product_tag":[260,259],"class_list":["post-33707","product","type-product","status-publish","has-post-thumbnail","hentry","product_cat-con-pene","product_tag-fetish-fantasy-series","product_tag-pipedream"],"bundled_by":[],"bundle_stock_status":"instock","bundle_stock_quantity":4,"bundle_virtual":false,"bundle_layout":"","bundle_add_to_cart_form_location":"","bundle_editable_in_cart":false,"bundle_sold_individually_context":"","bundle_item_grouping":"","bundle_min_size":"","bundle_max_size":"","bundled_items":[],"yoast_head":"<!-- This site is optimized with the Yoast SEO plugin v20.6 - https:\/\/yoast.com\/wordpress\/plugins\/seo\/ -->\n<title>FETISH FANTASY MORDAZA PARA LA BOCA CON PENE - Tienda Er\u00f3tica<\/title>\n<meta name=\"robots\" content=\"noindex, follow, max-snippet:-1, max-image-preview:large, max-video-preview:-1\" \/>\n<meta property=\"og:locale\" content=\"es_ES\" \/>\n<meta property=\"og:type\" content=\"article\" \/>\n<meta property=\"og:title\" content=\"FETISH FANTASY MORDAZA PARA LA BOCA CON PENE - Tienda Er\u00f3tica\" \/>\n<meta property=\"og:description\" content=\"FETISH FANTASY DELUXE BALL GAG WITH DONG, es una mordaza con bola para la boca y pene, de la colecci\u00f3n\" \/>\n<meta property=\"og:url\" content=\"https:\/\/demoweb.info\/sexshop001\/producto\/fetish-fantasy-mordaza-para-la-boca-con-pene\/\" \/>\n<meta property=\"og:site_name\" content=\"Tienda Er\u00f3tica\" \/>\n<meta property=\"article:modified_time\" content=\"2022-01-22T12:13:23+00:00\" \/>\n<meta property=\"og:image\" content=\"https:\/\/demoweb.info\/sexshop001\/wp-content\/uploads\/2022\/01\/FETISH-FANTASY-MORDAZA-PARA-LA-BOCA-CON-PENE.jpg\" \/>\n\t<meta property=\"og:image:width\" content=\"550\" \/>\n\t<meta property=\"og:image:height\" content=\"550\" \/>\n\t<meta property=\"og:image:type\" content=\"image\/jpeg\" \/>\n<meta name=\"twitter:card\" content=\"summary_large_image\" \/>\n<meta name=\"twitter:label1\" content=\"Tiempo de lectura\" \/>\n\t<meta name=\"twitter:data1\" content=\"1 minuto\" \/>\n<script type=\"application\/ld+json\" class=\"yoast-schema-graph\">{\"@context\":\"https:\/\/schema.org\",\"@graph\":[{\"@type\":\"WebPage\",\"@id\":\"https:\/\/demoweb.info\/sexshop001\/producto\/fetish-fantasy-mordaza-para-la-boca-con-pene\/\",\"url\":\"https:\/\/demoweb.info\/sexshop001\/producto\/fetish-fantasy-mordaza-para-la-boca-con-pene\/\",\"name\":\"FETISH FANTASY MORDAZA PARA LA BOCA CON PENE - Tienda Er\u00f3tica\",\"isPartOf\":{\"@id\":\"https:\/\/demoweb.info\/sexshop001\/#website\"},\"datePublished\":\"2022-01-22T12:13:14+00:00\",\"dateModified\":\"2022-01-22T12:13:23+00:00\",\"breadcrumb\":{\"@id\":\"https:\/\/demoweb.info\/sexshop001\/producto\/fetish-fantasy-mordaza-para-la-boca-con-pene\/#breadcrumb\"},\"inLanguage\":\"es\",\"potentialAction\":[{\"@type\":\"ReadAction\",\"target\":[\"https:\/\/demoweb.info\/sexshop001\/producto\/fetish-fantasy-mordaza-para-la-boca-con-pene\/\"]}]},{\"@type\":\"BreadcrumbList\",\"@id\":\"https:\/\/demoweb.info\/sexshop001\/producto\/fetish-fantasy-mordaza-para-la-boca-con-pene\/#breadcrumb\",\"itemListElement\":[{\"@type\":\"ListItem\",\"position\":1,\"name\":\"Portada\",\"item\":\"https:\/\/demoweb.info\/sexshop001\/\"},{\"@type\":\"ListItem\",\"position\":2,\"name\":\"Tienda\",\"item\":\"https:\/\/demoweb.info\/sexshop001\/tienda\/\"},{\"@type\":\"ListItem\",\"position\":3,\"name\":\"FETISH FANTASY MORDAZA PARA LA BOCA CON PENE\"}]},{\"@type\":\"WebSite\",\"@id\":\"https:\/\/demoweb.info\/sexshop001\/#website\",\"url\":\"https:\/\/demoweb.info\/sexshop001\/\",\"name\":\"Tienda Er\u00f3tica\",\"description\":\"DEMOWEB SL\",\"potentialAction\":[{\"@type\":\"SearchAction\",\"target\":{\"@type\":\"EntryPoint\",\"urlTemplate\":\"https:\/\/demoweb.info\/sexshop001\/?s={search_term_string}\"},\"query-input\":\"required name=search_term_string\"}],\"inLanguage\":\"es\"}]}<\/script>\n<!-- \/ Yoast SEO plugin. -->","yoast_head_json":{"title":"FETISH FANTASY MORDAZA PARA LA BOCA CON PENE - Tienda Er\u00f3tica","robots":{"index":"noindex","follow":"follow","max-snippet":"max-snippet:-1","max-image-preview":"max-image-preview:large","max-video-preview":"max-video-preview:-1"},"og_locale":"es_ES","og_type":"article","og_title":"FETISH FANTASY MORDAZA PARA LA BOCA CON PENE - Tienda Er\u00f3tica","og_description":"FETISH FANTASY DELUXE BALL GAG WITH DONG, es una mordaza con bola para la boca y pene, de la colecci\u00f3n","og_url":"https:\/\/demoweb.info\/sexshop001\/producto\/fetish-fantasy-mordaza-para-la-boca-con-pene\/","og_site_name":"Tienda Er\u00f3tica","article_modified_time":"2022-01-22T12:13:23+00:00","og_image":[{"width":550,"height":550,"url":"https:\/\/demoweb.info\/sexshop001\/wp-content\/uploads\/2022\/01\/FETISH-FANTASY-MORDAZA-PARA-LA-BOCA-CON-PENE.jpg","type":"image\/jpeg"}],"twitter_card":"summary_large_image","twitter_misc":{"Tiempo de lectura":"1 minuto"},"schema":{"@context":"https:\/\/schema.org","@graph":[{"@type":"WebPage","@id":"https:\/\/demoweb.info\/sexshop001\/producto\/fetish-fantasy-mordaza-para-la-boca-con-pene\/","url":"https:\/\/demoweb.info\/sexshop001\/producto\/fetish-fantasy-mordaza-para-la-boca-con-pene\/","name":"FETISH FANTASY MORDAZA PARA LA BOCA CON PENE - Tienda Er\u00f3tica","isPartOf":{"@id":"https:\/\/demoweb.info\/sexshop001\/#website"},"datePublished":"2022-01-22T12:13:14+00:00","dateModified":"2022-01-22T12:13:23+00:00","breadcrumb":{"@id":"https:\/\/demoweb.info\/sexshop001\/producto\/fetish-fantasy-mordaza-para-la-boca-con-pene\/#breadcrumb"},"inLanguage":"es","potentialAction":[{"@type":"ReadAction","target":["https:\/\/demoweb.info\/sexshop001\/producto\/fetish-fantasy-mordaza-para-la-boca-con-pene\/"]}]},{"@type":"BreadcrumbList","@id":"https:\/\/demoweb.info\/sexshop001\/producto\/fetish-fantasy-mordaza-para-la-boca-con-pene\/#breadcrumb","itemListElement":[{"@type":"ListItem","position":1,"name":"Portada","item":"https:\/\/demoweb.info\/sexshop001\/"},{"@type":"ListItem","position":2,"name":"Tienda","item":"https:\/\/demoweb.info\/sexshop001\/tienda\/"},{"@type":"ListItem","position":3,"name":"FETISH FANTASY MORDAZA PARA LA BOCA CON PENE"}]},{"@type":"WebSite","@id":"https:\/\/demoweb.info\/sexshop001\/#website","url":"https:\/\/demoweb.info\/sexshop001\/","name":"Tienda Er\u00f3tica","description":"DEMOWEB SL","potentialAction":[{"@type":"SearchAction","target":{"@type":"EntryPoint","urlTemplate":"https:\/\/demoweb.info\/sexshop001\/?s={search_term_string}"},"query-input":"required name=search_term_string"}],"inLanguage":"es"}]}},"_links":{"self":[{"href":"https:\/\/demoweb.info\/sexshop001\/wp-json\/wp\/v3\/product\/33707","targetHints":{"allow":["GET"]}}],"collection":[{"href":"https:\/\/demoweb.info\/sexshop001\/wp-json\/wp\/v3\/product"}],"about":[{"href":"https:\/\/demoweb.info\/sexshop001\/wp-json\/wp\/v2\/types\/product"}],"replies":[{"embeddable":true,"href":"https:\/\/demoweb.info\/sexshop001\/wp-json\/wp\/v2\/comments?post=33707"}],"wp:featuredmedia":[{"embeddable":true,"href":"https:\/\/demoweb.info\/sexshop001\/wp-json\/wp\/v2\/media\/33708"}],"wp:attachment":[{"href":"https:\/\/demoweb.info\/sexshop001\/wp-json\/wp\/v2\/media?parent=33707"}],"wp:term":[{"taxonomy":"product_cat","embeddable":true,"href":"https:\/\/demoweb.info\/sexshop001\/wp-json\/wp\/v2\/product_cat?post=33707"},{"taxonomy":"product_tag","embeddable":true,"href":"https:\/\/demoweb.info\/sexshop001\/wp-json\/wp\/v2\/product_tag?post=33707"}],"curies":[{"name":"wp","href":"https:\/\/api.w.org\/{rel}","templated":true}]}}