{"id":33628,"date":"2022-01-22T13:12:33","date_gmt":"2022-01-22T12:12:33","guid":{"rendered":"https:\/\/demoweb.info\/sexshop001\/producto\/control-preservativos-new-nature-easy-way-10uds\/"},"modified":"2022-01-22T13:12:38","modified_gmt":"2022-01-22T12:12:38","slug":"control-preservativos-new-nature-easy-way-10uds","status":"publish","type":"product","link":"https:\/\/demoweb.info\/sexshop001\/producto\/control-preservativos-new-nature-easy-way-10uds\/","title":{"rendered":"CONTROL PRESERVATIVOS NEW NATURE EASY WAY &#8211; 10UDS"},"content":{"rendered":"<p><strong>CONTROL NEW NATURE EASY WAY 10 PZ<\/strong><\/p>\n<p>Easy Way es el innovador sistema de colocaci\u00f3n de Control que te permite sentir sin interrupciones.<\/p>\n<p>Garantiza que lo colocas por la posici\u00f3n correcta y facilita un desenrollado m\u00e1s f\u00e1cil y r\u00e1pido.<\/p>\n<p>Caracter\u00edsticas:<\/p>\n<ul>\n<li>EASY WAY<\/li>\n<li>LADOS PARALELOS &#8211; PARA SENTIR SIN INTERRUPCIONES<\/li>\n<li>LISO, TRANSPARENTE, LUBRICADO Y CON DEP\u00d3SITO<\/li>\n<li>ANCHURA NOMINAL 54 MM<\/li>\n<\/ul>\n","protected":false},"excerpt":{"rendered":"<p>CONTROL NEW NATURE EASY WAY 10 PZ Easy Way es el innovador sistema de colocaci\u00f3n de Control que te permite<\/p>\n","protected":false},"featured_media":33629,"comment_status":"open","ping_status":"open","template":"","meta":[],"product_cat":[621],"product_tag":[604],"class_list":["post-33628","product","type-product","status-publish","has-post-thumbnail","hentry","product_cat-naturales","product_tag-control"],"bundled_by":[],"bundle_stock_status":"instock","bundle_stock_quantity":18,"bundle_virtual":false,"bundle_layout":"","bundle_add_to_cart_form_location":"","bundle_editable_in_cart":false,"bundle_sold_individually_context":"","bundle_item_grouping":"","bundle_min_size":"","bundle_max_size":"","bundled_items":[],"yoast_head":"<!-- This site is optimized with the Yoast SEO plugin v20.6 - https:\/\/yoast.com\/wordpress\/plugins\/seo\/ -->\n<title>CONTROL PRESERVATIVOS NEW NATURE EASY WAY - 10UDS - Tienda Er\u00f3tica<\/title>\n<meta name=\"robots\" content=\"noindex, follow, max-snippet:-1, max-image-preview:large, max-video-preview:-1\" \/>\n<meta property=\"og:locale\" content=\"es_ES\" \/>\n<meta property=\"og:type\" content=\"article\" \/>\n<meta property=\"og:title\" content=\"CONTROL PRESERVATIVOS NEW NATURE EASY WAY - 10UDS - Tienda Er\u00f3tica\" \/>\n<meta property=\"og:description\" content=\"CONTROL NEW NATURE EASY WAY 10 PZ Easy Way es el innovador sistema de colocaci\u00f3n de Control que te permite\" \/>\n<meta property=\"og:url\" content=\"https:\/\/demoweb.info\/sexshop001\/producto\/control-preservativos-new-nature-easy-way-10uds\/\" \/>\n<meta property=\"og:site_name\" content=\"Tienda Er\u00f3tica\" \/>\n<meta property=\"article:modified_time\" content=\"2022-01-22T12:12:38+00:00\" \/>\n<meta property=\"og:image\" content=\"https:\/\/demoweb.info\/sexshop001\/wp-content\/uploads\/2022\/01\/CONTROL-PRESERVATIVOS-NEW-NATURE-EASY-WAY-10UDS.jpg\" \/>\n\t<meta property=\"og:image:width\" content=\"550\" \/>\n\t<meta property=\"og:image:height\" content=\"550\" \/>\n\t<meta property=\"og:image:type\" content=\"image\/jpeg\" \/>\n<meta name=\"twitter:card\" content=\"summary_large_image\" \/>\n<script type=\"application\/ld+json\" class=\"yoast-schema-graph\">{\"@context\":\"https:\/\/schema.org\",\"@graph\":[{\"@type\":\"WebPage\",\"@id\":\"https:\/\/demoweb.info\/sexshop001\/producto\/control-preservativos-new-nature-easy-way-10uds\/\",\"url\":\"https:\/\/demoweb.info\/sexshop001\/producto\/control-preservativos-new-nature-easy-way-10uds\/\",\"name\":\"CONTROL PRESERVATIVOS NEW NATURE EASY WAY - 10UDS - Tienda Er\u00f3tica\",\"isPartOf\":{\"@id\":\"https:\/\/demoweb.info\/sexshop001\/#website\"},\"datePublished\":\"2022-01-22T12:12:33+00:00\",\"dateModified\":\"2022-01-22T12:12:38+00:00\",\"breadcrumb\":{\"@id\":\"https:\/\/demoweb.info\/sexshop001\/producto\/control-preservativos-new-nature-easy-way-10uds\/#breadcrumb\"},\"inLanguage\":\"es\",\"potentialAction\":[{\"@type\":\"ReadAction\",\"target\":[\"https:\/\/demoweb.info\/sexshop001\/producto\/control-preservativos-new-nature-easy-way-10uds\/\"]}]},{\"@type\":\"BreadcrumbList\",\"@id\":\"https:\/\/demoweb.info\/sexshop001\/producto\/control-preservativos-new-nature-easy-way-10uds\/#breadcrumb\",\"itemListElement\":[{\"@type\":\"ListItem\",\"position\":1,\"name\":\"Portada\",\"item\":\"https:\/\/demoweb.info\/sexshop001\/\"},{\"@type\":\"ListItem\",\"position\":2,\"name\":\"Tienda\",\"item\":\"https:\/\/demoweb.info\/sexshop001\/tienda\/\"},{\"@type\":\"ListItem\",\"position\":3,\"name\":\"CONTROL PRESERVATIVOS NEW NATURE EASY WAY &#8211; 10UDS\"}]},{\"@type\":\"WebSite\",\"@id\":\"https:\/\/demoweb.info\/sexshop001\/#website\",\"url\":\"https:\/\/demoweb.info\/sexshop001\/\",\"name\":\"Tienda Er\u00f3tica\",\"description\":\"DEMOWEB SL\",\"potentialAction\":[{\"@type\":\"SearchAction\",\"target\":{\"@type\":\"EntryPoint\",\"urlTemplate\":\"https:\/\/demoweb.info\/sexshop001\/?s={search_term_string}\"},\"query-input\":\"required name=search_term_string\"}],\"inLanguage\":\"es\"}]}<\/script>\n<!-- \/ Yoast SEO plugin. -->","yoast_head_json":{"title":"CONTROL PRESERVATIVOS NEW NATURE EASY WAY - 10UDS - Tienda Er\u00f3tica","robots":{"index":"noindex","follow":"follow","max-snippet":"max-snippet:-1","max-image-preview":"max-image-preview:large","max-video-preview":"max-video-preview:-1"},"og_locale":"es_ES","og_type":"article","og_title":"CONTROL PRESERVATIVOS NEW NATURE EASY WAY - 10UDS - Tienda Er\u00f3tica","og_description":"CONTROL NEW NATURE EASY WAY 10 PZ Easy Way es el innovador sistema de colocaci\u00f3n de Control que te permite","og_url":"https:\/\/demoweb.info\/sexshop001\/producto\/control-preservativos-new-nature-easy-way-10uds\/","og_site_name":"Tienda Er\u00f3tica","article_modified_time":"2022-01-22T12:12:38+00:00","og_image":[{"width":550,"height":550,"url":"https:\/\/demoweb.info\/sexshop001\/wp-content\/uploads\/2022\/01\/CONTROL-PRESERVATIVOS-NEW-NATURE-EASY-WAY-10UDS.jpg","type":"image\/jpeg"}],"twitter_card":"summary_large_image","schema":{"@context":"https:\/\/schema.org","@graph":[{"@type":"WebPage","@id":"https:\/\/demoweb.info\/sexshop001\/producto\/control-preservativos-new-nature-easy-way-10uds\/","url":"https:\/\/demoweb.info\/sexshop001\/producto\/control-preservativos-new-nature-easy-way-10uds\/","name":"CONTROL PRESERVATIVOS NEW NATURE EASY WAY - 10UDS - Tienda Er\u00f3tica","isPartOf":{"@id":"https:\/\/demoweb.info\/sexshop001\/#website"},"datePublished":"2022-01-22T12:12:33+00:00","dateModified":"2022-01-22T12:12:38+00:00","breadcrumb":{"@id":"https:\/\/demoweb.info\/sexshop001\/producto\/control-preservativos-new-nature-easy-way-10uds\/#breadcrumb"},"inLanguage":"es","potentialAction":[{"@type":"ReadAction","target":["https:\/\/demoweb.info\/sexshop001\/producto\/control-preservativos-new-nature-easy-way-10uds\/"]}]},{"@type":"BreadcrumbList","@id":"https:\/\/demoweb.info\/sexshop001\/producto\/control-preservativos-new-nature-easy-way-10uds\/#breadcrumb","itemListElement":[{"@type":"ListItem","position":1,"name":"Portada","item":"https:\/\/demoweb.info\/sexshop001\/"},{"@type":"ListItem","position":2,"name":"Tienda","item":"https:\/\/demoweb.info\/sexshop001\/tienda\/"},{"@type":"ListItem","position":3,"name":"CONTROL PRESERVATIVOS NEW NATURE EASY WAY &#8211; 10UDS"}]},{"@type":"WebSite","@id":"https:\/\/demoweb.info\/sexshop001\/#website","url":"https:\/\/demoweb.info\/sexshop001\/","name":"Tienda Er\u00f3tica","description":"DEMOWEB SL","potentialAction":[{"@type":"SearchAction","target":{"@type":"EntryPoint","urlTemplate":"https:\/\/demoweb.info\/sexshop001\/?s={search_term_string}"},"query-input":"required name=search_term_string"}],"inLanguage":"es"}]}},"_links":{"self":[{"href":"https:\/\/demoweb.info\/sexshop001\/wp-json\/wp\/v3\/product\/33628","targetHints":{"allow":["GET"]}}],"collection":[{"href":"https:\/\/demoweb.info\/sexshop001\/wp-json\/wp\/v3\/product"}],"about":[{"href":"https:\/\/demoweb.info\/sexshop001\/wp-json\/wp\/v2\/types\/product"}],"replies":[{"embeddable":true,"href":"https:\/\/demoweb.info\/sexshop001\/wp-json\/wp\/v2\/comments?post=33628"}],"wp:featuredmedia":[{"embeddable":true,"href":"https:\/\/demoweb.info\/sexshop001\/wp-json\/wp\/v2\/media\/33629"}],"wp:attachment":[{"href":"https:\/\/demoweb.info\/sexshop001\/wp-json\/wp\/v2\/media?parent=33628"}],"wp:term":[{"taxonomy":"product_cat","embeddable":true,"href":"https:\/\/demoweb.info\/sexshop001\/wp-json\/wp\/v2\/product_cat?post=33628"},{"taxonomy":"product_tag","embeddable":true,"href":"https:\/\/demoweb.info\/sexshop001\/wp-json\/wp\/v2\/product_tag?post=33628"}],"curies":[{"name":"wp","href":"https:\/\/api.w.org\/{rel}","templated":true}]}}