{"id":33324,"date":"2022-01-22T13:09:46","date_gmt":"2022-01-22T12:09:46","guid":{"rendered":"https:\/\/demoweb.info\/sexshop001\/producto\/fleshlight-girls-maitland-ward-toy-meets-world-signature-vagina\/"},"modified":"2022-01-22T13:09:49","modified_gmt":"2022-01-22T12:09:49","slug":"fleshlight-girls-maitland-ward-toy-meets-world-signature-vagina","status":"publish","type":"product","link":"https:\/\/demoweb.info\/sexshop001\/producto\/fleshlight-girls-maitland-ward-toy-meets-world-signature-vagina\/","title":{"rendered":"FLESHLIGHT GIRLS MAITLAND WARD TOY MEETS WORLD SIGNATURE VAGINA"},"content":{"rendered":"<p><strong>FLESHLIGHT GIRLS MAITLAND WARD TOY MEETS WORLD SIGNATURE VAGINA <\/strong><\/p>\n<p>Siente cada uno de los pliegues y las texturas y curvas \u00edntimas de la famosa actriz porno Maitland Ward<\/p>\n<p>Maitland ingres\u00f3 en la industria para adultos en 2019 como la nueva cara de Deeper.com, un sitio XXX de alta gama con una sensaci\u00f3n lujosa y sensual, mientras trabajaba con estrellas de alto perfil como su compa\u00f1era Fleshlight Girl Riley Reid. En su primer a\u00f1o en la pornograf\u00eda, gan\u00f3 el premio a la Mejor Actriz de Reparto en los Premios AVN de 2020. \u00a1Esta bomba tiene una nueva carrera emocionante por delante!<\/p>\n<p>Por fuera, este masturbador masculino, tiene el dise\u00f1o exclusivo que solo Fleshlight tiene y que lo convierte en la marca de masturbadores masculinos n&ordm; 1 del mundo por su dise\u00f1o<\/p>\n<p>Por dentro, las mangas est\u00e1n hechas de un material real\u00edstico, es como si fuera piel de verdad, adapt\u00e1ndose a la temperatura de tu cuerpo, lo que le porporcionar\u00e1 mucho mas realismo. Su dise\u00f1o es espectacular tanto por dentro como por fuera. Su manga es una r\u00e9plica exacta de la vagina de esta actriz, lo que lo convierte en un pieza de placer \u00fanica y super exclusiva.<\/p>\n<p>Con este masturbador obtendr\u00e1s la mejor experiencia de masturbaci\u00f3n para hombres.<\/p>\n<p>Dispone de dos tapas, una principal, que cubre la parte exterior de la manga, y otra inferior con la que podr\u00e1s regular el nivel de presi\u00f3n y por tanto de masturbaci\u00f3n.<\/p>\n<ul>\n<li>Manga Maitland Ward<\/li>\n<li>Estilo: Vagina<\/li>\n<li>Sensaci\u00f3n Fleshlight: Tight Chicks Texture<\/li>\n<li>F\u00e1cil de usar y limpiar<\/li>\n<li>Material: Superskin<\/li>\n<li>Color: Carne<\/li>\n<li>SENSACI\u00d3N FLESHLIGHT: Tight Chicks Texture<\/li>\n<\/ul>\n<p>No podr\u00e1 ocultar lo mucho que le encantar\u00e1 una de nuestras texturas m\u00e1s locas: Tight Chicks de Maitland Ward. Toda la manga es una monta\u00f1a rusa de perlas de estimulaci\u00f3n intensa y filas de almohadillas de placer. Su serpiente querr\u00e1 atravesar cada cent\u00edmetro de la retaguardia de Maitland hasta que se revelen todos los secretos. Tight Chicks es un viaje de calentamiento de pollas con muchos finales felices<\/p>\n<p>Fleshlight\u00ae es l\u00edder mundial en la fabricacion de masturbadores masculinos utilizando moldes de personas reales, sus grandes calidades y cualidades han dado lugar a una marca pensada para el hombre y su placer \u00fanica en el mundo.<\/p>\n","protected":false},"excerpt":{"rendered":"<p>FLESHLIGHT GIRLS MAITLAND WARD TOY MEETS WORLD SIGNATURE VAGINA Siente cada uno de los pliegues y las texturas y curvas<\/p>\n","protected":false},"featured_media":33325,"comment_status":"open","ping_status":"open","template":"","meta":[],"product_cat":[541],"product_tag":[576,690],"class_list":["post-33324","product","type-product","status-publish","has-post-thumbnail","hentry","product_cat-vaginas","product_tag-fleshlight","product_tag-fleshlight-girls"],"bundled_by":[],"bundle_stock_status":"instock","bundle_stock_quantity":2,"bundle_virtual":false,"bundle_layout":"","bundle_add_to_cart_form_location":"","bundle_editable_in_cart":false,"bundle_sold_individually_context":"","bundle_item_grouping":"","bundle_min_size":"","bundle_max_size":"","bundled_items":[],"yoast_head":"<!-- This site is optimized with the Yoast SEO plugin v20.6 - https:\/\/yoast.com\/wordpress\/plugins\/seo\/ -->\n<title>FLESHLIGHT GIRLS MAITLAND WARD TOY MEETS WORLD SIGNATURE VAGINA - Tienda Er\u00f3tica<\/title>\n<meta name=\"robots\" content=\"noindex, follow, max-snippet:-1, max-image-preview:large, max-video-preview:-1\" \/>\n<meta property=\"og:locale\" content=\"es_ES\" \/>\n<meta property=\"og:type\" content=\"article\" \/>\n<meta property=\"og:title\" content=\"FLESHLIGHT GIRLS MAITLAND WARD TOY MEETS WORLD SIGNATURE VAGINA - Tienda Er\u00f3tica\" \/>\n<meta property=\"og:description\" content=\"FLESHLIGHT GIRLS MAITLAND WARD TOY MEETS WORLD SIGNATURE VAGINA Siente cada uno de los pliegues y las texturas y curvas\" \/>\n<meta property=\"og:url\" content=\"https:\/\/demoweb.info\/sexshop001\/producto\/fleshlight-girls-maitland-ward-toy-meets-world-signature-vagina\/\" \/>\n<meta property=\"og:site_name\" content=\"Tienda Er\u00f3tica\" \/>\n<meta property=\"article:modified_time\" content=\"2022-01-22T12:09:49+00:00\" \/>\n<meta property=\"og:image\" content=\"https:\/\/demoweb.info\/sexshop001\/wp-content\/uploads\/2022\/01\/FLESHLIGHT-GIRLS-MAITLAND-WARD-TOY-MEETS-WORLD-SIGNATURE-VAGINA.jpg\" \/>\n\t<meta property=\"og:image:width\" content=\"550\" \/>\n\t<meta property=\"og:image:height\" content=\"550\" \/>\n\t<meta property=\"og:image:type\" content=\"image\/jpeg\" \/>\n<meta name=\"twitter:card\" content=\"summary_large_image\" \/>\n<meta name=\"twitter:label1\" content=\"Tiempo de lectura\" \/>\n\t<meta name=\"twitter:data1\" content=\"2 minutos\" \/>\n<script type=\"application\/ld+json\" class=\"yoast-schema-graph\">{\"@context\":\"https:\/\/schema.org\",\"@graph\":[{\"@type\":\"WebPage\",\"@id\":\"https:\/\/demoweb.info\/sexshop001\/producto\/fleshlight-girls-maitland-ward-toy-meets-world-signature-vagina\/\",\"url\":\"https:\/\/demoweb.info\/sexshop001\/producto\/fleshlight-girls-maitland-ward-toy-meets-world-signature-vagina\/\",\"name\":\"FLESHLIGHT GIRLS MAITLAND WARD TOY MEETS WORLD SIGNATURE VAGINA - Tienda Er\u00f3tica\",\"isPartOf\":{\"@id\":\"https:\/\/demoweb.info\/sexshop001\/#website\"},\"datePublished\":\"2022-01-22T12:09:46+00:00\",\"dateModified\":\"2022-01-22T12:09:49+00:00\",\"breadcrumb\":{\"@id\":\"https:\/\/demoweb.info\/sexshop001\/producto\/fleshlight-girls-maitland-ward-toy-meets-world-signature-vagina\/#breadcrumb\"},\"inLanguage\":\"es\",\"potentialAction\":[{\"@type\":\"ReadAction\",\"target\":[\"https:\/\/demoweb.info\/sexshop001\/producto\/fleshlight-girls-maitland-ward-toy-meets-world-signature-vagina\/\"]}]},{\"@type\":\"BreadcrumbList\",\"@id\":\"https:\/\/demoweb.info\/sexshop001\/producto\/fleshlight-girls-maitland-ward-toy-meets-world-signature-vagina\/#breadcrumb\",\"itemListElement\":[{\"@type\":\"ListItem\",\"position\":1,\"name\":\"Portada\",\"item\":\"https:\/\/demoweb.info\/sexshop001\/\"},{\"@type\":\"ListItem\",\"position\":2,\"name\":\"Tienda\",\"item\":\"https:\/\/demoweb.info\/sexshop001\/tienda\/\"},{\"@type\":\"ListItem\",\"position\":3,\"name\":\"FLESHLIGHT GIRLS MAITLAND WARD TOY MEETS WORLD SIGNATURE VAGINA\"}]},{\"@type\":\"WebSite\",\"@id\":\"https:\/\/demoweb.info\/sexshop001\/#website\",\"url\":\"https:\/\/demoweb.info\/sexshop001\/\",\"name\":\"Tienda Er\u00f3tica\",\"description\":\"DEMOWEB SL\",\"potentialAction\":[{\"@type\":\"SearchAction\",\"target\":{\"@type\":\"EntryPoint\",\"urlTemplate\":\"https:\/\/demoweb.info\/sexshop001\/?s={search_term_string}\"},\"query-input\":\"required name=search_term_string\"}],\"inLanguage\":\"es\"}]}<\/script>\n<!-- \/ Yoast SEO plugin. -->","yoast_head_json":{"title":"FLESHLIGHT GIRLS MAITLAND WARD TOY MEETS WORLD SIGNATURE VAGINA - Tienda Er\u00f3tica","robots":{"index":"noindex","follow":"follow","max-snippet":"max-snippet:-1","max-image-preview":"max-image-preview:large","max-video-preview":"max-video-preview:-1"},"og_locale":"es_ES","og_type":"article","og_title":"FLESHLIGHT GIRLS MAITLAND WARD TOY MEETS WORLD SIGNATURE VAGINA - Tienda Er\u00f3tica","og_description":"FLESHLIGHT GIRLS MAITLAND WARD TOY MEETS WORLD SIGNATURE VAGINA Siente cada uno de los pliegues y las texturas y curvas","og_url":"https:\/\/demoweb.info\/sexshop001\/producto\/fleshlight-girls-maitland-ward-toy-meets-world-signature-vagina\/","og_site_name":"Tienda Er\u00f3tica","article_modified_time":"2022-01-22T12:09:49+00:00","og_image":[{"width":550,"height":550,"url":"https:\/\/demoweb.info\/sexshop001\/wp-content\/uploads\/2022\/01\/FLESHLIGHT-GIRLS-MAITLAND-WARD-TOY-MEETS-WORLD-SIGNATURE-VAGINA.jpg","type":"image\/jpeg"}],"twitter_card":"summary_large_image","twitter_misc":{"Tiempo de lectura":"2 minutos"},"schema":{"@context":"https:\/\/schema.org","@graph":[{"@type":"WebPage","@id":"https:\/\/demoweb.info\/sexshop001\/producto\/fleshlight-girls-maitland-ward-toy-meets-world-signature-vagina\/","url":"https:\/\/demoweb.info\/sexshop001\/producto\/fleshlight-girls-maitland-ward-toy-meets-world-signature-vagina\/","name":"FLESHLIGHT GIRLS MAITLAND WARD TOY MEETS WORLD SIGNATURE VAGINA - Tienda Er\u00f3tica","isPartOf":{"@id":"https:\/\/demoweb.info\/sexshop001\/#website"},"datePublished":"2022-01-22T12:09:46+00:00","dateModified":"2022-01-22T12:09:49+00:00","breadcrumb":{"@id":"https:\/\/demoweb.info\/sexshop001\/producto\/fleshlight-girls-maitland-ward-toy-meets-world-signature-vagina\/#breadcrumb"},"inLanguage":"es","potentialAction":[{"@type":"ReadAction","target":["https:\/\/demoweb.info\/sexshop001\/producto\/fleshlight-girls-maitland-ward-toy-meets-world-signature-vagina\/"]}]},{"@type":"BreadcrumbList","@id":"https:\/\/demoweb.info\/sexshop001\/producto\/fleshlight-girls-maitland-ward-toy-meets-world-signature-vagina\/#breadcrumb","itemListElement":[{"@type":"ListItem","position":1,"name":"Portada","item":"https:\/\/demoweb.info\/sexshop001\/"},{"@type":"ListItem","position":2,"name":"Tienda","item":"https:\/\/demoweb.info\/sexshop001\/tienda\/"},{"@type":"ListItem","position":3,"name":"FLESHLIGHT GIRLS MAITLAND WARD TOY MEETS WORLD SIGNATURE VAGINA"}]},{"@type":"WebSite","@id":"https:\/\/demoweb.info\/sexshop001\/#website","url":"https:\/\/demoweb.info\/sexshop001\/","name":"Tienda Er\u00f3tica","description":"DEMOWEB SL","potentialAction":[{"@type":"SearchAction","target":{"@type":"EntryPoint","urlTemplate":"https:\/\/demoweb.info\/sexshop001\/?s={search_term_string}"},"query-input":"required name=search_term_string"}],"inLanguage":"es"}]}},"_links":{"self":[{"href":"https:\/\/demoweb.info\/sexshop001\/wp-json\/wp\/v3\/product\/33324","targetHints":{"allow":["GET"]}}],"collection":[{"href":"https:\/\/demoweb.info\/sexshop001\/wp-json\/wp\/v3\/product"}],"about":[{"href":"https:\/\/demoweb.info\/sexshop001\/wp-json\/wp\/v2\/types\/product"}],"replies":[{"embeddable":true,"href":"https:\/\/demoweb.info\/sexshop001\/wp-json\/wp\/v2\/comments?post=33324"}],"wp:featuredmedia":[{"embeddable":true,"href":"https:\/\/demoweb.info\/sexshop001\/wp-json\/wp\/v2\/media\/33325"}],"wp:attachment":[{"href":"https:\/\/demoweb.info\/sexshop001\/wp-json\/wp\/v2\/media?parent=33324"}],"wp:term":[{"taxonomy":"product_cat","embeddable":true,"href":"https:\/\/demoweb.info\/sexshop001\/wp-json\/wp\/v2\/product_cat?post=33324"},{"taxonomy":"product_tag","embeddable":true,"href":"https:\/\/demoweb.info\/sexshop001\/wp-json\/wp\/v2\/product_tag?post=33324"}],"curies":[{"name":"wp","href":"https:\/\/api.w.org\/{rel}","templated":true}]}}