{"id":33305,"date":"2022-01-22T13:09:33","date_gmt":"2022-01-22T12:09:33","guid":{"rendered":"https:\/\/demoweb.info\/sexshop001\/producto\/fleshlight-girls-autumn-falls-cream-signature-masturbador-vagina\/"},"modified":"2022-01-22T13:09:37","modified_gmt":"2022-01-22T12:09:37","slug":"fleshlight-girls-autumn-falls-cream-signature-masturbador-vagina","status":"publish","type":"product","link":"https:\/\/demoweb.info\/sexshop001\/producto\/fleshlight-girls-autumn-falls-cream-signature-masturbador-vagina\/","title":{"rendered":"FLESHLIGHT GIRLS AUTUMN FALLS CREAM SIGNATURE &#8211; MASTURBADOR VAGINA"},"content":{"rendered":"<p><strong>FLESHLIGHT GIRLS AUTUMN FALLS CREAM SIGNATURE VAGINA<\/strong><\/p>\n<p>Siente cada uno de los pliegues y las texturas y curvas \u00edntimas de la famosa actriz porno Autumn Falls<\/p>\n<p>Autumn es la joven y natural latina con la que siempre ha so\u00f1ado. Criada en Nueva York, esta problem\u00e1tica belleza est\u00e1 lista para que la castiguen.Autumn decidi\u00f3 mudarse a Los \u00c1ngeles para convertirse en una estrella del mundo para adultos y, como era de esperar, comenz\u00f3 a trabajar de inmediato.<\/p>\n<p>Autumn ha participado en m\u00e1s de 100 escenas en sus primeros seis meses, trabajando con muchos de los mejores artistas de la industria a trav\u00e9s de estudios como Bang Bros, Reality Kings, Vixen, Passion HD, Naughty America, Mofos y Brazzers. Su carrera est\u00e1 explotando y esto se demuestra a trav\u00e9s de los numerosos premios que ha obtenido, incluidos &#39;Top Newcomer&#39; en los premios Pornhub 2019 &#39;Best New Starlet&#39; en los XBIZ Awards 2020 y &#39;Hottest Newcomer&#39;, &#39;Best Group Sex Scene&#39; y &#39;Best Three -Way Sex Scene &#39;en los premios AVN 2020.<\/p>\n<p>Por fuera, este masturbador masculino, tiene el dise\u00f1o exclusivo que solo Fleshlight tiene y que lo convierte en la marca de masturbadores masculinos n&ordm; 1 del mundo por su dise\u00f1o<\/p>\n<p>Por dentro, las mangas est\u00e1n hechas de un material real\u00edstico, es como si fuera piel de verdad, adapt\u00e1ndose a la temperatura de tu cuerpo, lo que le porporcionar\u00e1 mucho mas realismo. Su dise\u00f1o es espectacular tanto por dentro como por fuera. Su manga es una r\u00e9plica exacta de la vagina de esta actriz, lo que lo convierte en un pieza de placer \u00fanica y super exclusiva.<\/p>\n<p>Con este masturbador obtendras la mejor experiencia de masturbaci\u00f3n para hombres. Es como si de una vagina real se tratara<\/p>\n<p>Dispone de dos tapas, una principal, que cubre la parte exterior de la manga, y otra inferior con la que podr\u00e1s regular el nivel de presi\u00f3n y por tanto de masturbaci\u00f3n.<\/p>\n<ul>\n<li>Manga Autumn Falls<\/li>\n<li>Estilo: Vagina<\/li>\n<li>Sensaci\u00f3n Fleshlight: Cream Texture<\/li>\n<li>F\u00e1cil de usar y limpiar<\/li>\n<li>Material: Superskin<\/li>\n<li>Color: Carne<\/li>\n<li>SENSACI\u00d3N FLESHLIGHT: CREAM TEXTURE<\/li>\n<\/ul>\n<p>El Fleshlight Lady de Autumn Falls es todo lo que podr\u00eda esperar de esta estrella del porno puertorrique\u00f1a. Deslice sumiembro entre sus hermosos labios bronceados y se encontrar\u00e1 inmediatamente con una variedad de tentadoras texturas con densas almohadillas del placer y una rejilla cruzada con ondas de tensi\u00f3n intermitente en todas partes. Por fin ha llegado el momento de aplicar su crema dentro de esta princesa latina.<\/p>\n","protected":false},"excerpt":{"rendered":"<p>FLESHLIGHT GIRLS AUTUMN FALLS CREAM SIGNATURE VAGINA Siente cada uno de los pliegues y las texturas y curvas \u00edntimas de<\/p>\n","protected":false},"featured_media":33306,"comment_status":"open","ping_status":"open","template":"","meta":[],"product_cat":[541],"product_tag":[576,690],"class_list":["post-33305","product","type-product","status-publish","has-post-thumbnail","hentry","product_cat-vaginas","product_tag-fleshlight","product_tag-fleshlight-girls"],"bundled_by":[],"bundle_stock_status":"instock","bundle_stock_quantity":4,"bundle_virtual":false,"bundle_layout":"","bundle_add_to_cart_form_location":"","bundle_editable_in_cart":false,"bundle_sold_individually_context":"","bundle_item_grouping":"","bundle_min_size":"","bundle_max_size":"","bundled_items":[],"yoast_head":"<!-- This site is optimized with the Yoast SEO plugin v20.6 - https:\/\/yoast.com\/wordpress\/plugins\/seo\/ -->\n<title>FLESHLIGHT GIRLS AUTUMN FALLS CREAM SIGNATURE - MASTURBADOR VAGINA - Tienda Er\u00f3tica<\/title>\n<meta name=\"robots\" content=\"noindex, follow, max-snippet:-1, max-image-preview:large, max-video-preview:-1\" \/>\n<meta property=\"og:locale\" content=\"es_ES\" \/>\n<meta property=\"og:type\" content=\"article\" \/>\n<meta property=\"og:title\" content=\"FLESHLIGHT GIRLS AUTUMN FALLS CREAM SIGNATURE - MASTURBADOR VAGINA - Tienda Er\u00f3tica\" \/>\n<meta property=\"og:description\" content=\"FLESHLIGHT GIRLS AUTUMN FALLS CREAM SIGNATURE VAGINA Siente cada uno de los pliegues y las texturas y curvas \u00edntimas de\" \/>\n<meta property=\"og:url\" content=\"https:\/\/demoweb.info\/sexshop001\/producto\/fleshlight-girls-autumn-falls-cream-signature-masturbador-vagina\/\" \/>\n<meta property=\"og:site_name\" content=\"Tienda Er\u00f3tica\" \/>\n<meta property=\"article:modified_time\" content=\"2022-01-22T12:09:37+00:00\" \/>\n<meta property=\"og:image\" content=\"https:\/\/demoweb.info\/sexshop001\/wp-content\/uploads\/2022\/01\/FLESHLIGHT-GIRLS-AUTUMN-FALLS-CREAM-SIGNATURE-MASTURBADOR-VAGINA.jpg\" \/>\n\t<meta property=\"og:image:width\" content=\"550\" \/>\n\t<meta property=\"og:image:height\" content=\"550\" \/>\n\t<meta property=\"og:image:type\" content=\"image\/jpeg\" \/>\n<meta name=\"twitter:card\" content=\"summary_large_image\" \/>\n<meta name=\"twitter:label1\" content=\"Tiempo de lectura\" \/>\n\t<meta name=\"twitter:data1\" content=\"2 minutos\" \/>\n<script type=\"application\/ld+json\" class=\"yoast-schema-graph\">{\"@context\":\"https:\/\/schema.org\",\"@graph\":[{\"@type\":\"WebPage\",\"@id\":\"https:\/\/demoweb.info\/sexshop001\/producto\/fleshlight-girls-autumn-falls-cream-signature-masturbador-vagina\/\",\"url\":\"https:\/\/demoweb.info\/sexshop001\/producto\/fleshlight-girls-autumn-falls-cream-signature-masturbador-vagina\/\",\"name\":\"FLESHLIGHT GIRLS AUTUMN FALLS CREAM SIGNATURE - MASTURBADOR VAGINA - Tienda Er\u00f3tica\",\"isPartOf\":{\"@id\":\"https:\/\/demoweb.info\/sexshop001\/#website\"},\"datePublished\":\"2022-01-22T12:09:33+00:00\",\"dateModified\":\"2022-01-22T12:09:37+00:00\",\"breadcrumb\":{\"@id\":\"https:\/\/demoweb.info\/sexshop001\/producto\/fleshlight-girls-autumn-falls-cream-signature-masturbador-vagina\/#breadcrumb\"},\"inLanguage\":\"es\",\"potentialAction\":[{\"@type\":\"ReadAction\",\"target\":[\"https:\/\/demoweb.info\/sexshop001\/producto\/fleshlight-girls-autumn-falls-cream-signature-masturbador-vagina\/\"]}]},{\"@type\":\"BreadcrumbList\",\"@id\":\"https:\/\/demoweb.info\/sexshop001\/producto\/fleshlight-girls-autumn-falls-cream-signature-masturbador-vagina\/#breadcrumb\",\"itemListElement\":[{\"@type\":\"ListItem\",\"position\":1,\"name\":\"Portada\",\"item\":\"https:\/\/demoweb.info\/sexshop001\/\"},{\"@type\":\"ListItem\",\"position\":2,\"name\":\"Tienda\",\"item\":\"https:\/\/demoweb.info\/sexshop001\/tienda\/\"},{\"@type\":\"ListItem\",\"position\":3,\"name\":\"FLESHLIGHT GIRLS AUTUMN FALLS CREAM SIGNATURE &#8211; MASTURBADOR VAGINA\"}]},{\"@type\":\"WebSite\",\"@id\":\"https:\/\/demoweb.info\/sexshop001\/#website\",\"url\":\"https:\/\/demoweb.info\/sexshop001\/\",\"name\":\"Tienda Er\u00f3tica\",\"description\":\"DEMOWEB SL\",\"potentialAction\":[{\"@type\":\"SearchAction\",\"target\":{\"@type\":\"EntryPoint\",\"urlTemplate\":\"https:\/\/demoweb.info\/sexshop001\/?s={search_term_string}\"},\"query-input\":\"required name=search_term_string\"}],\"inLanguage\":\"es\"}]}<\/script>\n<!-- \/ Yoast SEO plugin. -->","yoast_head_json":{"title":"FLESHLIGHT GIRLS AUTUMN FALLS CREAM SIGNATURE - MASTURBADOR VAGINA - Tienda Er\u00f3tica","robots":{"index":"noindex","follow":"follow","max-snippet":"max-snippet:-1","max-image-preview":"max-image-preview:large","max-video-preview":"max-video-preview:-1"},"og_locale":"es_ES","og_type":"article","og_title":"FLESHLIGHT GIRLS AUTUMN FALLS CREAM SIGNATURE - MASTURBADOR VAGINA - Tienda Er\u00f3tica","og_description":"FLESHLIGHT GIRLS AUTUMN FALLS CREAM SIGNATURE VAGINA Siente cada uno de los pliegues y las texturas y curvas \u00edntimas de","og_url":"https:\/\/demoweb.info\/sexshop001\/producto\/fleshlight-girls-autumn-falls-cream-signature-masturbador-vagina\/","og_site_name":"Tienda Er\u00f3tica","article_modified_time":"2022-01-22T12:09:37+00:00","og_image":[{"width":550,"height":550,"url":"https:\/\/demoweb.info\/sexshop001\/wp-content\/uploads\/2022\/01\/FLESHLIGHT-GIRLS-AUTUMN-FALLS-CREAM-SIGNATURE-MASTURBADOR-VAGINA.jpg","type":"image\/jpeg"}],"twitter_card":"summary_large_image","twitter_misc":{"Tiempo de lectura":"2 minutos"},"schema":{"@context":"https:\/\/schema.org","@graph":[{"@type":"WebPage","@id":"https:\/\/demoweb.info\/sexshop001\/producto\/fleshlight-girls-autumn-falls-cream-signature-masturbador-vagina\/","url":"https:\/\/demoweb.info\/sexshop001\/producto\/fleshlight-girls-autumn-falls-cream-signature-masturbador-vagina\/","name":"FLESHLIGHT GIRLS AUTUMN FALLS CREAM SIGNATURE - MASTURBADOR VAGINA - Tienda Er\u00f3tica","isPartOf":{"@id":"https:\/\/demoweb.info\/sexshop001\/#website"},"datePublished":"2022-01-22T12:09:33+00:00","dateModified":"2022-01-22T12:09:37+00:00","breadcrumb":{"@id":"https:\/\/demoweb.info\/sexshop001\/producto\/fleshlight-girls-autumn-falls-cream-signature-masturbador-vagina\/#breadcrumb"},"inLanguage":"es","potentialAction":[{"@type":"ReadAction","target":["https:\/\/demoweb.info\/sexshop001\/producto\/fleshlight-girls-autumn-falls-cream-signature-masturbador-vagina\/"]}]},{"@type":"BreadcrumbList","@id":"https:\/\/demoweb.info\/sexshop001\/producto\/fleshlight-girls-autumn-falls-cream-signature-masturbador-vagina\/#breadcrumb","itemListElement":[{"@type":"ListItem","position":1,"name":"Portada","item":"https:\/\/demoweb.info\/sexshop001\/"},{"@type":"ListItem","position":2,"name":"Tienda","item":"https:\/\/demoweb.info\/sexshop001\/tienda\/"},{"@type":"ListItem","position":3,"name":"FLESHLIGHT GIRLS AUTUMN FALLS CREAM SIGNATURE &#8211; MASTURBADOR VAGINA"}]},{"@type":"WebSite","@id":"https:\/\/demoweb.info\/sexshop001\/#website","url":"https:\/\/demoweb.info\/sexshop001\/","name":"Tienda Er\u00f3tica","description":"DEMOWEB SL","potentialAction":[{"@type":"SearchAction","target":{"@type":"EntryPoint","urlTemplate":"https:\/\/demoweb.info\/sexshop001\/?s={search_term_string}"},"query-input":"required name=search_term_string"}],"inLanguage":"es"}]}},"_links":{"self":[{"href":"https:\/\/demoweb.info\/sexshop001\/wp-json\/wp\/v3\/product\/33305","targetHints":{"allow":["GET"]}}],"collection":[{"href":"https:\/\/demoweb.info\/sexshop001\/wp-json\/wp\/v3\/product"}],"about":[{"href":"https:\/\/demoweb.info\/sexshop001\/wp-json\/wp\/v2\/types\/product"}],"replies":[{"embeddable":true,"href":"https:\/\/demoweb.info\/sexshop001\/wp-json\/wp\/v2\/comments?post=33305"}],"wp:featuredmedia":[{"embeddable":true,"href":"https:\/\/demoweb.info\/sexshop001\/wp-json\/wp\/v2\/media\/33306"}],"wp:attachment":[{"href":"https:\/\/demoweb.info\/sexshop001\/wp-json\/wp\/v2\/media?parent=33305"}],"wp:term":[{"taxonomy":"product_cat","embeddable":true,"href":"https:\/\/demoweb.info\/sexshop001\/wp-json\/wp\/v2\/product_cat?post=33305"},{"taxonomy":"product_tag","embeddable":true,"href":"https:\/\/demoweb.info\/sexshop001\/wp-json\/wp\/v2\/product_tag?post=33305"}],"curies":[{"name":"wp","href":"https:\/\/api.w.org\/{rel}","templated":true}]}}