{"id":33301,"date":"2022-01-22T13:09:33","date_gmt":"2022-01-22T12:09:33","guid":{"rendered":"https:\/\/demoweb.info\/sexshop001\/producto\/cerca-de-ti\/"},"modified":"2022-01-22T13:09:36","modified_gmt":"2022-01-22T12:09:36","slug":"cerca-de-ti","status":"publish","type":"product","link":"https:\/\/demoweb.info\/sexshop001\/producto\/cerca-de-ti\/","title":{"rendered":"CERCA DE TI"},"content":{"rendered":"<p><strong>CERCA DE TI<\/strong><\/p>\n<p>Lara Serodio<\/p>\n<p><strong>\u00bfCONF\u00cdAS EN LA PERSONA AL OTRO LADO DE LA PANTALLA?<\/strong><\/p>\n<p><strong>Un <em>thriller <\/em>que descubre nuestros miedos m\u00e1s oscuros incluso all\u00ed donde nos sentimos m\u00e1s a salvo.<\/strong><\/p>\n<p><strong>DOS MUJERES QUE SE HAN CONVERTIDO EN DESCONOCIDAS<\/strong><\/p>\n<p>Carla y su hija Lola viven juntas en un amplio y lujoso apartamento. La madre es exitosa y atractiva; la hija, una adolescente poco comunicativa y complicada. Ambas son independientes y fuertes y no necesitan a los dem\u00e1s para conseguir lo que quieren.<\/p>\n<p><strong>UNA VIOLENCIA SILENCIOSA QUE TEJE LOS HILOS DE UN <em>THRILLER <\/em>PERFECTO<\/strong><\/p>\n<p>Desde que Lola dej\u00f3 de ser una ni\u00f1a, lo \u00fanico que comparten es la pared que separa sus dormitorios. Tras ella, Carla vive noches de sexo desenfrenado con desconocidos, mientras, al otro lado, Lola se averg\u00fcenza de sus fantas\u00edas.<\/p>\n<p><strong>UNA MADRE Y UNA HIJA QUE DEBER\u00c7N UNIR SUS FUERZAS PARA SALVARSE<\/strong><\/p>\n<p>A escondidas, ambas buscar\u00e1n refugio en las aplicaciones de citas. Sin embargo, al otro lado de la pantalla aguardan pesadillas de las que madre e hija solo podr\u00e1n escapar si deciden confiar la una en la otra.<\/p>\n<p>El resultado es un <em>thriller <\/em>turbio y adictivo que nos enfrenta a nuestro lado m\u00e1s oscuro.<\/p>\n<ul>\n<li>N&ordm; de p\u00e1ginas: 496<\/li>\n<li>Editorial: S.A. EDICIONES B<\/li>\n<li>Idioma: CASTELLANO<\/li>\n<li>Encuadernaci\u00f3n: Tapa blanda<\/li>\n<li>ISBN: 9788466669504<\/li>\n<li>A\u00f1o de edici\u00f3n: 2021<\/li>\n<li>Plaza de edici\u00f3n: ES<\/li>\n<li>Fecha de lanzamiento: 08\/07\/2021<\/li>\n<\/ul>\n","protected":false},"excerpt":{"rendered":"<p>CERCA DE TI Lara Serodio \u00bfCONF\u00cdAS EN LA PERSONA AL OTRO LADO DE LA PANTALLA? Un thriller que descubre nuestros<\/p>\n","protected":false},"featured_media":33302,"comment_status":"open","ping_status":"open","template":"","meta":[],"product_cat":[414],"product_tag":[945],"class_list":["post-33301","product","type-product","status-publish","has-post-thumbnail","hentry","product_cat-libros","product_tag-ediciones-b"],"bundled_by":[],"bundle_stock_status":"instock","bundle_stock_quantity":1,"bundle_virtual":false,"bundle_layout":"","bundle_add_to_cart_form_location":"","bundle_editable_in_cart":false,"bundle_sold_individually_context":"","bundle_item_grouping":"","bundle_min_size":"","bundle_max_size":"","bundled_items":[],"yoast_head":"<!-- This site is optimized with the Yoast SEO plugin v20.6 - https:\/\/yoast.com\/wordpress\/plugins\/seo\/ -->\n<title>CERCA DE TI - Tienda Er\u00f3tica<\/title>\n<meta name=\"robots\" content=\"noindex, follow, max-snippet:-1, max-image-preview:large, max-video-preview:-1\" \/>\n<meta property=\"og:locale\" content=\"es_ES\" \/>\n<meta property=\"og:type\" content=\"article\" \/>\n<meta property=\"og:title\" content=\"CERCA DE TI - Tienda Er\u00f3tica\" \/>\n<meta property=\"og:description\" content=\"CERCA DE TI Lara Serodio \u00bfCONF\u00cdAS EN LA PERSONA AL OTRO LADO DE LA PANTALLA? Un thriller que descubre nuestros\" \/>\n<meta property=\"og:url\" content=\"https:\/\/demoweb.info\/sexshop001\/producto\/cerca-de-ti\/\" \/>\n<meta property=\"og:site_name\" content=\"Tienda Er\u00f3tica\" \/>\n<meta property=\"article:modified_time\" content=\"2022-01-22T12:09:36+00:00\" \/>\n<meta property=\"og:image\" content=\"https:\/\/demoweb.info\/sexshop001\/wp-content\/uploads\/2022\/01\/CERCA-DE-TI.jpg\" \/>\n\t<meta property=\"og:image:width\" content=\"550\" \/>\n\t<meta property=\"og:image:height\" content=\"550\" \/>\n\t<meta property=\"og:image:type\" content=\"image\/jpeg\" \/>\n<meta name=\"twitter:card\" content=\"summary_large_image\" \/>\n<meta name=\"twitter:label1\" content=\"Tiempo de lectura\" \/>\n\t<meta name=\"twitter:data1\" content=\"1 minuto\" \/>\n<script type=\"application\/ld+json\" class=\"yoast-schema-graph\">{\"@context\":\"https:\/\/schema.org\",\"@graph\":[{\"@type\":\"WebPage\",\"@id\":\"https:\/\/demoweb.info\/sexshop001\/producto\/cerca-de-ti\/\",\"url\":\"https:\/\/demoweb.info\/sexshop001\/producto\/cerca-de-ti\/\",\"name\":\"CERCA DE TI - Tienda Er\u00f3tica\",\"isPartOf\":{\"@id\":\"https:\/\/demoweb.info\/sexshop001\/#website\"},\"datePublished\":\"2022-01-22T12:09:33+00:00\",\"dateModified\":\"2022-01-22T12:09:36+00:00\",\"breadcrumb\":{\"@id\":\"https:\/\/demoweb.info\/sexshop001\/producto\/cerca-de-ti\/#breadcrumb\"},\"inLanguage\":\"es\",\"potentialAction\":[{\"@type\":\"ReadAction\",\"target\":[\"https:\/\/demoweb.info\/sexshop001\/producto\/cerca-de-ti\/\"]}]},{\"@type\":\"BreadcrumbList\",\"@id\":\"https:\/\/demoweb.info\/sexshop001\/producto\/cerca-de-ti\/#breadcrumb\",\"itemListElement\":[{\"@type\":\"ListItem\",\"position\":1,\"name\":\"Portada\",\"item\":\"https:\/\/demoweb.info\/sexshop001\/\"},{\"@type\":\"ListItem\",\"position\":2,\"name\":\"Tienda\",\"item\":\"https:\/\/demoweb.info\/sexshop001\/tienda\/\"},{\"@type\":\"ListItem\",\"position\":3,\"name\":\"CERCA DE TI\"}]},{\"@type\":\"WebSite\",\"@id\":\"https:\/\/demoweb.info\/sexshop001\/#website\",\"url\":\"https:\/\/demoweb.info\/sexshop001\/\",\"name\":\"Tienda Er\u00f3tica\",\"description\":\"DEMOWEB SL\",\"potentialAction\":[{\"@type\":\"SearchAction\",\"target\":{\"@type\":\"EntryPoint\",\"urlTemplate\":\"https:\/\/demoweb.info\/sexshop001\/?s={search_term_string}\"},\"query-input\":\"required name=search_term_string\"}],\"inLanguage\":\"es\"}]}<\/script>\n<!-- \/ Yoast SEO plugin. -->","yoast_head_json":{"title":"CERCA DE TI - Tienda Er\u00f3tica","robots":{"index":"noindex","follow":"follow","max-snippet":"max-snippet:-1","max-image-preview":"max-image-preview:large","max-video-preview":"max-video-preview:-1"},"og_locale":"es_ES","og_type":"article","og_title":"CERCA DE TI - Tienda Er\u00f3tica","og_description":"CERCA DE TI Lara Serodio \u00bfCONF\u00cdAS EN LA PERSONA AL OTRO LADO DE LA PANTALLA? Un thriller que descubre nuestros","og_url":"https:\/\/demoweb.info\/sexshop001\/producto\/cerca-de-ti\/","og_site_name":"Tienda Er\u00f3tica","article_modified_time":"2022-01-22T12:09:36+00:00","og_image":[{"width":550,"height":550,"url":"https:\/\/demoweb.info\/sexshop001\/wp-content\/uploads\/2022\/01\/CERCA-DE-TI.jpg","type":"image\/jpeg"}],"twitter_card":"summary_large_image","twitter_misc":{"Tiempo de lectura":"1 minuto"},"schema":{"@context":"https:\/\/schema.org","@graph":[{"@type":"WebPage","@id":"https:\/\/demoweb.info\/sexshop001\/producto\/cerca-de-ti\/","url":"https:\/\/demoweb.info\/sexshop001\/producto\/cerca-de-ti\/","name":"CERCA DE TI - Tienda Er\u00f3tica","isPartOf":{"@id":"https:\/\/demoweb.info\/sexshop001\/#website"},"datePublished":"2022-01-22T12:09:33+00:00","dateModified":"2022-01-22T12:09:36+00:00","breadcrumb":{"@id":"https:\/\/demoweb.info\/sexshop001\/producto\/cerca-de-ti\/#breadcrumb"},"inLanguage":"es","potentialAction":[{"@type":"ReadAction","target":["https:\/\/demoweb.info\/sexshop001\/producto\/cerca-de-ti\/"]}]},{"@type":"BreadcrumbList","@id":"https:\/\/demoweb.info\/sexshop001\/producto\/cerca-de-ti\/#breadcrumb","itemListElement":[{"@type":"ListItem","position":1,"name":"Portada","item":"https:\/\/demoweb.info\/sexshop001\/"},{"@type":"ListItem","position":2,"name":"Tienda","item":"https:\/\/demoweb.info\/sexshop001\/tienda\/"},{"@type":"ListItem","position":3,"name":"CERCA DE TI"}]},{"@type":"WebSite","@id":"https:\/\/demoweb.info\/sexshop001\/#website","url":"https:\/\/demoweb.info\/sexshop001\/","name":"Tienda Er\u00f3tica","description":"DEMOWEB SL","potentialAction":[{"@type":"SearchAction","target":{"@type":"EntryPoint","urlTemplate":"https:\/\/demoweb.info\/sexshop001\/?s={search_term_string}"},"query-input":"required name=search_term_string"}],"inLanguage":"es"}]}},"_links":{"self":[{"href":"https:\/\/demoweb.info\/sexshop001\/wp-json\/wp\/v3\/product\/33301","targetHints":{"allow":["GET"]}}],"collection":[{"href":"https:\/\/demoweb.info\/sexshop001\/wp-json\/wp\/v3\/product"}],"about":[{"href":"https:\/\/demoweb.info\/sexshop001\/wp-json\/wp\/v2\/types\/product"}],"replies":[{"embeddable":true,"href":"https:\/\/demoweb.info\/sexshop001\/wp-json\/wp\/v2\/comments?post=33301"}],"wp:featuredmedia":[{"embeddable":true,"href":"https:\/\/demoweb.info\/sexshop001\/wp-json\/wp\/v2\/media\/33302"}],"wp:attachment":[{"href":"https:\/\/demoweb.info\/sexshop001\/wp-json\/wp\/v2\/media?parent=33301"}],"wp:term":[{"taxonomy":"product_cat","embeddable":true,"href":"https:\/\/demoweb.info\/sexshop001\/wp-json\/wp\/v2\/product_cat?post=33301"},{"taxonomy":"product_tag","embeddable":true,"href":"https:\/\/demoweb.info\/sexshop001\/wp-json\/wp\/v2\/product_tag?post=33301"}],"curies":[{"name":"wp","href":"https:\/\/api.w.org\/{rel}","templated":true}]}}