{"id":32419,"date":"2022-01-22T13:00:07","date_gmt":"2022-01-22T12:00:07","guid":{"rendered":"https:\/\/demoweb.info\/sexshop001\/producto\/system-jo-gel-prolongador-60-ml\/"},"modified":"2022-01-22T13:00:25","modified_gmt":"2022-01-22T12:00:25","slug":"system-jo-gel-prolongador-60-ml","status":"publish","type":"product","link":"https:\/\/demoweb.info\/sexshop001\/producto\/system-jo-gel-prolongador-60-ml\/","title":{"rendered":"SYSTEM JO &#8211; GEL PROLONGADOR 60 ML"},"content":{"rendered":"<p><strong>SYSTEM JO &#8211; EXTENSION GEL 60 ML<\/strong><\/p>\n<p>Maximiza el placer con JO PROLONGER GEL, un gel de fuerza regular que utiliza ingredientes anest\u00e9sicos naturales para retardar la aparici\u00f3n de la eyaculaci\u00f3n.<br \/>\nLa adici\u00f3n de aceite de menta est\u00e1 dise\u00f1ada para mejorar el efecto de prolongaci\u00f3n al mismo tiempo que proporciona una sensaci\u00f3n de volumen natural. Perfecto para usar durante los juegos previos y en solitario, este gel ofrece una aplicaci\u00f3n m\u00e1s emocionante, con un efecto m\u00e1s duradero.<\/p>\n<p>&#8211; Un t\u00f3pico de fuerza regular que proporciona un efecto adormecedor que dura m\u00e1s.<br \/>\n&#8211; La crema suave como la seda permite una aplicaci\u00f3n m\u00e1s sensual.<br \/>\n&#8211; Perfecto para usuarios que desean disfrutar de una sensaci\u00f3n de entumecimiento m\u00e1s leve o moderada.<br \/>\n&#8211; Fragancia y textura agradable, nunca pegajosa ni pegajosa.<\/p>\n","protected":false},"excerpt":{"rendered":"<p>SYSTEM JO &#8211; EXTENSION GEL 60 ML Maximiza el placer con JO PROLONGER GEL, un gel de fuerza regular que<\/p>\n","protected":false},"featured_media":32420,"comment_status":"open","ping_status":"open","template":"","meta":[],"product_cat":[529],"product_tag":[1197,617],"class_list":["post-32419","product","type-product","status-publish","has-post-thumbnail","hentry","product_cat-retardantes-para-el","product_tag-for-men","product_tag-jo"],"bundled_by":[],"bundle_stock_status":"instock","bundle_stock_quantity":4,"bundle_virtual":false,"bundle_layout":"","bundle_add_to_cart_form_location":"","bundle_editable_in_cart":false,"bundle_sold_individually_context":"","bundle_item_grouping":"","bundle_min_size":"","bundle_max_size":"","bundled_items":[],"yoast_head":"<!-- This site is optimized with the Yoast SEO plugin v20.6 - https:\/\/yoast.com\/wordpress\/plugins\/seo\/ -->\n<title>SYSTEM JO - GEL PROLONGADOR 60 ML - Tienda Er\u00f3tica<\/title>\n<meta name=\"robots\" content=\"noindex, follow, max-snippet:-1, max-image-preview:large, max-video-preview:-1\" \/>\n<meta property=\"og:locale\" content=\"es_ES\" \/>\n<meta property=\"og:type\" content=\"article\" \/>\n<meta property=\"og:title\" content=\"SYSTEM JO - GEL PROLONGADOR 60 ML - Tienda Er\u00f3tica\" \/>\n<meta property=\"og:description\" content=\"SYSTEM JO &#8211; EXTENSION GEL 60 ML Maximiza el placer con JO PROLONGER GEL, un gel de fuerza regular que\" \/>\n<meta property=\"og:url\" content=\"https:\/\/demoweb.info\/sexshop001\/producto\/system-jo-gel-prolongador-60-ml\/\" \/>\n<meta property=\"og:site_name\" content=\"Tienda Er\u00f3tica\" \/>\n<meta property=\"article:modified_time\" content=\"2022-01-22T12:00:25+00:00\" \/>\n<meta property=\"og:image\" content=\"https:\/\/demoweb.info\/sexshop001\/wp-content\/uploads\/2022\/01\/SYSTEM-JO-GEL-PROLONGADOR-60-ML.jpg\" \/>\n\t<meta property=\"og:image:width\" content=\"550\" \/>\n\t<meta property=\"og:image:height\" content=\"550\" \/>\n\t<meta property=\"og:image:type\" content=\"image\/jpeg\" \/>\n<meta name=\"twitter:card\" content=\"summary_large_image\" \/>\n<meta name=\"twitter:label1\" content=\"Tiempo de lectura\" \/>\n\t<meta name=\"twitter:data1\" content=\"1 minuto\" \/>\n<script type=\"application\/ld+json\" class=\"yoast-schema-graph\">{\"@context\":\"https:\/\/schema.org\",\"@graph\":[{\"@type\":\"WebPage\",\"@id\":\"https:\/\/demoweb.info\/sexshop001\/producto\/system-jo-gel-prolongador-60-ml\/\",\"url\":\"https:\/\/demoweb.info\/sexshop001\/producto\/system-jo-gel-prolongador-60-ml\/\",\"name\":\"SYSTEM JO - GEL PROLONGADOR 60 ML - Tienda Er\u00f3tica\",\"isPartOf\":{\"@id\":\"https:\/\/demoweb.info\/sexshop001\/#website\"},\"datePublished\":\"2022-01-22T12:00:07+00:00\",\"dateModified\":\"2022-01-22T12:00:25+00:00\",\"breadcrumb\":{\"@id\":\"https:\/\/demoweb.info\/sexshop001\/producto\/system-jo-gel-prolongador-60-ml\/#breadcrumb\"},\"inLanguage\":\"es\",\"potentialAction\":[{\"@type\":\"ReadAction\",\"target\":[\"https:\/\/demoweb.info\/sexshop001\/producto\/system-jo-gel-prolongador-60-ml\/\"]}]},{\"@type\":\"BreadcrumbList\",\"@id\":\"https:\/\/demoweb.info\/sexshop001\/producto\/system-jo-gel-prolongador-60-ml\/#breadcrumb\",\"itemListElement\":[{\"@type\":\"ListItem\",\"position\":1,\"name\":\"Portada\",\"item\":\"https:\/\/demoweb.info\/sexshop001\/\"},{\"@type\":\"ListItem\",\"position\":2,\"name\":\"Tienda\",\"item\":\"https:\/\/demoweb.info\/sexshop001\/tienda\/\"},{\"@type\":\"ListItem\",\"position\":3,\"name\":\"SYSTEM JO &#8211; GEL PROLONGADOR 60 ML\"}]},{\"@type\":\"WebSite\",\"@id\":\"https:\/\/demoweb.info\/sexshop001\/#website\",\"url\":\"https:\/\/demoweb.info\/sexshop001\/\",\"name\":\"Tienda Er\u00f3tica\",\"description\":\"DEMOWEB SL\",\"potentialAction\":[{\"@type\":\"SearchAction\",\"target\":{\"@type\":\"EntryPoint\",\"urlTemplate\":\"https:\/\/demoweb.info\/sexshop001\/?s={search_term_string}\"},\"query-input\":\"required name=search_term_string\"}],\"inLanguage\":\"es\"}]}<\/script>\n<!-- \/ Yoast SEO plugin. -->","yoast_head_json":{"title":"SYSTEM JO - GEL PROLONGADOR 60 ML - Tienda Er\u00f3tica","robots":{"index":"noindex","follow":"follow","max-snippet":"max-snippet:-1","max-image-preview":"max-image-preview:large","max-video-preview":"max-video-preview:-1"},"og_locale":"es_ES","og_type":"article","og_title":"SYSTEM JO - GEL PROLONGADOR 60 ML - Tienda Er\u00f3tica","og_description":"SYSTEM JO &#8211; EXTENSION GEL 60 ML Maximiza el placer con JO PROLONGER GEL, un gel de fuerza regular que","og_url":"https:\/\/demoweb.info\/sexshop001\/producto\/system-jo-gel-prolongador-60-ml\/","og_site_name":"Tienda Er\u00f3tica","article_modified_time":"2022-01-22T12:00:25+00:00","og_image":[{"width":550,"height":550,"url":"https:\/\/demoweb.info\/sexshop001\/wp-content\/uploads\/2022\/01\/SYSTEM-JO-GEL-PROLONGADOR-60-ML.jpg","type":"image\/jpeg"}],"twitter_card":"summary_large_image","twitter_misc":{"Tiempo de lectura":"1 minuto"},"schema":{"@context":"https:\/\/schema.org","@graph":[{"@type":"WebPage","@id":"https:\/\/demoweb.info\/sexshop001\/producto\/system-jo-gel-prolongador-60-ml\/","url":"https:\/\/demoweb.info\/sexshop001\/producto\/system-jo-gel-prolongador-60-ml\/","name":"SYSTEM JO - GEL PROLONGADOR 60 ML - Tienda Er\u00f3tica","isPartOf":{"@id":"https:\/\/demoweb.info\/sexshop001\/#website"},"datePublished":"2022-01-22T12:00:07+00:00","dateModified":"2022-01-22T12:00:25+00:00","breadcrumb":{"@id":"https:\/\/demoweb.info\/sexshop001\/producto\/system-jo-gel-prolongador-60-ml\/#breadcrumb"},"inLanguage":"es","potentialAction":[{"@type":"ReadAction","target":["https:\/\/demoweb.info\/sexshop001\/producto\/system-jo-gel-prolongador-60-ml\/"]}]},{"@type":"BreadcrumbList","@id":"https:\/\/demoweb.info\/sexshop001\/producto\/system-jo-gel-prolongador-60-ml\/#breadcrumb","itemListElement":[{"@type":"ListItem","position":1,"name":"Portada","item":"https:\/\/demoweb.info\/sexshop001\/"},{"@type":"ListItem","position":2,"name":"Tienda","item":"https:\/\/demoweb.info\/sexshop001\/tienda\/"},{"@type":"ListItem","position":3,"name":"SYSTEM JO &#8211; GEL PROLONGADOR 60 ML"}]},{"@type":"WebSite","@id":"https:\/\/demoweb.info\/sexshop001\/#website","url":"https:\/\/demoweb.info\/sexshop001\/","name":"Tienda Er\u00f3tica","description":"DEMOWEB SL","potentialAction":[{"@type":"SearchAction","target":{"@type":"EntryPoint","urlTemplate":"https:\/\/demoweb.info\/sexshop001\/?s={search_term_string}"},"query-input":"required name=search_term_string"}],"inLanguage":"es"}]}},"_links":{"self":[{"href":"https:\/\/demoweb.info\/sexshop001\/wp-json\/wp\/v3\/product\/32419","targetHints":{"allow":["GET"]}}],"collection":[{"href":"https:\/\/demoweb.info\/sexshop001\/wp-json\/wp\/v3\/product"}],"about":[{"href":"https:\/\/demoweb.info\/sexshop001\/wp-json\/wp\/v2\/types\/product"}],"replies":[{"embeddable":true,"href":"https:\/\/demoweb.info\/sexshop001\/wp-json\/wp\/v2\/comments?post=32419"}],"wp:featuredmedia":[{"embeddable":true,"href":"https:\/\/demoweb.info\/sexshop001\/wp-json\/wp\/v2\/media\/32420"}],"wp:attachment":[{"href":"https:\/\/demoweb.info\/sexshop001\/wp-json\/wp\/v2\/media?parent=32419"}],"wp:term":[{"taxonomy":"product_cat","embeddable":true,"href":"https:\/\/demoweb.info\/sexshop001\/wp-json\/wp\/v2\/product_cat?post=32419"},{"taxonomy":"product_tag","embeddable":true,"href":"https:\/\/demoweb.info\/sexshop001\/wp-json\/wp\/v2\/product_tag?post=32419"}],"curies":[{"name":"wp","href":"https:\/\/api.w.org\/{rel}","templated":true}]}}