{"id":32265,"date":"2022-01-22T12:58:40","date_gmt":"2022-01-22T11:58:40","guid":{"rendered":"https:\/\/demoweb.info\/sexshop001\/producto\/juntos\/"},"modified":"2022-01-22T12:58:44","modified_gmt":"2022-01-22T11:58:44","slug":"juntos","status":"publish","type":"product","link":"https:\/\/demoweb.info\/sexshop001\/producto\/juntos\/","title":{"rendered":"JUNTOS"},"content":{"rendered":"<p><strong>JUNTOS<\/strong><\/p>\n<p>MEGHAN MARCH<\/p>\n<p><strong>La nueva novela de una de las autoras m\u00e1s exitosas de genero er\u00f3tico.<\/strong><\/p>\n<p>Nos enamoramos en la playa, nos casamos en el para\u00edso y empezamos nuestro camino iluminados por la luz del ocaso. Deber\u00eda haber sido perfecto, pero decir s\u00ed, quiero no siempre garantiza el exito. Han pasado dos a\u00f1os y apenas le reconozco a el y mucho menos a m\u00ed. Ha llegado la hora de tratar de salvar todo esto. Vuelta al para\u00edso. Dos personas heridas. Un sinf\u00edn de secretos. El vuelo de nuestras vidas. Puede que estemos rotos, pero no acabados. Kat y Dane se conocieron dos a\u00f1os y medio atr\u00e1s, mientras ella estaba de vacaciones en Mexico con su mejor amigo, Benjie. Se enamoraron y se casaron. Ahora, su matrimonio hace aguas y Dane ha preparado unas vacaciones en las que espera arreglar las cosas, si a\u00fan est\u00e1n a tiempo. Pero el viaje de reconciliaci\u00f3n va a llevarlos en una direcci\u00f3n insospechada..<\/p>\n<ul>\n<li>N&ordm; de p\u00e1ginas: 304 p\u00e1gs.<\/li>\n<li>Encuadernaci\u00f3n: Tapa blanda<\/li>\n<li>A\u00f1o de edici\u00f3n: 2021<\/li>\n<\/ul>\n<p><!--EndFragment--><\/p>\n<\/p>\n<\/p>\n<p><!--EndFragment--><\/p><\/p>\n","protected":false},"excerpt":{"rendered":"<p>JUNTOS MEGHAN MARCH La nueva novela de una de las autoras m\u00e1s exitosas de genero er\u00f3tico. Nos enamoramos en la<\/p>\n","protected":false},"featured_media":32266,"comment_status":"open","ping_status":"open","template":"","meta":[],"product_cat":[1192],"product_tag":[415,608],"class_list":["post-32265","product","type-product","status-publish","has-post-thumbnail","hentry","product_cat-libros-juegos","product_tag-random-house","product_tag-vergara"],"bundled_by":[],"bundle_stock_status":"instock","bundle_stock_quantity":2,"bundle_virtual":false,"bundle_layout":"","bundle_add_to_cart_form_location":"","bundle_editable_in_cart":false,"bundle_sold_individually_context":"","bundle_item_grouping":"","bundle_min_size":"","bundle_max_size":"","bundled_items":[],"yoast_head":"<!-- This site is optimized with the Yoast SEO plugin v20.6 - https:\/\/yoast.com\/wordpress\/plugins\/seo\/ -->\n<title>JUNTOS - Tienda Er\u00f3tica<\/title>\n<meta name=\"robots\" content=\"noindex, follow, max-snippet:-1, max-image-preview:large, max-video-preview:-1\" \/>\n<meta property=\"og:locale\" content=\"es_ES\" \/>\n<meta property=\"og:type\" content=\"article\" \/>\n<meta property=\"og:title\" content=\"JUNTOS - Tienda Er\u00f3tica\" \/>\n<meta property=\"og:description\" content=\"JUNTOS MEGHAN MARCH La nueva novela de una de las autoras m\u00e1s exitosas de genero er\u00f3tico. Nos enamoramos en la\" \/>\n<meta property=\"og:url\" content=\"https:\/\/demoweb.info\/sexshop001\/producto\/juntos\/\" \/>\n<meta property=\"og:site_name\" content=\"Tienda Er\u00f3tica\" \/>\n<meta property=\"article:modified_time\" content=\"2022-01-22T11:58:44+00:00\" \/>\n<meta property=\"og:image\" content=\"https:\/\/demoweb.info\/sexshop001\/wp-content\/uploads\/2022\/01\/JUNTOS.jpg\" \/>\n\t<meta property=\"og:image:width\" content=\"550\" \/>\n\t<meta property=\"og:image:height\" content=\"550\" \/>\n\t<meta property=\"og:image:type\" content=\"image\/jpeg\" \/>\n<meta name=\"twitter:card\" content=\"summary_large_image\" \/>\n<meta name=\"twitter:label1\" content=\"Tiempo de lectura\" \/>\n\t<meta name=\"twitter:data1\" content=\"1 minuto\" \/>\n<script type=\"application\/ld+json\" class=\"yoast-schema-graph\">{\"@context\":\"https:\/\/schema.org\",\"@graph\":[{\"@type\":\"WebPage\",\"@id\":\"https:\/\/demoweb.info\/sexshop001\/producto\/juntos\/\",\"url\":\"https:\/\/demoweb.info\/sexshop001\/producto\/juntos\/\",\"name\":\"JUNTOS - Tienda Er\u00f3tica\",\"isPartOf\":{\"@id\":\"https:\/\/demoweb.info\/sexshop001\/#website\"},\"datePublished\":\"2022-01-22T11:58:40+00:00\",\"dateModified\":\"2022-01-22T11:58:44+00:00\",\"breadcrumb\":{\"@id\":\"https:\/\/demoweb.info\/sexshop001\/producto\/juntos\/#breadcrumb\"},\"inLanguage\":\"es\",\"potentialAction\":[{\"@type\":\"ReadAction\",\"target\":[\"https:\/\/demoweb.info\/sexshop001\/producto\/juntos\/\"]}]},{\"@type\":\"BreadcrumbList\",\"@id\":\"https:\/\/demoweb.info\/sexshop001\/producto\/juntos\/#breadcrumb\",\"itemListElement\":[{\"@type\":\"ListItem\",\"position\":1,\"name\":\"Portada\",\"item\":\"https:\/\/demoweb.info\/sexshop001\/\"},{\"@type\":\"ListItem\",\"position\":2,\"name\":\"Tienda\",\"item\":\"https:\/\/demoweb.info\/sexshop001\/tienda\/\"},{\"@type\":\"ListItem\",\"position\":3,\"name\":\"JUNTOS\"}]},{\"@type\":\"WebSite\",\"@id\":\"https:\/\/demoweb.info\/sexshop001\/#website\",\"url\":\"https:\/\/demoweb.info\/sexshop001\/\",\"name\":\"Tienda Er\u00f3tica\",\"description\":\"DEMOWEB SL\",\"potentialAction\":[{\"@type\":\"SearchAction\",\"target\":{\"@type\":\"EntryPoint\",\"urlTemplate\":\"https:\/\/demoweb.info\/sexshop001\/?s={search_term_string}\"},\"query-input\":\"required name=search_term_string\"}],\"inLanguage\":\"es\"}]}<\/script>\n<!-- \/ Yoast SEO plugin. -->","yoast_head_json":{"title":"JUNTOS - Tienda Er\u00f3tica","robots":{"index":"noindex","follow":"follow","max-snippet":"max-snippet:-1","max-image-preview":"max-image-preview:large","max-video-preview":"max-video-preview:-1"},"og_locale":"es_ES","og_type":"article","og_title":"JUNTOS - Tienda Er\u00f3tica","og_description":"JUNTOS MEGHAN MARCH La nueva novela de una de las autoras m\u00e1s exitosas de genero er\u00f3tico. Nos enamoramos en la","og_url":"https:\/\/demoweb.info\/sexshop001\/producto\/juntos\/","og_site_name":"Tienda Er\u00f3tica","article_modified_time":"2022-01-22T11:58:44+00:00","og_image":[{"width":550,"height":550,"url":"https:\/\/demoweb.info\/sexshop001\/wp-content\/uploads\/2022\/01\/JUNTOS.jpg","type":"image\/jpeg"}],"twitter_card":"summary_large_image","twitter_misc":{"Tiempo de lectura":"1 minuto"},"schema":{"@context":"https:\/\/schema.org","@graph":[{"@type":"WebPage","@id":"https:\/\/demoweb.info\/sexshop001\/producto\/juntos\/","url":"https:\/\/demoweb.info\/sexshop001\/producto\/juntos\/","name":"JUNTOS - Tienda Er\u00f3tica","isPartOf":{"@id":"https:\/\/demoweb.info\/sexshop001\/#website"},"datePublished":"2022-01-22T11:58:40+00:00","dateModified":"2022-01-22T11:58:44+00:00","breadcrumb":{"@id":"https:\/\/demoweb.info\/sexshop001\/producto\/juntos\/#breadcrumb"},"inLanguage":"es","potentialAction":[{"@type":"ReadAction","target":["https:\/\/demoweb.info\/sexshop001\/producto\/juntos\/"]}]},{"@type":"BreadcrumbList","@id":"https:\/\/demoweb.info\/sexshop001\/producto\/juntos\/#breadcrumb","itemListElement":[{"@type":"ListItem","position":1,"name":"Portada","item":"https:\/\/demoweb.info\/sexshop001\/"},{"@type":"ListItem","position":2,"name":"Tienda","item":"https:\/\/demoweb.info\/sexshop001\/tienda\/"},{"@type":"ListItem","position":3,"name":"JUNTOS"}]},{"@type":"WebSite","@id":"https:\/\/demoweb.info\/sexshop001\/#website","url":"https:\/\/demoweb.info\/sexshop001\/","name":"Tienda Er\u00f3tica","description":"DEMOWEB SL","potentialAction":[{"@type":"SearchAction","target":{"@type":"EntryPoint","urlTemplate":"https:\/\/demoweb.info\/sexshop001\/?s={search_term_string}"},"query-input":"required name=search_term_string"}],"inLanguage":"es"}]}},"_links":{"self":[{"href":"https:\/\/demoweb.info\/sexshop001\/wp-json\/wp\/v3\/product\/32265","targetHints":{"allow":["GET"]}}],"collection":[{"href":"https:\/\/demoweb.info\/sexshop001\/wp-json\/wp\/v3\/product"}],"about":[{"href":"https:\/\/demoweb.info\/sexshop001\/wp-json\/wp\/v2\/types\/product"}],"replies":[{"embeddable":true,"href":"https:\/\/demoweb.info\/sexshop001\/wp-json\/wp\/v2\/comments?post=32265"}],"wp:featuredmedia":[{"embeddable":true,"href":"https:\/\/demoweb.info\/sexshop001\/wp-json\/wp\/v2\/media\/32266"}],"wp:attachment":[{"href":"https:\/\/demoweb.info\/sexshop001\/wp-json\/wp\/v2\/media?parent=32265"}],"wp:term":[{"taxonomy":"product_cat","embeddable":true,"href":"https:\/\/demoweb.info\/sexshop001\/wp-json\/wp\/v2\/product_cat?post=32265"},{"taxonomy":"product_tag","embeddable":true,"href":"https:\/\/demoweb.info\/sexshop001\/wp-json\/wp\/v2\/product_tag?post=32265"}],"curies":[{"name":"wp","href":"https:\/\/api.w.org\/{rel}","templated":true}]}}