{"id":32028,"date":"2022-01-22T12:56:02","date_gmt":"2022-01-22T11:56:02","guid":{"rendered":"https:\/\/demoweb.info\/sexshop001\/producto\/we-vibe-chorus-vibrador-para-parejas-azul\/"},"modified":"2022-01-22T12:56:07","modified_gmt":"2022-01-22T11:56:07","slug":"we-vibe-chorus-vibrador-para-parejas-azul","status":"publish","type":"product","link":"https:\/\/demoweb.info\/sexshop001\/producto\/we-vibe-chorus-vibrador-para-parejas-azul\/","title":{"rendered":"WE-VIBE CHORUS VIBRADOR PARA PAREJAS &#8211; AZUL"},"content":{"rendered":"<p><strong>WE-VIBE CHORUS COUPLES VIBRATOR<\/strong><\/p>\n<p>El vibrador de parejas m\u00e1s intuitivo We-Vibe\u00ae de todos completamente, controles t\u00e1ctiles y vibraciones manos libres que llevan el sexo a un nivel completamente nuevo.<\/p>\n<p>AJUSTABLE<\/p>\n<p>Chorus se puede personalizar para adaptarse al cuerpo para que pueda sentir las vibraciones justo donde las desea. Es muy f\u00e1cil de ajustar, adem\u00e1s, luego se mantiene en posici\u00f3n una vez que has encontrado el ajuste perfecto. El control remoto Squeeze fue dise\u00f1ado teniendo en cuenta la respuesta humana m\u00e1s natural. Cuanto m\u00e1s apretado, m\u00e1s fuerte ser\u00e1 la vibraci\u00f3n, y viceversa. Cuando quieres un poco m\u00e1s (o menos) estimulaci\u00f3n, est\u00e1 justo ah\u00ed.<\/p>\n<p>CONTROLES<\/p>\n<p>Los controles del Chorus hacen que cada pareja puede encontrar su punto de placer Touch-sense te permite controlar las vibraciones de Chorus con tus movimientos. Al tocar o moverse contra el sensor, el nivel de vibraci\u00f3n cambia.<\/p>\n<p>JUGAD JUNTOS DESDE CUALQUIER LUGAR<\/p>\n<p>La aplicaci\u00f3n We-Connect\u2122 te permite jugar juntos, incluso cuando est\u00e1s separado. Descarga la aplicaci\u00f3n gratuita We-Connect para desbloquear las vibraciones t\u00e1ctiles de Chorus, conectividad de larga distancia y mucho m\u00e1s.<br \/>\nChorus es el primer We-Vibe\u00ae con tecnolog\u00eda AnkorLink\u2122, creando la conexi\u00f3n m\u00e1s estable entre su Chorus y la aplicaci\u00f3n We-Connect\u2122 (para que la se\u00f1al no se apague en el calor del momento).<\/p>\n<p>El control remoto Squeeze es el ancla entre tu Chorus y We-Connect\u2122 \u2014 mantenlo cerca para la mejor conexi\u00f3n.<\/p>\n<p>CARACTERISTICAS CHORUS\u2122<\/p>\n<p>Vibraciones potentes: Intensifica tu placer con m\u00e1s de 10 modos y vibraciones profundas y retornos.<\/p>\n<p>Estimulaci\u00f3n dual: Intensificar el placer compartido durante el sexo con vibraciones profundas y poderosas que estimulan el punto G y el cl\u00edtoris.<\/p>\n<p>Alerta de baja potencia: Sepa cu\u00e1ndo su Chorus necesita una carga, por lo que siempre estar\u00e1 listo cuando lo necesite<\/p>\n<p>Squeeze Remote Chorus&#39; Squeeze: Remote fue dise\u00f1ado con la respuesta humana m\u00e1s natural en mente. Cuanto m\u00e1s apretado, m\u00e1s fuerte ser\u00e1 la vibraci\u00f3n, y viceversa.<\/p>\n<p>Sentido t\u00e1ctil: Touch-sense te permite controlar las vibraciones de Chorus con tus movimientos. Al tocar o moverse contra el sensor, la vibraci\u00f3n cambia de intensidad, creando un aumento natural y una ca\u00edda que conduce a un crescendo absolutamente \u00e9pico.<\/p>\n<p>Impermeable: Chorus es 100% impermeable, por lo que es f\u00e1cil de disfrutar en cualquier lugar y f\u00e1cil de limpiar.<\/p>\n<p>Recargable: Conveniente y respetuoso con el medio ambiente, Chorus es recargable, con hasta 90 minutos de juego con una sola carga.<\/p>\n<p>Ajustable: Chorus es ajustable para adaptarse a su cuerpo y que pueda sentir las vibraciones justo donde las desea. La forma es f\u00e1cil de ajustar, luego se mantiene en posici\u00f3n una vez que has encontrado el ajuste perfecto.<\/p>\n<p>Seguro para el cuerpo: Hecho con silicona segura para el cuerpo, libre de ftalatos y BPA y hecho sin l\u00e1tex.<\/p>\n<p>Mejor conectividad: Chorus est\u00e1 alimentado por una combinaci\u00f3n de Ankorlink y Bluetooth 5, creando la conexi\u00f3n m\u00e1s estable entre su We-Vibe\u00ae y We-Connect\u2122. Mantenga su Squeeze Remote cerca para la mejor conexi\u00f3n.<\/p>\n<p>We-Connect\u2122: Con la aplicaci\u00f3n gratuita We-Connect\u2122 puedes jugar y compartir el control de Chorus desde cualquier lugar, crear vibraciones personalizadas y jugar junto con otros productos We-Vibe\u00ae. Vibe a la m\u00fasica con el modo Beat o utilizar el modo t\u00e1ctil para el control en tiempo real a su alcance.<\/p>\n<p>Silicona suave al tacto: Hecho con silicona suave y sedosa<\/p>\n<p>Caja bellamente dise\u00f1ada: Para un almacenamiento discreto, carga y segura al transportar. .<\/p>\n","protected":false},"excerpt":{"rendered":"<p>WE-VIBE CHORUS COUPLES VIBRATOR El vibrador de parejas m\u00e1s intuitivo We-Vibe\u00ae de todos completamente, controles t\u00e1ctiles y vibraciones manos libres<\/p>\n","protected":false},"featured_media":32029,"comment_status":"open","ping_status":"open","template":"","meta":[],"product_cat":[445],"product_tag":[444],"class_list":["post-32028","product","type-product","status-publish","has-post-thumbnail","hentry","product_cat-para-parejas-vibradores-juguetes-xxx","product_tag-we-vibe"],"bundled_by":[],"bundle_stock_status":"instock","bundle_stock_quantity":2,"bundle_virtual":false,"bundle_layout":"","bundle_add_to_cart_form_location":"","bundle_editable_in_cart":false,"bundle_sold_individually_context":"","bundle_item_grouping":"","bundle_min_size":"","bundle_max_size":"","bundled_items":[],"yoast_head":"<!-- This site is optimized with the Yoast SEO plugin v20.6 - https:\/\/yoast.com\/wordpress\/plugins\/seo\/ -->\n<title>WE-VIBE CHORUS VIBRADOR PARA PAREJAS - AZUL - Tienda Er\u00f3tica<\/title>\n<meta name=\"robots\" content=\"noindex, follow, max-snippet:-1, max-image-preview:large, max-video-preview:-1\" \/>\n<meta property=\"og:locale\" content=\"es_ES\" \/>\n<meta property=\"og:type\" content=\"article\" \/>\n<meta property=\"og:title\" content=\"WE-VIBE CHORUS VIBRADOR PARA PAREJAS - AZUL - Tienda Er\u00f3tica\" \/>\n<meta property=\"og:description\" content=\"WE-VIBE CHORUS COUPLES VIBRATOR El vibrador de parejas m\u00e1s intuitivo We-Vibe\u00ae de todos completamente, controles t\u00e1ctiles y vibraciones manos libres\" \/>\n<meta property=\"og:url\" content=\"https:\/\/demoweb.info\/sexshop001\/producto\/we-vibe-chorus-vibrador-para-parejas-azul\/\" \/>\n<meta property=\"og:site_name\" content=\"Tienda Er\u00f3tica\" \/>\n<meta property=\"article:modified_time\" content=\"2022-01-22T11:56:07+00:00\" \/>\n<meta property=\"og:image\" content=\"https:\/\/demoweb.info\/sexshop001\/wp-content\/uploads\/2022\/01\/WE-VIBE-CHORUS-VIBRADOR-PARA-PAREJAS-AZUL.jpg\" \/>\n\t<meta property=\"og:image:width\" content=\"550\" \/>\n\t<meta property=\"og:image:height\" content=\"550\" \/>\n\t<meta property=\"og:image:type\" content=\"image\/jpeg\" \/>\n<meta name=\"twitter:card\" content=\"summary_large_image\" \/>\n<meta name=\"twitter:label1\" content=\"Tiempo de lectura\" \/>\n\t<meta name=\"twitter:data1\" content=\"3 minutos\" \/>\n<script type=\"application\/ld+json\" class=\"yoast-schema-graph\">{\"@context\":\"https:\/\/schema.org\",\"@graph\":[{\"@type\":\"WebPage\",\"@id\":\"https:\/\/demoweb.info\/sexshop001\/producto\/we-vibe-chorus-vibrador-para-parejas-azul\/\",\"url\":\"https:\/\/demoweb.info\/sexshop001\/producto\/we-vibe-chorus-vibrador-para-parejas-azul\/\",\"name\":\"WE-VIBE CHORUS VIBRADOR PARA PAREJAS - AZUL - Tienda Er\u00f3tica\",\"isPartOf\":{\"@id\":\"https:\/\/demoweb.info\/sexshop001\/#website\"},\"datePublished\":\"2022-01-22T11:56:02+00:00\",\"dateModified\":\"2022-01-22T11:56:07+00:00\",\"breadcrumb\":{\"@id\":\"https:\/\/demoweb.info\/sexshop001\/producto\/we-vibe-chorus-vibrador-para-parejas-azul\/#breadcrumb\"},\"inLanguage\":\"es\",\"potentialAction\":[{\"@type\":\"ReadAction\",\"target\":[\"https:\/\/demoweb.info\/sexshop001\/producto\/we-vibe-chorus-vibrador-para-parejas-azul\/\"]}]},{\"@type\":\"BreadcrumbList\",\"@id\":\"https:\/\/demoweb.info\/sexshop001\/producto\/we-vibe-chorus-vibrador-para-parejas-azul\/#breadcrumb\",\"itemListElement\":[{\"@type\":\"ListItem\",\"position\":1,\"name\":\"Portada\",\"item\":\"https:\/\/demoweb.info\/sexshop001\/\"},{\"@type\":\"ListItem\",\"position\":2,\"name\":\"Tienda\",\"item\":\"https:\/\/demoweb.info\/sexshop001\/tienda\/\"},{\"@type\":\"ListItem\",\"position\":3,\"name\":\"WE-VIBE CHORUS VIBRADOR PARA PAREJAS &#8211; AZUL\"}]},{\"@type\":\"WebSite\",\"@id\":\"https:\/\/demoweb.info\/sexshop001\/#website\",\"url\":\"https:\/\/demoweb.info\/sexshop001\/\",\"name\":\"Tienda Er\u00f3tica\",\"description\":\"DEMOWEB SL\",\"potentialAction\":[{\"@type\":\"SearchAction\",\"target\":{\"@type\":\"EntryPoint\",\"urlTemplate\":\"https:\/\/demoweb.info\/sexshop001\/?s={search_term_string}\"},\"query-input\":\"required name=search_term_string\"}],\"inLanguage\":\"es\"}]}<\/script>\n<!-- \/ Yoast SEO plugin. -->","yoast_head_json":{"title":"WE-VIBE CHORUS VIBRADOR PARA PAREJAS - AZUL - Tienda Er\u00f3tica","robots":{"index":"noindex","follow":"follow","max-snippet":"max-snippet:-1","max-image-preview":"max-image-preview:large","max-video-preview":"max-video-preview:-1"},"og_locale":"es_ES","og_type":"article","og_title":"WE-VIBE CHORUS VIBRADOR PARA PAREJAS - AZUL - Tienda Er\u00f3tica","og_description":"WE-VIBE CHORUS COUPLES VIBRATOR El vibrador de parejas m\u00e1s intuitivo We-Vibe\u00ae de todos completamente, controles t\u00e1ctiles y vibraciones manos libres","og_url":"https:\/\/demoweb.info\/sexshop001\/producto\/we-vibe-chorus-vibrador-para-parejas-azul\/","og_site_name":"Tienda Er\u00f3tica","article_modified_time":"2022-01-22T11:56:07+00:00","og_image":[{"width":550,"height":550,"url":"https:\/\/demoweb.info\/sexshop001\/wp-content\/uploads\/2022\/01\/WE-VIBE-CHORUS-VIBRADOR-PARA-PAREJAS-AZUL.jpg","type":"image\/jpeg"}],"twitter_card":"summary_large_image","twitter_misc":{"Tiempo de lectura":"3 minutos"},"schema":{"@context":"https:\/\/schema.org","@graph":[{"@type":"WebPage","@id":"https:\/\/demoweb.info\/sexshop001\/producto\/we-vibe-chorus-vibrador-para-parejas-azul\/","url":"https:\/\/demoweb.info\/sexshop001\/producto\/we-vibe-chorus-vibrador-para-parejas-azul\/","name":"WE-VIBE CHORUS VIBRADOR PARA PAREJAS - AZUL - Tienda Er\u00f3tica","isPartOf":{"@id":"https:\/\/demoweb.info\/sexshop001\/#website"},"datePublished":"2022-01-22T11:56:02+00:00","dateModified":"2022-01-22T11:56:07+00:00","breadcrumb":{"@id":"https:\/\/demoweb.info\/sexshop001\/producto\/we-vibe-chorus-vibrador-para-parejas-azul\/#breadcrumb"},"inLanguage":"es","potentialAction":[{"@type":"ReadAction","target":["https:\/\/demoweb.info\/sexshop001\/producto\/we-vibe-chorus-vibrador-para-parejas-azul\/"]}]},{"@type":"BreadcrumbList","@id":"https:\/\/demoweb.info\/sexshop001\/producto\/we-vibe-chorus-vibrador-para-parejas-azul\/#breadcrumb","itemListElement":[{"@type":"ListItem","position":1,"name":"Portada","item":"https:\/\/demoweb.info\/sexshop001\/"},{"@type":"ListItem","position":2,"name":"Tienda","item":"https:\/\/demoweb.info\/sexshop001\/tienda\/"},{"@type":"ListItem","position":3,"name":"WE-VIBE CHORUS VIBRADOR PARA PAREJAS &#8211; AZUL"}]},{"@type":"WebSite","@id":"https:\/\/demoweb.info\/sexshop001\/#website","url":"https:\/\/demoweb.info\/sexshop001\/","name":"Tienda Er\u00f3tica","description":"DEMOWEB SL","potentialAction":[{"@type":"SearchAction","target":{"@type":"EntryPoint","urlTemplate":"https:\/\/demoweb.info\/sexshop001\/?s={search_term_string}"},"query-input":"required name=search_term_string"}],"inLanguage":"es"}]}},"_links":{"self":[{"href":"https:\/\/demoweb.info\/sexshop001\/wp-json\/wp\/v3\/product\/32028","targetHints":{"allow":["GET"]}}],"collection":[{"href":"https:\/\/demoweb.info\/sexshop001\/wp-json\/wp\/v3\/product"}],"about":[{"href":"https:\/\/demoweb.info\/sexshop001\/wp-json\/wp\/v2\/types\/product"}],"replies":[{"embeddable":true,"href":"https:\/\/demoweb.info\/sexshop001\/wp-json\/wp\/v2\/comments?post=32028"}],"wp:featuredmedia":[{"embeddable":true,"href":"https:\/\/demoweb.info\/sexshop001\/wp-json\/wp\/v2\/media\/32029"}],"wp:attachment":[{"href":"https:\/\/demoweb.info\/sexshop001\/wp-json\/wp\/v2\/media?parent=32028"}],"wp:term":[{"taxonomy":"product_cat","embeddable":true,"href":"https:\/\/demoweb.info\/sexshop001\/wp-json\/wp\/v2\/product_cat?post=32028"},{"taxonomy":"product_tag","embeddable":true,"href":"https:\/\/demoweb.info\/sexshop001\/wp-json\/wp\/v2\/product_tag?post=32028"}],"curies":[{"name":"wp","href":"https:\/\/api.w.org\/{rel}","templated":true}]}}