{"id":32026,"date":"2022-01-22T12:56:02","date_gmt":"2022-01-22T11:56:02","guid":{"rendered":"https:\/\/demoweb.info\/sexshop001\/producto\/eros-clasico-lubricante-silicona-100-ml\/"},"modified":"2022-01-22T12:56:06","modified_gmt":"2022-01-22T11:56:06","slug":"eros-clasico-lubricante-silicona-100-ml","status":"publish","type":"product","link":"https:\/\/demoweb.info\/sexshop001\/producto\/eros-clasico-lubricante-silicona-100-ml\/","title":{"rendered":"EROS CLASICO LUBRICANTE SILICONA 100 ML"},"content":{"rendered":"<p><strong>EROS CLASSIC SILICONE BODYGLIDE 100 ML<\/strong><\/p>\n<p>100% alta calidad.<\/p>\n<p>\u00bfYa conoce el lubricante <strong>Classic Silicone Bodyglide<\/strong> de <strong>Eros<\/strong>?. Su f\u00f3rmula \u00fanica garantiza puro placer deslizante y una capacidad deslizante extremadamente duradera en las relaciones \u00edntimas sin secarse.<\/p>\n<p>Con su f\u00f3rmula eficaz 100% silicona. <strong>Eros<\/strong> le ayuda a experimentar sensaciones er\u00f3ticas excitantes.<\/p>\n<p>\u00bfYa ha experimentado el producto retro <strong>Bodyglide Superconcentrated Lubricant <\/strong>de<strong> Eros<\/strong>?. \u00a1Entonces este producto es lo que necesita!.<\/p>\n<p><strong>Classic Silicone Bodyglide <\/strong>es \u00fanico por su docilidad, tiene una alta tolerancia y deja una sensaci\u00f3n agradable y sedosa en la piel.<\/p>\n<p>\u00a1Disfrute de una diversi\u00f3n inolvidable con la mejor calidad!.<\/p>\n<p>Caracter\u00edsticas:<\/p>\n<p>&#8211; Dermatol\u00f3gicamente probado.<br \/>\n&#8211; Rinde mucho.<br \/>\n&#8211; Apto con condones de l\u00e1tex.<br \/>\n&#8211; No contiene conservadores.<br \/>\n&#8211; no queda pegajoso ni se seca.<br \/>\n&#8211; Neutro al gusto.<br \/>\n&#8211; Incoloro e inodoro.<br \/>\n&#8211; Sin perfumes ni aceites.<\/p>\n<p>Envase de 100 ml.<\/p>\n","protected":false},"excerpt":{"rendered":"<p>EROS CLASSIC SILICONE BODYGLIDE 100 ML 100% alta calidad. \u00bfYa conoce el lubricante Classic Silicone Bodyglide de Eros?. Su f\u00f3rmula<\/p>\n","protected":false},"featured_media":32027,"comment_status":"open","ping_status":"open","template":"","meta":[],"product_cat":[638],"product_tag":[700,701],"class_list":["post-32026","product","type-product","status-publish","has-post-thumbnail","hentry","product_cat-silicona-lubricantes-aceites-y-lubricantes","product_tag-eros","product_tag-silicon-glides"],"bundled_by":[],"bundle_stock_status":"instock","bundle_stock_quantity":25,"bundle_virtual":false,"bundle_layout":"","bundle_add_to_cart_form_location":"","bundle_editable_in_cart":false,"bundle_sold_individually_context":"","bundle_item_grouping":"","bundle_min_size":"","bundle_max_size":"","bundled_items":[],"yoast_head":"<!-- This site is optimized with the Yoast SEO plugin v20.6 - https:\/\/yoast.com\/wordpress\/plugins\/seo\/ -->\n<title>EROS CLASICO LUBRICANTE SILICONA 100 ML - Tienda Er\u00f3tica<\/title>\n<meta name=\"robots\" content=\"noindex, follow, max-snippet:-1, max-image-preview:large, max-video-preview:-1\" \/>\n<meta property=\"og:locale\" content=\"es_ES\" \/>\n<meta property=\"og:type\" content=\"article\" \/>\n<meta property=\"og:title\" content=\"EROS CLASICO LUBRICANTE SILICONA 100 ML - Tienda Er\u00f3tica\" \/>\n<meta property=\"og:description\" content=\"EROS CLASSIC SILICONE BODYGLIDE 100 ML 100% alta calidad. \u00bfYa conoce el lubricante Classic Silicone Bodyglide de Eros?. Su f\u00f3rmula\" \/>\n<meta property=\"og:url\" content=\"https:\/\/demoweb.info\/sexshop001\/producto\/eros-clasico-lubricante-silicona-100-ml\/\" \/>\n<meta property=\"og:site_name\" content=\"Tienda Er\u00f3tica\" \/>\n<meta property=\"article:modified_time\" content=\"2022-01-22T11:56:06+00:00\" \/>\n<meta property=\"og:image\" content=\"https:\/\/demoweb.info\/sexshop001\/wp-content\/uploads\/2022\/01\/EROS-CLASICO-LUBRICANTE-SILICONA-100-ML.jpg\" \/>\n\t<meta property=\"og:image:width\" content=\"550\" \/>\n\t<meta property=\"og:image:height\" content=\"550\" \/>\n\t<meta property=\"og:image:type\" content=\"image\/jpeg\" \/>\n<meta name=\"twitter:card\" content=\"summary_large_image\" \/>\n<meta name=\"twitter:label1\" content=\"Tiempo de lectura\" \/>\n\t<meta name=\"twitter:data1\" content=\"1 minuto\" \/>\n<script type=\"application\/ld+json\" class=\"yoast-schema-graph\">{\"@context\":\"https:\/\/schema.org\",\"@graph\":[{\"@type\":\"WebPage\",\"@id\":\"https:\/\/demoweb.info\/sexshop001\/producto\/eros-clasico-lubricante-silicona-100-ml\/\",\"url\":\"https:\/\/demoweb.info\/sexshop001\/producto\/eros-clasico-lubricante-silicona-100-ml\/\",\"name\":\"EROS CLASICO LUBRICANTE SILICONA 100 ML - Tienda Er\u00f3tica\",\"isPartOf\":{\"@id\":\"https:\/\/demoweb.info\/sexshop001\/#website\"},\"datePublished\":\"2022-01-22T11:56:02+00:00\",\"dateModified\":\"2022-01-22T11:56:06+00:00\",\"breadcrumb\":{\"@id\":\"https:\/\/demoweb.info\/sexshop001\/producto\/eros-clasico-lubricante-silicona-100-ml\/#breadcrumb\"},\"inLanguage\":\"es\",\"potentialAction\":[{\"@type\":\"ReadAction\",\"target\":[\"https:\/\/demoweb.info\/sexshop001\/producto\/eros-clasico-lubricante-silicona-100-ml\/\"]}]},{\"@type\":\"BreadcrumbList\",\"@id\":\"https:\/\/demoweb.info\/sexshop001\/producto\/eros-clasico-lubricante-silicona-100-ml\/#breadcrumb\",\"itemListElement\":[{\"@type\":\"ListItem\",\"position\":1,\"name\":\"Portada\",\"item\":\"https:\/\/demoweb.info\/sexshop001\/\"},{\"@type\":\"ListItem\",\"position\":2,\"name\":\"Tienda\",\"item\":\"https:\/\/demoweb.info\/sexshop001\/tienda\/\"},{\"@type\":\"ListItem\",\"position\":3,\"name\":\"EROS CLASICO LUBRICANTE SILICONA 100 ML\"}]},{\"@type\":\"WebSite\",\"@id\":\"https:\/\/demoweb.info\/sexshop001\/#website\",\"url\":\"https:\/\/demoweb.info\/sexshop001\/\",\"name\":\"Tienda Er\u00f3tica\",\"description\":\"DEMOWEB SL\",\"potentialAction\":[{\"@type\":\"SearchAction\",\"target\":{\"@type\":\"EntryPoint\",\"urlTemplate\":\"https:\/\/demoweb.info\/sexshop001\/?s={search_term_string}\"},\"query-input\":\"required name=search_term_string\"}],\"inLanguage\":\"es\"}]}<\/script>\n<!-- \/ Yoast SEO plugin. -->","yoast_head_json":{"title":"EROS CLASICO LUBRICANTE SILICONA 100 ML - Tienda Er\u00f3tica","robots":{"index":"noindex","follow":"follow","max-snippet":"max-snippet:-1","max-image-preview":"max-image-preview:large","max-video-preview":"max-video-preview:-1"},"og_locale":"es_ES","og_type":"article","og_title":"EROS CLASICO LUBRICANTE SILICONA 100 ML - Tienda Er\u00f3tica","og_description":"EROS CLASSIC SILICONE BODYGLIDE 100 ML 100% alta calidad. \u00bfYa conoce el lubricante Classic Silicone Bodyglide de Eros?. Su f\u00f3rmula","og_url":"https:\/\/demoweb.info\/sexshop001\/producto\/eros-clasico-lubricante-silicona-100-ml\/","og_site_name":"Tienda Er\u00f3tica","article_modified_time":"2022-01-22T11:56:06+00:00","og_image":[{"width":550,"height":550,"url":"https:\/\/demoweb.info\/sexshop001\/wp-content\/uploads\/2022\/01\/EROS-CLASICO-LUBRICANTE-SILICONA-100-ML.jpg","type":"image\/jpeg"}],"twitter_card":"summary_large_image","twitter_misc":{"Tiempo de lectura":"1 minuto"},"schema":{"@context":"https:\/\/schema.org","@graph":[{"@type":"WebPage","@id":"https:\/\/demoweb.info\/sexshop001\/producto\/eros-clasico-lubricante-silicona-100-ml\/","url":"https:\/\/demoweb.info\/sexshop001\/producto\/eros-clasico-lubricante-silicona-100-ml\/","name":"EROS CLASICO LUBRICANTE SILICONA 100 ML - Tienda Er\u00f3tica","isPartOf":{"@id":"https:\/\/demoweb.info\/sexshop001\/#website"},"datePublished":"2022-01-22T11:56:02+00:00","dateModified":"2022-01-22T11:56:06+00:00","breadcrumb":{"@id":"https:\/\/demoweb.info\/sexshop001\/producto\/eros-clasico-lubricante-silicona-100-ml\/#breadcrumb"},"inLanguage":"es","potentialAction":[{"@type":"ReadAction","target":["https:\/\/demoweb.info\/sexshop001\/producto\/eros-clasico-lubricante-silicona-100-ml\/"]}]},{"@type":"BreadcrumbList","@id":"https:\/\/demoweb.info\/sexshop001\/producto\/eros-clasico-lubricante-silicona-100-ml\/#breadcrumb","itemListElement":[{"@type":"ListItem","position":1,"name":"Portada","item":"https:\/\/demoweb.info\/sexshop001\/"},{"@type":"ListItem","position":2,"name":"Tienda","item":"https:\/\/demoweb.info\/sexshop001\/tienda\/"},{"@type":"ListItem","position":3,"name":"EROS CLASICO LUBRICANTE SILICONA 100 ML"}]},{"@type":"WebSite","@id":"https:\/\/demoweb.info\/sexshop001\/#website","url":"https:\/\/demoweb.info\/sexshop001\/","name":"Tienda Er\u00f3tica","description":"DEMOWEB SL","potentialAction":[{"@type":"SearchAction","target":{"@type":"EntryPoint","urlTemplate":"https:\/\/demoweb.info\/sexshop001\/?s={search_term_string}"},"query-input":"required name=search_term_string"}],"inLanguage":"es"}]}},"_links":{"self":[{"href":"https:\/\/demoweb.info\/sexshop001\/wp-json\/wp\/v3\/product\/32026","targetHints":{"allow":["GET"]}}],"collection":[{"href":"https:\/\/demoweb.info\/sexshop001\/wp-json\/wp\/v3\/product"}],"about":[{"href":"https:\/\/demoweb.info\/sexshop001\/wp-json\/wp\/v2\/types\/product"}],"replies":[{"embeddable":true,"href":"https:\/\/demoweb.info\/sexshop001\/wp-json\/wp\/v2\/comments?post=32026"}],"wp:featuredmedia":[{"embeddable":true,"href":"https:\/\/demoweb.info\/sexshop001\/wp-json\/wp\/v2\/media\/32027"}],"wp:attachment":[{"href":"https:\/\/demoweb.info\/sexshop001\/wp-json\/wp\/v2\/media?parent=32026"}],"wp:term":[{"taxonomy":"product_cat","embeddable":true,"href":"https:\/\/demoweb.info\/sexshop001\/wp-json\/wp\/v2\/product_cat?post=32026"},{"taxonomy":"product_tag","embeddable":true,"href":"https:\/\/demoweb.info\/sexshop001\/wp-json\/wp\/v2\/product_tag?post=32026"}],"curies":[{"name":"wp","href":"https:\/\/api.w.org\/{rel}","templated":true}]}}