{"id":31869,"date":"2022-01-22T12:54:22","date_gmt":"2022-01-22T11:54:22","guid":{"rendered":"https:\/\/demoweb.info\/sexshop001\/producto\/eros-kissable-aceite-de-masaje-efecto-calor-cereza-100-ml\/"},"modified":"2022-01-22T12:54:37","modified_gmt":"2022-01-22T11:54:37","slug":"eros-kissable-aceite-de-masaje-efecto-calor-cereza-100-ml","status":"publish","type":"product","link":"https:\/\/demoweb.info\/sexshop001\/producto\/eros-kissable-aceite-de-masaje-efecto-calor-cereza-100-ml\/","title":{"rendered":"EROS KISSABLE ACEITE DE MASAJE EFECTO CALOR CEREZA 100 ML"},"content":{"rendered":"<p><font size=&quot;1&quot;><br \/>\n<b>EROS KISSABLE MASSAGE GEL WARMING CHERRY 100 ML<\/b><\/p>\n<p><\/b>Este solo\/a, con una o varias parejas, el gel <b>Kissable Massage Gel de<br \/>\nEros<\/b> le har\u00e1 vivir un masaje excitante y sensual. El l\u00edquido para masajes<br \/>\ncon aroma afrutado le har\u00e1 sentir una sensaci\u00f3n de calor intensamente er\u00f3tica en<br \/>\ncuanto sople las zonas untadas. <\/p>\n<p>\u00bfLe gustas las fresas? \u00bfO prefiere las cerezas?.<\/p>\n<p>El gel <b>Kissable Massage Gel<\/b> est\u00e1 disponible en diferentes sabores, cada<br \/>\nuno encuentra exactamente lo que desea. Del\u00e9itese con un masaje embriagador,<br \/>\nseductor e incre\u00edblemente estimulante.<\/p>\n<p>Caracter\u00edsticas:<\/p>\n<p>&#8211; Dermatol\u00f3gicamente probado.<br \/>\n&#8211; Rinde mucho.<br \/>\n&#8211; Hidrosoluble y f\u00e1cilmente lavable.<br \/>\n&#8211; Incoloro y exento de grasas<\/p>\n<p>Envase de 100 ml.<\/font><\/p>\n","protected":false},"excerpt":{"rendered":"<p>EROS KISSABLE MASSAGE GEL WARMING CHERRY 100 ML Este solo\/a, con una o varias parejas, el gel Kissable Massage Gel<\/p>\n","protected":false},"featured_media":31870,"comment_status":"open","ping_status":"open","template":"","meta":[],"product_cat":[636],"product_tag":[700,1189],"class_list":["post-31869","product","type-product","status-publish","has-post-thumbnail","hentry","product_cat-efecto-calor-aceites","product_tag-eros","product_tag-pleasure"],"bundled_by":[],"bundle_stock_status":"instock","bundle_stock_quantity":14,"bundle_virtual":false,"bundle_layout":"","bundle_add_to_cart_form_location":"","bundle_editable_in_cart":false,"bundle_sold_individually_context":"","bundle_item_grouping":"","bundle_min_size":"","bundle_max_size":"","bundled_items":[],"yoast_head":"<!-- This site is optimized with the Yoast SEO plugin v20.6 - https:\/\/yoast.com\/wordpress\/plugins\/seo\/ -->\n<title>EROS KISSABLE ACEITE DE MASAJE EFECTO CALOR CEREZA 100 ML - Tienda Er\u00f3tica<\/title>\n<meta name=\"robots\" content=\"noindex, follow, max-snippet:-1, max-image-preview:large, max-video-preview:-1\" \/>\n<meta property=\"og:locale\" content=\"es_ES\" \/>\n<meta property=\"og:type\" content=\"article\" \/>\n<meta property=\"og:title\" content=\"EROS KISSABLE ACEITE DE MASAJE EFECTO CALOR CEREZA 100 ML - Tienda Er\u00f3tica\" \/>\n<meta property=\"og:description\" content=\"EROS KISSABLE MASSAGE GEL WARMING CHERRY 100 ML Este solo\/a, con una o varias parejas, el gel Kissable Massage Gel\" \/>\n<meta property=\"og:url\" content=\"https:\/\/demoweb.info\/sexshop001\/producto\/eros-kissable-aceite-de-masaje-efecto-calor-cereza-100-ml\/\" \/>\n<meta property=\"og:site_name\" content=\"Tienda Er\u00f3tica\" \/>\n<meta property=\"article:modified_time\" content=\"2022-01-22T11:54:37+00:00\" \/>\n<meta property=\"og:image\" content=\"https:\/\/demoweb.info\/sexshop001\/wp-content\/uploads\/2022\/01\/EROS-KISSABLE-ACEITE-DE-MASAJE-EFECTO-CALOR-CEREZA-100-ML.jpg\" \/>\n\t<meta property=\"og:image:width\" content=\"550\" \/>\n\t<meta property=\"og:image:height\" content=\"550\" \/>\n\t<meta property=\"og:image:type\" content=\"image\/jpeg\" \/>\n<meta name=\"twitter:card\" content=\"summary_large_image\" \/>\n<meta name=\"twitter:label1\" content=\"Tiempo de lectura\" \/>\n\t<meta name=\"twitter:data1\" content=\"1 minuto\" \/>\n<script type=\"application\/ld+json\" class=\"yoast-schema-graph\">{\"@context\":\"https:\/\/schema.org\",\"@graph\":[{\"@type\":\"WebPage\",\"@id\":\"https:\/\/demoweb.info\/sexshop001\/producto\/eros-kissable-aceite-de-masaje-efecto-calor-cereza-100-ml\/\",\"url\":\"https:\/\/demoweb.info\/sexshop001\/producto\/eros-kissable-aceite-de-masaje-efecto-calor-cereza-100-ml\/\",\"name\":\"EROS KISSABLE ACEITE DE MASAJE EFECTO CALOR CEREZA 100 ML - Tienda Er\u00f3tica\",\"isPartOf\":{\"@id\":\"https:\/\/demoweb.info\/sexshop001\/#website\"},\"datePublished\":\"2022-01-22T11:54:22+00:00\",\"dateModified\":\"2022-01-22T11:54:37+00:00\",\"breadcrumb\":{\"@id\":\"https:\/\/demoweb.info\/sexshop001\/producto\/eros-kissable-aceite-de-masaje-efecto-calor-cereza-100-ml\/#breadcrumb\"},\"inLanguage\":\"es\",\"potentialAction\":[{\"@type\":\"ReadAction\",\"target\":[\"https:\/\/demoweb.info\/sexshop001\/producto\/eros-kissable-aceite-de-masaje-efecto-calor-cereza-100-ml\/\"]}]},{\"@type\":\"BreadcrumbList\",\"@id\":\"https:\/\/demoweb.info\/sexshop001\/producto\/eros-kissable-aceite-de-masaje-efecto-calor-cereza-100-ml\/#breadcrumb\",\"itemListElement\":[{\"@type\":\"ListItem\",\"position\":1,\"name\":\"Portada\",\"item\":\"https:\/\/demoweb.info\/sexshop001\/\"},{\"@type\":\"ListItem\",\"position\":2,\"name\":\"Tienda\",\"item\":\"https:\/\/demoweb.info\/sexshop001\/tienda\/\"},{\"@type\":\"ListItem\",\"position\":3,\"name\":\"EROS KISSABLE ACEITE DE MASAJE EFECTO CALOR CEREZA 100 ML\"}]},{\"@type\":\"WebSite\",\"@id\":\"https:\/\/demoweb.info\/sexshop001\/#website\",\"url\":\"https:\/\/demoweb.info\/sexshop001\/\",\"name\":\"Tienda Er\u00f3tica\",\"description\":\"DEMOWEB SL\",\"potentialAction\":[{\"@type\":\"SearchAction\",\"target\":{\"@type\":\"EntryPoint\",\"urlTemplate\":\"https:\/\/demoweb.info\/sexshop001\/?s={search_term_string}\"},\"query-input\":\"required name=search_term_string\"}],\"inLanguage\":\"es\"}]}<\/script>\n<!-- \/ Yoast SEO plugin. -->","yoast_head_json":{"title":"EROS KISSABLE ACEITE DE MASAJE EFECTO CALOR CEREZA 100 ML - Tienda Er\u00f3tica","robots":{"index":"noindex","follow":"follow","max-snippet":"max-snippet:-1","max-image-preview":"max-image-preview:large","max-video-preview":"max-video-preview:-1"},"og_locale":"es_ES","og_type":"article","og_title":"EROS KISSABLE ACEITE DE MASAJE EFECTO CALOR CEREZA 100 ML - Tienda Er\u00f3tica","og_description":"EROS KISSABLE MASSAGE GEL WARMING CHERRY 100 ML Este solo\/a, con una o varias parejas, el gel Kissable Massage Gel","og_url":"https:\/\/demoweb.info\/sexshop001\/producto\/eros-kissable-aceite-de-masaje-efecto-calor-cereza-100-ml\/","og_site_name":"Tienda Er\u00f3tica","article_modified_time":"2022-01-22T11:54:37+00:00","og_image":[{"width":550,"height":550,"url":"https:\/\/demoweb.info\/sexshop001\/wp-content\/uploads\/2022\/01\/EROS-KISSABLE-ACEITE-DE-MASAJE-EFECTO-CALOR-CEREZA-100-ML.jpg","type":"image\/jpeg"}],"twitter_card":"summary_large_image","twitter_misc":{"Tiempo de lectura":"1 minuto"},"schema":{"@context":"https:\/\/schema.org","@graph":[{"@type":"WebPage","@id":"https:\/\/demoweb.info\/sexshop001\/producto\/eros-kissable-aceite-de-masaje-efecto-calor-cereza-100-ml\/","url":"https:\/\/demoweb.info\/sexshop001\/producto\/eros-kissable-aceite-de-masaje-efecto-calor-cereza-100-ml\/","name":"EROS KISSABLE ACEITE DE MASAJE EFECTO CALOR CEREZA 100 ML - Tienda Er\u00f3tica","isPartOf":{"@id":"https:\/\/demoweb.info\/sexshop001\/#website"},"datePublished":"2022-01-22T11:54:22+00:00","dateModified":"2022-01-22T11:54:37+00:00","breadcrumb":{"@id":"https:\/\/demoweb.info\/sexshop001\/producto\/eros-kissable-aceite-de-masaje-efecto-calor-cereza-100-ml\/#breadcrumb"},"inLanguage":"es","potentialAction":[{"@type":"ReadAction","target":["https:\/\/demoweb.info\/sexshop001\/producto\/eros-kissable-aceite-de-masaje-efecto-calor-cereza-100-ml\/"]}]},{"@type":"BreadcrumbList","@id":"https:\/\/demoweb.info\/sexshop001\/producto\/eros-kissable-aceite-de-masaje-efecto-calor-cereza-100-ml\/#breadcrumb","itemListElement":[{"@type":"ListItem","position":1,"name":"Portada","item":"https:\/\/demoweb.info\/sexshop001\/"},{"@type":"ListItem","position":2,"name":"Tienda","item":"https:\/\/demoweb.info\/sexshop001\/tienda\/"},{"@type":"ListItem","position":3,"name":"EROS KISSABLE ACEITE DE MASAJE EFECTO CALOR CEREZA 100 ML"}]},{"@type":"WebSite","@id":"https:\/\/demoweb.info\/sexshop001\/#website","url":"https:\/\/demoweb.info\/sexshop001\/","name":"Tienda Er\u00f3tica","description":"DEMOWEB SL","potentialAction":[{"@type":"SearchAction","target":{"@type":"EntryPoint","urlTemplate":"https:\/\/demoweb.info\/sexshop001\/?s={search_term_string}"},"query-input":"required name=search_term_string"}],"inLanguage":"es"}]}},"_links":{"self":[{"href":"https:\/\/demoweb.info\/sexshop001\/wp-json\/wp\/v3\/product\/31869","targetHints":{"allow":["GET"]}}],"collection":[{"href":"https:\/\/demoweb.info\/sexshop001\/wp-json\/wp\/v3\/product"}],"about":[{"href":"https:\/\/demoweb.info\/sexshop001\/wp-json\/wp\/v2\/types\/product"}],"replies":[{"embeddable":true,"href":"https:\/\/demoweb.info\/sexshop001\/wp-json\/wp\/v2\/comments?post=31869"}],"wp:featuredmedia":[{"embeddable":true,"href":"https:\/\/demoweb.info\/sexshop001\/wp-json\/wp\/v2\/media\/31870"}],"wp:attachment":[{"href":"https:\/\/demoweb.info\/sexshop001\/wp-json\/wp\/v2\/media?parent=31869"}],"wp:term":[{"taxonomy":"product_cat","embeddable":true,"href":"https:\/\/demoweb.info\/sexshop001\/wp-json\/wp\/v2\/product_cat?post=31869"},{"taxonomy":"product_tag","embeddable":true,"href":"https:\/\/demoweb.info\/sexshop001\/wp-json\/wp\/v2\/product_tag?post=31869"}],"curies":[{"name":"wp","href":"https:\/\/api.w.org\/{rel}","templated":true}]}}