{"id":31749,"date":"2022-01-22T12:52:57","date_gmt":"2022-01-22T11:52:57","guid":{"rendered":"https:\/\/demoweb.info\/sexshop001\/producto\/autoblow-mango-de-facil-agarre\/"},"modified":"2022-01-22T12:53:16","modified_gmt":"2022-01-22T11:53:16","slug":"autoblow-mango-de-facil-agarre","status":"publish","type":"product","link":"https:\/\/demoweb.info\/sexshop001\/producto\/autoblow-mango-de-facil-agarre\/","title":{"rendered":"AUTOBLOW &#8211; MANGO DE F\u00c1CIL AGARRE"},"content":{"rendered":"<p><strong>AUTOBLOW &#8211; EASY-GRIP HANDLE<\/strong><\/p>\n<p>El Autoblow EASY-GRIP Se encaja f\u00e1cilmente en tu Autoblow en segundos, convirtiendo tu stroker en un compa\u00f1ero m\u00e1s f\u00e1cil y c\u00f3modo de usar.<\/p>\n<p>Construido s\u00f3lidamente de pl\u00e1stico ABS con un mango sobremoldeado, se adapta a manos de todos los tama\u00f1os y realmente aumenta la sensaci\u00f3n.<\/p>\n<p>El motor es tan poderoso que si coloca el mango y sostiene la m\u00e1quina horizontalmente, la fuerza del movimiento hacia arriba \/ abajo deslizar\u00e1 suavemente el Autoblow hacia adelante y hacia atr\u00e1s sobre su pene erecto, con un m\u00ednimo esfuerzo.<\/p><\/p>\n","protected":false},"excerpt":{"rendered":"<p>AUTOBLOW &#8211; EASY-GRIP HANDLE El Autoblow EASY-GRIP Se encaja f\u00e1cilmente en tu Autoblow en segundos, convirtiendo tu stroker en un<\/p>\n","protected":false},"featured_media":31750,"comment_status":"open","ping_status":"open","template":"","meta":[],"product_cat":[659],"product_tag":[365],"class_list":["post-31749","product","type-product","status-publish","has-post-thumbnail","hentry","product_cat-accesorios-masturbadores","product_tag-autoblow"],"bundled_by":[],"bundle_stock_status":"instock","bundle_stock_quantity":1,"bundle_virtual":false,"bundle_layout":"","bundle_add_to_cart_form_location":"","bundle_editable_in_cart":false,"bundle_sold_individually_context":"","bundle_item_grouping":"","bundle_min_size":"","bundle_max_size":"","bundled_items":[],"yoast_head":"<!-- This site is optimized with the Yoast SEO plugin v20.6 - https:\/\/yoast.com\/wordpress\/plugins\/seo\/ -->\n<title>AUTOBLOW - MANGO DE F\u00c1CIL AGARRE - Tienda Er\u00f3tica<\/title>\n<meta name=\"robots\" content=\"noindex, follow, max-snippet:-1, max-image-preview:large, max-video-preview:-1\" \/>\n<meta property=\"og:locale\" content=\"es_ES\" \/>\n<meta property=\"og:type\" content=\"article\" \/>\n<meta property=\"og:title\" content=\"AUTOBLOW - MANGO DE F\u00c1CIL AGARRE - Tienda Er\u00f3tica\" \/>\n<meta property=\"og:description\" content=\"AUTOBLOW &#8211; EASY-GRIP HANDLE El Autoblow EASY-GRIP Se encaja f\u00e1cilmente en tu Autoblow en segundos, convirtiendo tu stroker en un\" \/>\n<meta property=\"og:url\" content=\"https:\/\/demoweb.info\/sexshop001\/producto\/autoblow-mango-de-facil-agarre\/\" \/>\n<meta property=\"og:site_name\" content=\"Tienda Er\u00f3tica\" \/>\n<meta property=\"article:modified_time\" content=\"2022-01-22T11:53:16+00:00\" \/>\n<meta property=\"og:image\" content=\"https:\/\/demoweb.info\/sexshop001\/wp-content\/uploads\/2022\/01\/AUTOBLOW-MANGO-DE-FACIL-AGARRE.jpg\" \/>\n\t<meta property=\"og:image:width\" content=\"550\" \/>\n\t<meta property=\"og:image:height\" content=\"550\" \/>\n\t<meta property=\"og:image:type\" content=\"image\/jpeg\" \/>\n<meta name=\"twitter:card\" content=\"summary_large_image\" \/>\n<meta name=\"twitter:label1\" content=\"Tiempo de lectura\" \/>\n\t<meta name=\"twitter:data1\" content=\"1 minuto\" \/>\n<script type=\"application\/ld+json\" class=\"yoast-schema-graph\">{\"@context\":\"https:\/\/schema.org\",\"@graph\":[{\"@type\":\"WebPage\",\"@id\":\"https:\/\/demoweb.info\/sexshop001\/producto\/autoblow-mango-de-facil-agarre\/\",\"url\":\"https:\/\/demoweb.info\/sexshop001\/producto\/autoblow-mango-de-facil-agarre\/\",\"name\":\"AUTOBLOW - MANGO DE F\u00c1CIL AGARRE - Tienda Er\u00f3tica\",\"isPartOf\":{\"@id\":\"https:\/\/demoweb.info\/sexshop001\/#website\"},\"datePublished\":\"2022-01-22T11:52:57+00:00\",\"dateModified\":\"2022-01-22T11:53:16+00:00\",\"breadcrumb\":{\"@id\":\"https:\/\/demoweb.info\/sexshop001\/producto\/autoblow-mango-de-facil-agarre\/#breadcrumb\"},\"inLanguage\":\"es\",\"potentialAction\":[{\"@type\":\"ReadAction\",\"target\":[\"https:\/\/demoweb.info\/sexshop001\/producto\/autoblow-mango-de-facil-agarre\/\"]}]},{\"@type\":\"BreadcrumbList\",\"@id\":\"https:\/\/demoweb.info\/sexshop001\/producto\/autoblow-mango-de-facil-agarre\/#breadcrumb\",\"itemListElement\":[{\"@type\":\"ListItem\",\"position\":1,\"name\":\"Portada\",\"item\":\"https:\/\/demoweb.info\/sexshop001\/\"},{\"@type\":\"ListItem\",\"position\":2,\"name\":\"Tienda\",\"item\":\"https:\/\/demoweb.info\/sexshop001\/tienda\/\"},{\"@type\":\"ListItem\",\"position\":3,\"name\":\"AUTOBLOW &#8211; MANGO DE F\u00c1CIL AGARRE\"}]},{\"@type\":\"WebSite\",\"@id\":\"https:\/\/demoweb.info\/sexshop001\/#website\",\"url\":\"https:\/\/demoweb.info\/sexshop001\/\",\"name\":\"Tienda Er\u00f3tica\",\"description\":\"DEMOWEB SL\",\"potentialAction\":[{\"@type\":\"SearchAction\",\"target\":{\"@type\":\"EntryPoint\",\"urlTemplate\":\"https:\/\/demoweb.info\/sexshop001\/?s={search_term_string}\"},\"query-input\":\"required name=search_term_string\"}],\"inLanguage\":\"es\"}]}<\/script>\n<!-- \/ Yoast SEO plugin. -->","yoast_head_json":{"title":"AUTOBLOW - MANGO DE F\u00c1CIL AGARRE - Tienda Er\u00f3tica","robots":{"index":"noindex","follow":"follow","max-snippet":"max-snippet:-1","max-image-preview":"max-image-preview:large","max-video-preview":"max-video-preview:-1"},"og_locale":"es_ES","og_type":"article","og_title":"AUTOBLOW - MANGO DE F\u00c1CIL AGARRE - Tienda Er\u00f3tica","og_description":"AUTOBLOW &#8211; EASY-GRIP HANDLE El Autoblow EASY-GRIP Se encaja f\u00e1cilmente en tu Autoblow en segundos, convirtiendo tu stroker en un","og_url":"https:\/\/demoweb.info\/sexshop001\/producto\/autoblow-mango-de-facil-agarre\/","og_site_name":"Tienda Er\u00f3tica","article_modified_time":"2022-01-22T11:53:16+00:00","og_image":[{"width":550,"height":550,"url":"https:\/\/demoweb.info\/sexshop001\/wp-content\/uploads\/2022\/01\/AUTOBLOW-MANGO-DE-FACIL-AGARRE.jpg","type":"image\/jpeg"}],"twitter_card":"summary_large_image","twitter_misc":{"Tiempo de lectura":"1 minuto"},"schema":{"@context":"https:\/\/schema.org","@graph":[{"@type":"WebPage","@id":"https:\/\/demoweb.info\/sexshop001\/producto\/autoblow-mango-de-facil-agarre\/","url":"https:\/\/demoweb.info\/sexshop001\/producto\/autoblow-mango-de-facil-agarre\/","name":"AUTOBLOW - MANGO DE F\u00c1CIL AGARRE - Tienda Er\u00f3tica","isPartOf":{"@id":"https:\/\/demoweb.info\/sexshop001\/#website"},"datePublished":"2022-01-22T11:52:57+00:00","dateModified":"2022-01-22T11:53:16+00:00","breadcrumb":{"@id":"https:\/\/demoweb.info\/sexshop001\/producto\/autoblow-mango-de-facil-agarre\/#breadcrumb"},"inLanguage":"es","potentialAction":[{"@type":"ReadAction","target":["https:\/\/demoweb.info\/sexshop001\/producto\/autoblow-mango-de-facil-agarre\/"]}]},{"@type":"BreadcrumbList","@id":"https:\/\/demoweb.info\/sexshop001\/producto\/autoblow-mango-de-facil-agarre\/#breadcrumb","itemListElement":[{"@type":"ListItem","position":1,"name":"Portada","item":"https:\/\/demoweb.info\/sexshop001\/"},{"@type":"ListItem","position":2,"name":"Tienda","item":"https:\/\/demoweb.info\/sexshop001\/tienda\/"},{"@type":"ListItem","position":3,"name":"AUTOBLOW &#8211; MANGO DE F\u00c1CIL AGARRE"}]},{"@type":"WebSite","@id":"https:\/\/demoweb.info\/sexshop001\/#website","url":"https:\/\/demoweb.info\/sexshop001\/","name":"Tienda Er\u00f3tica","description":"DEMOWEB SL","potentialAction":[{"@type":"SearchAction","target":{"@type":"EntryPoint","urlTemplate":"https:\/\/demoweb.info\/sexshop001\/?s={search_term_string}"},"query-input":"required name=search_term_string"}],"inLanguage":"es"}]}},"_links":{"self":[{"href":"https:\/\/demoweb.info\/sexshop001\/wp-json\/wp\/v3\/product\/31749","targetHints":{"allow":["GET"]}}],"collection":[{"href":"https:\/\/demoweb.info\/sexshop001\/wp-json\/wp\/v3\/product"}],"about":[{"href":"https:\/\/demoweb.info\/sexshop001\/wp-json\/wp\/v2\/types\/product"}],"replies":[{"embeddable":true,"href":"https:\/\/demoweb.info\/sexshop001\/wp-json\/wp\/v2\/comments?post=31749"}],"wp:featuredmedia":[{"embeddable":true,"href":"https:\/\/demoweb.info\/sexshop001\/wp-json\/wp\/v2\/media\/31750"}],"wp:attachment":[{"href":"https:\/\/demoweb.info\/sexshop001\/wp-json\/wp\/v2\/media?parent=31749"}],"wp:term":[{"taxonomy":"product_cat","embeddable":true,"href":"https:\/\/demoweb.info\/sexshop001\/wp-json\/wp\/v2\/product_cat?post=31749"},{"taxonomy":"product_tag","embeddable":true,"href":"https:\/\/demoweb.info\/sexshop001\/wp-json\/wp\/v2\/product_tag?post=31749"}],"curies":[{"name":"wp","href":"https:\/\/api.w.org\/{rel}","templated":true}]}}