{"id":31683,"date":"2022-01-22T12:52:34","date_gmt":"2022-01-22T11:52:34","guid":{"rendered":"https:\/\/demoweb.info\/sexshop001\/producto\/lelo-f1s-v2-masturbador-con-tecnologia-sdk-negro-azul\/"},"modified":"2022-01-22T12:52:34","modified_gmt":"2022-01-22T11:52:34","slug":"lelo-f1s-v2-masturbador-con-tecnologia-sdk-negro-azul","status":"publish","type":"product","link":"https:\/\/demoweb.info\/sexshop001\/producto\/lelo-f1s-v2-masturbador-con-tecnologia-sdk-negro-azul\/","title":{"rendered":"LELO F1S V2 MASTURBADOR CON TECNOLOGIA SDK NEGRO \/ AZUL"},"content":{"rendered":"<p><strong>LELO F1S V2 MASTURBATOR SDK TECHNOLOGY <\/strong><\/p>\n<p>El dise\u00f1o mejorado del masturbador masculino F1S V2 te permite explorar una satisfacci\u00f3n \u00f3ptima , con una manga interna flexible, una gama mas amplia de intensidades s\u00f3nicas y cuatro patrones de puslsaci\u00f3n.<\/p>\n<p>Este Sextech de interfaz abierta cuenta con 10 sensores de \u00faltima generaci\u00f3n para valorar el rendimiento del dispositivo a tiempo real a trav\u00e9s de la aplicaci\u00f3n de Lelo, lo que te permite crear el conunto mas placentero de patrones para un orgasmo increible.<\/p>\n<p>Descarga el SDK de IOS o Android para crear tu aplicaci\u00f3n cybersexy sincron\u00edzala con el mundo interactivo y deja que tu imaginaci\u00f3n te haga sacar tu lado m\u00e1s salvaje.<\/p>\n<p>\n<strong>C\u00d3MO USAR EL PRODUCTO CON LA APP<\/strong><\/p>\n<ul>\n<li>Antes del primer uso, carga tu F1S V2 durante 2 horas.<\/li>\n<li>Pulsa el bot\u00f3n del centro durante 3 segundos para encenderlo a la vez que activas el Bluetooth.<\/li>\n<li>Todas las luces LED parpadean de forma simult\u00e1nea para mostrar que se ha vinculado por Bluetooth.<\/li>\n<li>Abre la aplicaci\u00f3n F1S y una vez hayas recibido el mensaje de confirmaci\u00f3n, pulsa el bot\u00f3n<\/li>\n<li>del centro para confirmar.<\/li>\n<li>Todas las luces LED se pondr\u00e1n de color fijo, lo que indica que el dispositivo se ha conectado con \u00e9xito.<\/li>\n<li>En caso de que falle la conexi\u00f3n tu producto se apagar\u00e1 de forma autom\u00e1tica en 30 segundos.<\/li>\n<li>El nivel de la bater\u00eda y la vibraci\u00f3n se pueden ver en la app.<\/li>\n<\/ul>\n<p>\n<strong>C\u00d3MO USAR EL PRODUCTO SIN LA APP<\/strong><\/p>\n<ul>\n<li>Antes del primer uso, carga tu F1S V2 durante 2 horas.<\/li>\n<li>Pulsa el bot\u00f3n del centro durante 1 segundo para encenderlo.<\/li>\n<li>Las luces LED parpadear\u00e1n y mostrar\u00e1n el nivel de carga de la bater\u00eda.<\/li>\n<li>Las luces LED se pondr\u00e1n de color fijo y mostrar\u00e1n el nivel de vibraci\u00f3n.<\/li>\n<li>Pulsa el bot\u00f3n + o para ajustar la intensidad de la vibraci\u00f3n.<\/li>\n<li>Pulsa el bot\u00f3n del centro durante 3 segundos para encenderlo.<\/li>\n<li>Pulsa y mant\u00e9n pulsados los botones + y &#8211; de forma simult\u00e1nea durante 5 segundos para desbloquear tu F1S V2 y evitar encenderlo sin darte cuenta.<\/li>\n<\/ul>\n<p><strong>CARACTER\u00cdSTICAS:<\/strong><\/p>\n<ul>\n<li>Material: Silicona, ABS y aleaci\u00f3n de alluminio<\/li>\n<li>Tama\u00f1o: 143 x 71 mm<\/li>\n<li>Insertable: 110.72 mm<\/li>\n<li>Peso: 285 gr<\/li>\n<li>Bateria: Li-Ion 850 Ma 3.7 V<\/li>\n<li>Carga: 2 horas<\/li>\n<li>Tiempo de uso: 2 horas.<\/li>\n<li>En espera 90 d\u00edas<\/li>\n<li>Frecuencia del motor de succi\u00f3n: 60 Hz<\/li>\n<li>Frecuencia del motor de vibraci\u00f3n: 90 Hz<\/li>\n<li>Interfaz: 3 botones.<\/li>\n<li>Superficie flexible para un placer intenso. Mas suave y mas flexible para una mayor comodidad.<\/li>\n<li>Con el doble de potencia. Vibraciones mas intensas y de mayor alcance para una estimulaci\u00f3n infinita.<\/li>\n<li>4 patrones \u00fanicos. Con dos motores de estimulaci\u00f3n y cuatro modos dise\u00f1ados especialmente.<\/li>\n<li>Una gama mas amplia de intensidades s\u00f3nicas. Ya que nunca se est\u00e1 demsiado satisfecho hemos ampliado la potencia para una eurforia extra<\/li>\n<li>Conectado a la aplicaci\u00f3n. Conecta a tu dispositivo para probarlo con la app de Lelo. Explora los ajustes de control y analiza tu rendimiento desde la perspectiva<\/li>\n<li>Tecnolog\u00eda SenTonic. La sensaci\u00f3n abrumadora de las ondas s\u00f3nicas y la tecnolog\u00eda patentada Cruise Control que hacen que es F1S V2 sea la mejor manera de demostrarse amor propio.<\/li>\n<li>Completamente sumergible y recargable. CON el cable de carga por USB incluido, podr\u00e1s llevarte ty F15 V2 donde quieras y su dise\u00f1o sumergible hace que sea muy f\u00e1cil de limpiar.<\/li>\n<\/ul>\n","protected":false},"excerpt":{"rendered":"<p>LELO F1S V2 MASTURBATOR SDK TECHNOLOGY El dise\u00f1o mejorado del masturbador masculino F1S V2 te permite explorar una satisfacci\u00f3n \u00f3ptima<\/p>\n","protected":false},"featured_media":31684,"comment_status":"open","ping_status":"open","template":"","meta":[],"product_cat":[364],"product_tag":[406],"class_list":["post-31683","product","type-product","status-publish","has-post-thumbnail","hentry","product_cat-con-vibracion","product_tag-lelo"],"bundled_by":[],"bundle_stock_status":"instock","bundle_stock_quantity":2,"bundle_virtual":false,"bundle_layout":"","bundle_add_to_cart_form_location":"","bundle_editable_in_cart":false,"bundle_sold_individually_context":"","bundle_item_grouping":"","bundle_min_size":"","bundle_max_size":"","bundled_items":[],"yoast_head":"<!-- This site is optimized with the Yoast SEO plugin v20.6 - https:\/\/yoast.com\/wordpress\/plugins\/seo\/ -->\n<title>LELO F1S V2 MASTURBADOR CON TECNOLOGIA SDK NEGRO \/ AZUL - Tienda Er\u00f3tica<\/title>\n<meta name=\"robots\" content=\"noindex, follow, max-snippet:-1, max-image-preview:large, max-video-preview:-1\" \/>\n<meta property=\"og:locale\" content=\"es_ES\" \/>\n<meta property=\"og:type\" content=\"article\" \/>\n<meta property=\"og:title\" content=\"LELO F1S V2 MASTURBADOR CON TECNOLOGIA SDK NEGRO \/ AZUL - Tienda Er\u00f3tica\" \/>\n<meta property=\"og:description\" content=\"LELO F1S V2 MASTURBATOR SDK TECHNOLOGY El dise\u00f1o mejorado del masturbador masculino F1S V2 te permite explorar una satisfacci\u00f3n \u00f3ptima\" \/>\n<meta property=\"og:url\" content=\"https:\/\/demoweb.info\/sexshop001\/producto\/lelo-f1s-v2-masturbador-con-tecnologia-sdk-negro-azul\/\" \/>\n<meta property=\"og:site_name\" content=\"Tienda Er\u00f3tica\" \/>\n<meta property=\"og:image\" content=\"https:\/\/demoweb.info\/sexshop001\/wp-content\/uploads\/2022\/01\/LELO-F1S-V2-MASTURBADOR-CON-TECNOLOGIA-SDK-NEGRO-AZUL.jpg\" \/>\n\t<meta property=\"og:image:width\" content=\"550\" \/>\n\t<meta property=\"og:image:height\" content=\"550\" \/>\n\t<meta property=\"og:image:type\" content=\"image\/jpeg\" \/>\n<meta name=\"twitter:card\" content=\"summary_large_image\" \/>\n<meta name=\"twitter:label1\" content=\"Tiempo de lectura\" \/>\n\t<meta name=\"twitter:data1\" content=\"3 minutos\" \/>\n<script type=\"application\/ld+json\" class=\"yoast-schema-graph\">{\"@context\":\"https:\/\/schema.org\",\"@graph\":[{\"@type\":\"WebPage\",\"@id\":\"https:\/\/demoweb.info\/sexshop001\/producto\/lelo-f1s-v2-masturbador-con-tecnologia-sdk-negro-azul\/\",\"url\":\"https:\/\/demoweb.info\/sexshop001\/producto\/lelo-f1s-v2-masturbador-con-tecnologia-sdk-negro-azul\/\",\"name\":\"LELO F1S V2 MASTURBADOR CON TECNOLOGIA SDK NEGRO \/ AZUL - Tienda Er\u00f3tica\",\"isPartOf\":{\"@id\":\"https:\/\/demoweb.info\/sexshop001\/#website\"},\"datePublished\":\"2022-01-22T11:52:34+00:00\",\"dateModified\":\"2022-01-22T11:52:34+00:00\",\"breadcrumb\":{\"@id\":\"https:\/\/demoweb.info\/sexshop001\/producto\/lelo-f1s-v2-masturbador-con-tecnologia-sdk-negro-azul\/#breadcrumb\"},\"inLanguage\":\"es\",\"potentialAction\":[{\"@type\":\"ReadAction\",\"target\":[\"https:\/\/demoweb.info\/sexshop001\/producto\/lelo-f1s-v2-masturbador-con-tecnologia-sdk-negro-azul\/\"]}]},{\"@type\":\"BreadcrumbList\",\"@id\":\"https:\/\/demoweb.info\/sexshop001\/producto\/lelo-f1s-v2-masturbador-con-tecnologia-sdk-negro-azul\/#breadcrumb\",\"itemListElement\":[{\"@type\":\"ListItem\",\"position\":1,\"name\":\"Portada\",\"item\":\"https:\/\/demoweb.info\/sexshop001\/\"},{\"@type\":\"ListItem\",\"position\":2,\"name\":\"Tienda\",\"item\":\"https:\/\/demoweb.info\/sexshop001\/tienda\/\"},{\"@type\":\"ListItem\",\"position\":3,\"name\":\"LELO F1S V2 MASTURBADOR CON TECNOLOGIA SDK NEGRO \/ AZUL\"}]},{\"@type\":\"WebSite\",\"@id\":\"https:\/\/demoweb.info\/sexshop001\/#website\",\"url\":\"https:\/\/demoweb.info\/sexshop001\/\",\"name\":\"Tienda Er\u00f3tica\",\"description\":\"DEMOWEB SL\",\"potentialAction\":[{\"@type\":\"SearchAction\",\"target\":{\"@type\":\"EntryPoint\",\"urlTemplate\":\"https:\/\/demoweb.info\/sexshop001\/?s={search_term_string}\"},\"query-input\":\"required name=search_term_string\"}],\"inLanguage\":\"es\"}]}<\/script>\n<!-- \/ Yoast SEO plugin. -->","yoast_head_json":{"title":"LELO F1S V2 MASTURBADOR CON TECNOLOGIA SDK NEGRO \/ AZUL - Tienda Er\u00f3tica","robots":{"index":"noindex","follow":"follow","max-snippet":"max-snippet:-1","max-image-preview":"max-image-preview:large","max-video-preview":"max-video-preview:-1"},"og_locale":"es_ES","og_type":"article","og_title":"LELO F1S V2 MASTURBADOR CON TECNOLOGIA SDK NEGRO \/ AZUL - Tienda Er\u00f3tica","og_description":"LELO F1S V2 MASTURBATOR SDK TECHNOLOGY El dise\u00f1o mejorado del masturbador masculino F1S V2 te permite explorar una satisfacci\u00f3n \u00f3ptima","og_url":"https:\/\/demoweb.info\/sexshop001\/producto\/lelo-f1s-v2-masturbador-con-tecnologia-sdk-negro-azul\/","og_site_name":"Tienda Er\u00f3tica","og_image":[{"width":550,"height":550,"url":"https:\/\/demoweb.info\/sexshop001\/wp-content\/uploads\/2022\/01\/LELO-F1S-V2-MASTURBADOR-CON-TECNOLOGIA-SDK-NEGRO-AZUL.jpg","type":"image\/jpeg"}],"twitter_card":"summary_large_image","twitter_misc":{"Tiempo de lectura":"3 minutos"},"schema":{"@context":"https:\/\/schema.org","@graph":[{"@type":"WebPage","@id":"https:\/\/demoweb.info\/sexshop001\/producto\/lelo-f1s-v2-masturbador-con-tecnologia-sdk-negro-azul\/","url":"https:\/\/demoweb.info\/sexshop001\/producto\/lelo-f1s-v2-masturbador-con-tecnologia-sdk-negro-azul\/","name":"LELO F1S V2 MASTURBADOR CON TECNOLOGIA SDK NEGRO \/ AZUL - Tienda Er\u00f3tica","isPartOf":{"@id":"https:\/\/demoweb.info\/sexshop001\/#website"},"datePublished":"2022-01-22T11:52:34+00:00","dateModified":"2022-01-22T11:52:34+00:00","breadcrumb":{"@id":"https:\/\/demoweb.info\/sexshop001\/producto\/lelo-f1s-v2-masturbador-con-tecnologia-sdk-negro-azul\/#breadcrumb"},"inLanguage":"es","potentialAction":[{"@type":"ReadAction","target":["https:\/\/demoweb.info\/sexshop001\/producto\/lelo-f1s-v2-masturbador-con-tecnologia-sdk-negro-azul\/"]}]},{"@type":"BreadcrumbList","@id":"https:\/\/demoweb.info\/sexshop001\/producto\/lelo-f1s-v2-masturbador-con-tecnologia-sdk-negro-azul\/#breadcrumb","itemListElement":[{"@type":"ListItem","position":1,"name":"Portada","item":"https:\/\/demoweb.info\/sexshop001\/"},{"@type":"ListItem","position":2,"name":"Tienda","item":"https:\/\/demoweb.info\/sexshop001\/tienda\/"},{"@type":"ListItem","position":3,"name":"LELO F1S V2 MASTURBADOR CON TECNOLOGIA SDK NEGRO \/ AZUL"}]},{"@type":"WebSite","@id":"https:\/\/demoweb.info\/sexshop001\/#website","url":"https:\/\/demoweb.info\/sexshop001\/","name":"Tienda Er\u00f3tica","description":"DEMOWEB SL","potentialAction":[{"@type":"SearchAction","target":{"@type":"EntryPoint","urlTemplate":"https:\/\/demoweb.info\/sexshop001\/?s={search_term_string}"},"query-input":"required name=search_term_string"}],"inLanguage":"es"}]}},"_links":{"self":[{"href":"https:\/\/demoweb.info\/sexshop001\/wp-json\/wp\/v3\/product\/31683","targetHints":{"allow":["GET"]}}],"collection":[{"href":"https:\/\/demoweb.info\/sexshop001\/wp-json\/wp\/v3\/product"}],"about":[{"href":"https:\/\/demoweb.info\/sexshop001\/wp-json\/wp\/v2\/types\/product"}],"replies":[{"embeddable":true,"href":"https:\/\/demoweb.info\/sexshop001\/wp-json\/wp\/v2\/comments?post=31683"}],"wp:featuredmedia":[{"embeddable":true,"href":"https:\/\/demoweb.info\/sexshop001\/wp-json\/wp\/v2\/media\/31684"}],"wp:attachment":[{"href":"https:\/\/demoweb.info\/sexshop001\/wp-json\/wp\/v2\/media?parent=31683"}],"wp:term":[{"taxonomy":"product_cat","embeddable":true,"href":"https:\/\/demoweb.info\/sexshop001\/wp-json\/wp\/v2\/product_cat?post=31683"},{"taxonomy":"product_tag","embeddable":true,"href":"https:\/\/demoweb.info\/sexshop001\/wp-json\/wp\/v2\/product_tag?post=31683"}],"curies":[{"name":"wp","href":"https:\/\/api.w.org\/{rel}","templated":true}]}}