{"id":31671,"date":"2022-01-22T12:52:17","date_gmt":"2022-01-22T11:52:17","guid":{"rendered":"https:\/\/demoweb.info\/sexshop001\/producto\/lylou-crema-del-deseo-efecto-frio\/"},"modified":"2022-01-22T12:52:27","modified_gmt":"2022-01-22T11:52:27","slug":"lylou-crema-del-deseo-efecto-frio","status":"publish","type":"product","link":"https:\/\/demoweb.info\/sexshop001\/producto\/lylou-crema-del-deseo-efecto-frio\/","title":{"rendered":"LYLOU CREMA DEL DESEO EFECTO FRIO"},"content":{"rendered":"<p><font size=&quot;1&quot;><br \/>\n<b>LYLOU CREAM OF DESIRE COOLING<\/b><\/p>\n<p>Crema excitante, frescamente picante y refrescante para aumentar el placer en la parte \u00edntima que cuida a la vez. <\/p>\n<p>Con sustancias er\u00f3ticas de alta calidad que cuidan su piel, como menta natural, extracto natural de hojas de vid, bisaboleno, pantenol y extracto natural de ra\u00edz de regaliz.<\/p>\n<p>Aplicar una peque\u00f1a cantidad en las partes \u00edntimas, frotar suavemente y disfrutar de un placer m\u00e1s intenso.<\/p>\n<p>Envase de 15 ml.<\/font><\/p>\n","protected":false},"excerpt":{"rendered":"<p>LYLOU CREAM OF DESIRE COOLING Crema excitante, frescamente picante y refrescante para aumentar el placer en la parte \u00edntima que<\/p>\n","protected":false},"featured_media":31672,"comment_status":"open","ping_status":"open","template":"","meta":[],"product_cat":[530],"product_tag":[1188],"class_list":["post-31671","product","type-product","status-publish","has-post-thumbnail","hentry","product_cat-para-ella-cremas","product_tag-lylou"],"bundled_by":[],"bundle_stock_status":"instock","bundle_stock_quantity":4,"bundle_virtual":false,"bundle_layout":"","bundle_add_to_cart_form_location":"","bundle_editable_in_cart":false,"bundle_sold_individually_context":"","bundle_item_grouping":"","bundle_min_size":"","bundle_max_size":"","bundled_items":[],"yoast_head":"<!-- This site is optimized with the Yoast SEO plugin v20.6 - https:\/\/yoast.com\/wordpress\/plugins\/seo\/ -->\n<title>LYLOU CREMA DEL DESEO EFECTO FRIO - Tienda Er\u00f3tica<\/title>\n<meta name=\"robots\" content=\"noindex, follow, max-snippet:-1, max-image-preview:large, max-video-preview:-1\" \/>\n<meta property=\"og:locale\" content=\"es_ES\" \/>\n<meta property=\"og:type\" content=\"article\" \/>\n<meta property=\"og:title\" content=\"LYLOU CREMA DEL DESEO EFECTO FRIO - Tienda Er\u00f3tica\" \/>\n<meta property=\"og:description\" content=\"LYLOU CREAM OF DESIRE COOLING Crema excitante, frescamente picante y refrescante para aumentar el placer en la parte \u00edntima que\" \/>\n<meta property=\"og:url\" content=\"https:\/\/demoweb.info\/sexshop001\/producto\/lylou-crema-del-deseo-efecto-frio\/\" \/>\n<meta property=\"og:site_name\" content=\"Tienda Er\u00f3tica\" \/>\n<meta property=\"article:modified_time\" content=\"2022-01-22T11:52:27+00:00\" \/>\n<meta property=\"og:image\" content=\"https:\/\/demoweb.info\/sexshop001\/wp-content\/uploads\/2022\/01\/LYLOU-CREMA-DEL-DESEO-EFECTO-FRIO.jpg\" \/>\n\t<meta property=\"og:image:width\" content=\"550\" \/>\n\t<meta property=\"og:image:height\" content=\"550\" \/>\n\t<meta property=\"og:image:type\" content=\"image\/jpeg\" \/>\n<meta name=\"twitter:card\" content=\"summary_large_image\" \/>\n<script type=\"application\/ld+json\" class=\"yoast-schema-graph\">{\"@context\":\"https:\/\/schema.org\",\"@graph\":[{\"@type\":\"WebPage\",\"@id\":\"https:\/\/demoweb.info\/sexshop001\/producto\/lylou-crema-del-deseo-efecto-frio\/\",\"url\":\"https:\/\/demoweb.info\/sexshop001\/producto\/lylou-crema-del-deseo-efecto-frio\/\",\"name\":\"LYLOU CREMA DEL DESEO EFECTO FRIO - Tienda Er\u00f3tica\",\"isPartOf\":{\"@id\":\"https:\/\/demoweb.info\/sexshop001\/#website\"},\"datePublished\":\"2022-01-22T11:52:17+00:00\",\"dateModified\":\"2022-01-22T11:52:27+00:00\",\"breadcrumb\":{\"@id\":\"https:\/\/demoweb.info\/sexshop001\/producto\/lylou-crema-del-deseo-efecto-frio\/#breadcrumb\"},\"inLanguage\":\"es\",\"potentialAction\":[{\"@type\":\"ReadAction\",\"target\":[\"https:\/\/demoweb.info\/sexshop001\/producto\/lylou-crema-del-deseo-efecto-frio\/\"]}]},{\"@type\":\"BreadcrumbList\",\"@id\":\"https:\/\/demoweb.info\/sexshop001\/producto\/lylou-crema-del-deseo-efecto-frio\/#breadcrumb\",\"itemListElement\":[{\"@type\":\"ListItem\",\"position\":1,\"name\":\"Portada\",\"item\":\"https:\/\/demoweb.info\/sexshop001\/\"},{\"@type\":\"ListItem\",\"position\":2,\"name\":\"Tienda\",\"item\":\"https:\/\/demoweb.info\/sexshop001\/tienda\/\"},{\"@type\":\"ListItem\",\"position\":3,\"name\":\"LYLOU CREMA DEL DESEO EFECTO FRIO\"}]},{\"@type\":\"WebSite\",\"@id\":\"https:\/\/demoweb.info\/sexshop001\/#website\",\"url\":\"https:\/\/demoweb.info\/sexshop001\/\",\"name\":\"Tienda Er\u00f3tica\",\"description\":\"DEMOWEB SL\",\"potentialAction\":[{\"@type\":\"SearchAction\",\"target\":{\"@type\":\"EntryPoint\",\"urlTemplate\":\"https:\/\/demoweb.info\/sexshop001\/?s={search_term_string}\"},\"query-input\":\"required name=search_term_string\"}],\"inLanguage\":\"es\"}]}<\/script>\n<!-- \/ Yoast SEO plugin. -->","yoast_head_json":{"title":"LYLOU CREMA DEL DESEO EFECTO FRIO - Tienda Er\u00f3tica","robots":{"index":"noindex","follow":"follow","max-snippet":"max-snippet:-1","max-image-preview":"max-image-preview:large","max-video-preview":"max-video-preview:-1"},"og_locale":"es_ES","og_type":"article","og_title":"LYLOU CREMA DEL DESEO EFECTO FRIO - Tienda Er\u00f3tica","og_description":"LYLOU CREAM OF DESIRE COOLING Crema excitante, frescamente picante y refrescante para aumentar el placer en la parte \u00edntima que","og_url":"https:\/\/demoweb.info\/sexshop001\/producto\/lylou-crema-del-deseo-efecto-frio\/","og_site_name":"Tienda Er\u00f3tica","article_modified_time":"2022-01-22T11:52:27+00:00","og_image":[{"width":550,"height":550,"url":"https:\/\/demoweb.info\/sexshop001\/wp-content\/uploads\/2022\/01\/LYLOU-CREMA-DEL-DESEO-EFECTO-FRIO.jpg","type":"image\/jpeg"}],"twitter_card":"summary_large_image","schema":{"@context":"https:\/\/schema.org","@graph":[{"@type":"WebPage","@id":"https:\/\/demoweb.info\/sexshop001\/producto\/lylou-crema-del-deseo-efecto-frio\/","url":"https:\/\/demoweb.info\/sexshop001\/producto\/lylou-crema-del-deseo-efecto-frio\/","name":"LYLOU CREMA DEL DESEO EFECTO FRIO - Tienda Er\u00f3tica","isPartOf":{"@id":"https:\/\/demoweb.info\/sexshop001\/#website"},"datePublished":"2022-01-22T11:52:17+00:00","dateModified":"2022-01-22T11:52:27+00:00","breadcrumb":{"@id":"https:\/\/demoweb.info\/sexshop001\/producto\/lylou-crema-del-deseo-efecto-frio\/#breadcrumb"},"inLanguage":"es","potentialAction":[{"@type":"ReadAction","target":["https:\/\/demoweb.info\/sexshop001\/producto\/lylou-crema-del-deseo-efecto-frio\/"]}]},{"@type":"BreadcrumbList","@id":"https:\/\/demoweb.info\/sexshop001\/producto\/lylou-crema-del-deseo-efecto-frio\/#breadcrumb","itemListElement":[{"@type":"ListItem","position":1,"name":"Portada","item":"https:\/\/demoweb.info\/sexshop001\/"},{"@type":"ListItem","position":2,"name":"Tienda","item":"https:\/\/demoweb.info\/sexshop001\/tienda\/"},{"@type":"ListItem","position":3,"name":"LYLOU CREMA DEL DESEO EFECTO FRIO"}]},{"@type":"WebSite","@id":"https:\/\/demoweb.info\/sexshop001\/#website","url":"https:\/\/demoweb.info\/sexshop001\/","name":"Tienda Er\u00f3tica","description":"DEMOWEB SL","potentialAction":[{"@type":"SearchAction","target":{"@type":"EntryPoint","urlTemplate":"https:\/\/demoweb.info\/sexshop001\/?s={search_term_string}"},"query-input":"required name=search_term_string"}],"inLanguage":"es"}]}},"_links":{"self":[{"href":"https:\/\/demoweb.info\/sexshop001\/wp-json\/wp\/v3\/product\/31671","targetHints":{"allow":["GET"]}}],"collection":[{"href":"https:\/\/demoweb.info\/sexshop001\/wp-json\/wp\/v3\/product"}],"about":[{"href":"https:\/\/demoweb.info\/sexshop001\/wp-json\/wp\/v2\/types\/product"}],"replies":[{"embeddable":true,"href":"https:\/\/demoweb.info\/sexshop001\/wp-json\/wp\/v2\/comments?post=31671"}],"wp:featuredmedia":[{"embeddable":true,"href":"https:\/\/demoweb.info\/sexshop001\/wp-json\/wp\/v2\/media\/31672"}],"wp:attachment":[{"href":"https:\/\/demoweb.info\/sexshop001\/wp-json\/wp\/v2\/media?parent=31671"}],"wp:term":[{"taxonomy":"product_cat","embeddable":true,"href":"https:\/\/demoweb.info\/sexshop001\/wp-json\/wp\/v2\/product_cat?post=31671"},{"taxonomy":"product_tag","embeddable":true,"href":"https:\/\/demoweb.info\/sexshop001\/wp-json\/wp\/v2\/product_tag?post=31671"}],"curies":[{"name":"wp","href":"https:\/\/api.w.org\/{rel}","templated":true}]}}