{"id":31341,"date":"2022-01-22T12:49:00","date_gmt":"2022-01-22T11:49:00","guid":{"rendered":"https:\/\/demoweb.info\/sexshop001\/producto\/z-series-arnes-escoces-negro-negro-4\/"},"modified":"2022-01-22T12:49:13","modified_gmt":"2022-01-22T11:49:13","slug":"z-series-arnes-escoces-negro-negro-4","status":"publish","type":"product","link":"https:\/\/demoweb.info\/sexshop001\/producto\/z-series-arnes-escoces-negro-negro-4\/","title":{"rendered":"Z SERIES ARN\u00c9S ESCOCES &#8211; NEGRO\/NEGRO"},"content":{"rendered":"<p><strong>Z SERIES SCOTTISH HARNESS &#8211; BLACK\/BLACK <\/strong><\/p>\n<p>Con hermosos detalles de cremallera de acero inoxidable y cuatro juntas t\u00f3ricas, este arn\u00e9s le brindar\u00e1 todo lo que necesita y m\u00e1s.<\/p>\n<p>Hecho de cuero de primera calidad y acero inoxidable, el arn\u00e9s tiene 4 juntas t\u00f3ricas resistentes, 2 en la parte delantera y 2 en la parte trasera.<\/p>\n<p>Todos estos anillos significan que puedes llevar tu juego de bondage al siguiente nivel colocando tus accesorios BDSM favoritos.<\/p>\n<p>Las cuatro correas ajustables con hebillas resistentes le dan al arn\u00e9s un ajuste perfecto y c\u00f3modo, a la vez que le dan un aspecto masculino y dominante.<\/p>\n<p>El arn\u00e9s se puede utilizar como una declaraci\u00f3n de moda fetiche perfecta o como un complemento indispensable para tu colecci\u00f3n BDSM.<\/p>\n<p>\u00daselo sobre su ropa o sobre la piel desnuda, \u00a1la elecci\u00f3n es suya!<\/p>\n<ul>\n<li>Materiales: Cuero. Acero inoxidable<\/li>\n<\/ul>\n","protected":false},"excerpt":{"rendered":"<p>Z SERIES SCOTTISH HARNESS &#8211; BLACK\/BLACK Con hermosos detalles de cremallera de acero inoxidable y cuatro juntas t\u00f3ricas, este arn\u00e9s<\/p>\n","protected":false},"featured_media":31342,"comment_status":"open","ping_status":"open","template":"","meta":[],"product_cat":[603],"product_tag":[307,302],"class_list":["post-31341","product","type-product","status-publish","has-post-thumbnail","hentry","product_cat-arneses-ataduras","product_tag-ouch","product_tag-shots"],"bundled_by":[],"bundle_stock_status":"instock","bundle_stock_quantity":1,"bundle_virtual":false,"bundle_layout":"","bundle_add_to_cart_form_location":"","bundle_editable_in_cart":false,"bundle_sold_individually_context":"","bundle_item_grouping":"","bundle_min_size":"","bundle_max_size":"","bundled_items":[],"yoast_head":"<!-- This site is optimized with the Yoast SEO plugin v20.6 - https:\/\/yoast.com\/wordpress\/plugins\/seo\/ -->\n<title>Z SERIES ARN\u00c9S ESCOCES - NEGRO\/NEGRO - Tienda Er\u00f3tica<\/title>\n<meta name=\"robots\" content=\"noindex, follow, max-snippet:-1, max-image-preview:large, max-video-preview:-1\" \/>\n<meta property=\"og:locale\" content=\"es_ES\" \/>\n<meta property=\"og:type\" content=\"article\" \/>\n<meta property=\"og:title\" content=\"Z SERIES ARN\u00c9S ESCOCES - NEGRO\/NEGRO - Tienda Er\u00f3tica\" \/>\n<meta property=\"og:description\" content=\"Z SERIES SCOTTISH HARNESS &#8211; BLACK\/BLACK Con hermosos detalles de cremallera de acero inoxidable y cuatro juntas t\u00f3ricas, este arn\u00e9s\" \/>\n<meta property=\"og:url\" content=\"https:\/\/demoweb.info\/sexshop001\/producto\/z-series-arnes-escoces-negro-negro-4\/\" \/>\n<meta property=\"og:site_name\" content=\"Tienda Er\u00f3tica\" \/>\n<meta property=\"article:modified_time\" content=\"2022-01-22T11:49:13+00:00\" \/>\n<meta property=\"og:image\" content=\"https:\/\/demoweb.info\/sexshop001\/wp-content\/uploads\/2022\/01\/Z-SERIES-ARNES-ESCOCES-NEGRONEGRO-6.jpg\" \/>\n\t<meta property=\"og:image:width\" content=\"550\" \/>\n\t<meta property=\"og:image:height\" content=\"550\" \/>\n\t<meta property=\"og:image:type\" content=\"image\/jpeg\" \/>\n<meta name=\"twitter:card\" content=\"summary_large_image\" \/>\n<meta name=\"twitter:label1\" content=\"Tiempo de lectura\" \/>\n\t<meta name=\"twitter:data1\" content=\"1 minuto\" \/>\n<script type=\"application\/ld+json\" class=\"yoast-schema-graph\">{\"@context\":\"https:\/\/schema.org\",\"@graph\":[{\"@type\":\"WebPage\",\"@id\":\"https:\/\/demoweb.info\/sexshop001\/producto\/z-series-arnes-escoces-negro-negro-4\/\",\"url\":\"https:\/\/demoweb.info\/sexshop001\/producto\/z-series-arnes-escoces-negro-negro-4\/\",\"name\":\"Z SERIES ARN\u00c9S ESCOCES - NEGRO\/NEGRO - Tienda Er\u00f3tica\",\"isPartOf\":{\"@id\":\"https:\/\/demoweb.info\/sexshop001\/#website\"},\"datePublished\":\"2022-01-22T11:49:00+00:00\",\"dateModified\":\"2022-01-22T11:49:13+00:00\",\"breadcrumb\":{\"@id\":\"https:\/\/demoweb.info\/sexshop001\/producto\/z-series-arnes-escoces-negro-negro-4\/#breadcrumb\"},\"inLanguage\":\"es\",\"potentialAction\":[{\"@type\":\"ReadAction\",\"target\":[\"https:\/\/demoweb.info\/sexshop001\/producto\/z-series-arnes-escoces-negro-negro-4\/\"]}]},{\"@type\":\"BreadcrumbList\",\"@id\":\"https:\/\/demoweb.info\/sexshop001\/producto\/z-series-arnes-escoces-negro-negro-4\/#breadcrumb\",\"itemListElement\":[{\"@type\":\"ListItem\",\"position\":1,\"name\":\"Portada\",\"item\":\"https:\/\/demoweb.info\/sexshop001\/\"},{\"@type\":\"ListItem\",\"position\":2,\"name\":\"Tienda\",\"item\":\"https:\/\/demoweb.info\/sexshop001\/tienda\/\"},{\"@type\":\"ListItem\",\"position\":3,\"name\":\"Z SERIES ARN\u00c9S ESCOCES &#8211; NEGRO\/NEGRO\"}]},{\"@type\":\"WebSite\",\"@id\":\"https:\/\/demoweb.info\/sexshop001\/#website\",\"url\":\"https:\/\/demoweb.info\/sexshop001\/\",\"name\":\"Tienda Er\u00f3tica\",\"description\":\"DEMOWEB SL\",\"potentialAction\":[{\"@type\":\"SearchAction\",\"target\":{\"@type\":\"EntryPoint\",\"urlTemplate\":\"https:\/\/demoweb.info\/sexshop001\/?s={search_term_string}\"},\"query-input\":\"required name=search_term_string\"}],\"inLanguage\":\"es\"}]}<\/script>\n<!-- \/ Yoast SEO plugin. -->","yoast_head_json":{"title":"Z SERIES ARN\u00c9S ESCOCES - NEGRO\/NEGRO - Tienda Er\u00f3tica","robots":{"index":"noindex","follow":"follow","max-snippet":"max-snippet:-1","max-image-preview":"max-image-preview:large","max-video-preview":"max-video-preview:-1"},"og_locale":"es_ES","og_type":"article","og_title":"Z SERIES ARN\u00c9S ESCOCES - NEGRO\/NEGRO - Tienda Er\u00f3tica","og_description":"Z SERIES SCOTTISH HARNESS &#8211; BLACK\/BLACK Con hermosos detalles de cremallera de acero inoxidable y cuatro juntas t\u00f3ricas, este arn\u00e9s","og_url":"https:\/\/demoweb.info\/sexshop001\/producto\/z-series-arnes-escoces-negro-negro-4\/","og_site_name":"Tienda Er\u00f3tica","article_modified_time":"2022-01-22T11:49:13+00:00","og_image":[{"width":550,"height":550,"url":"https:\/\/demoweb.info\/sexshop001\/wp-content\/uploads\/2022\/01\/Z-SERIES-ARNES-ESCOCES-NEGRONEGRO-6.jpg","type":"image\/jpeg"}],"twitter_card":"summary_large_image","twitter_misc":{"Tiempo de lectura":"1 minuto"},"schema":{"@context":"https:\/\/schema.org","@graph":[{"@type":"WebPage","@id":"https:\/\/demoweb.info\/sexshop001\/producto\/z-series-arnes-escoces-negro-negro-4\/","url":"https:\/\/demoweb.info\/sexshop001\/producto\/z-series-arnes-escoces-negro-negro-4\/","name":"Z SERIES ARN\u00c9S ESCOCES - NEGRO\/NEGRO - Tienda Er\u00f3tica","isPartOf":{"@id":"https:\/\/demoweb.info\/sexshop001\/#website"},"datePublished":"2022-01-22T11:49:00+00:00","dateModified":"2022-01-22T11:49:13+00:00","breadcrumb":{"@id":"https:\/\/demoweb.info\/sexshop001\/producto\/z-series-arnes-escoces-negro-negro-4\/#breadcrumb"},"inLanguage":"es","potentialAction":[{"@type":"ReadAction","target":["https:\/\/demoweb.info\/sexshop001\/producto\/z-series-arnes-escoces-negro-negro-4\/"]}]},{"@type":"BreadcrumbList","@id":"https:\/\/demoweb.info\/sexshop001\/producto\/z-series-arnes-escoces-negro-negro-4\/#breadcrumb","itemListElement":[{"@type":"ListItem","position":1,"name":"Portada","item":"https:\/\/demoweb.info\/sexshop001\/"},{"@type":"ListItem","position":2,"name":"Tienda","item":"https:\/\/demoweb.info\/sexshop001\/tienda\/"},{"@type":"ListItem","position":3,"name":"Z SERIES ARN\u00c9S ESCOCES &#8211; NEGRO\/NEGRO"}]},{"@type":"WebSite","@id":"https:\/\/demoweb.info\/sexshop001\/#website","url":"https:\/\/demoweb.info\/sexshop001\/","name":"Tienda Er\u00f3tica","description":"DEMOWEB SL","potentialAction":[{"@type":"SearchAction","target":{"@type":"EntryPoint","urlTemplate":"https:\/\/demoweb.info\/sexshop001\/?s={search_term_string}"},"query-input":"required name=search_term_string"}],"inLanguage":"es"}]}},"_links":{"self":[{"href":"https:\/\/demoweb.info\/sexshop001\/wp-json\/wp\/v3\/product\/31341","targetHints":{"allow":["GET"]}}],"collection":[{"href":"https:\/\/demoweb.info\/sexshop001\/wp-json\/wp\/v3\/product"}],"about":[{"href":"https:\/\/demoweb.info\/sexshop001\/wp-json\/wp\/v2\/types\/product"}],"replies":[{"embeddable":true,"href":"https:\/\/demoweb.info\/sexshop001\/wp-json\/wp\/v2\/comments?post=31341"}],"wp:featuredmedia":[{"embeddable":true,"href":"https:\/\/demoweb.info\/sexshop001\/wp-json\/wp\/v2\/media\/31342"}],"wp:attachment":[{"href":"https:\/\/demoweb.info\/sexshop001\/wp-json\/wp\/v2\/media?parent=31341"}],"wp:term":[{"taxonomy":"product_cat","embeddable":true,"href":"https:\/\/demoweb.info\/sexshop001\/wp-json\/wp\/v2\/product_cat?post=31341"},{"taxonomy":"product_tag","embeddable":true,"href":"https:\/\/demoweb.info\/sexshop001\/wp-json\/wp\/v2\/product_tag?post=31341"}],"curies":[{"name":"wp","href":"https:\/\/api.w.org\/{rel}","templated":true}]}}