{"id":31151,"date":"2022-01-22T12:47:06","date_gmt":"2022-01-22T11:47:06","guid":{"rendered":"https:\/\/demoweb.info\/sexshop001\/producto\/atadura-hombre-175-negro\/"},"modified":"2022-01-22T12:47:15","modified_gmt":"2022-01-22T11:47:15","slug":"atadura-hombre-175-negro","status":"publish","type":"product","link":"https:\/\/demoweb.info\/sexshop001\/producto\/atadura-hombre-175-negro\/","title":{"rendered":"ATADURA HOMBRE 1,75 &#8211; NEGRO"},"content":{"rendered":"<p><strong>MEN&#39;S 1.75<\/strong><\/p>\n<p>\u00a1A veces menos es m\u00e1s! No busque m\u00e1s si est\u00e1 buscando un arn\u00e9s sencillo y resistente. Con 4 hebillas grandes para ajustar, siempre encontrar\u00e1s el tama\u00f1o adecuado para un ajuste perfecto.<\/p>\n<p>El arn\u00e9s, hecho de cuero de primera calidad y acero inoxidable, tiene dos resistentes juntas t\u00f3ricas en la parte delantera y trasera; adjunte varios accesorios BDSM a estas juntas t\u00f3ricas para llevar el juego de bondage al siguiente nivel.<\/p>\n<p>Coloqca a tu pareja masculina en este arn\u00e9s de pecho con tachuelas y disfrute de las nuevas formas en que puede disfrutar del juego de bondage.<\/p>\n<p>\u00dasalo sobre tu piel desnuda o sobre tu ropa para una apariencia que no tiene rival y que prometes una atenci\u00f3n sin esfuerzo.<\/p>\n<p>Las correas de hombro se pueden ajustar de 35 cm a 49 cm y las correas del pecho se pueden ajustar de 101 cm a 115 cm.<\/p>\n","protected":false},"excerpt":{"rendered":"<p>MEN&#39;S 1.75 \u00a1A veces menos es m\u00e1s! No busque m\u00e1s si est\u00e1 buscando un arn\u00e9s sencillo y resistente. Con 4<\/p>\n","protected":false},"featured_media":31152,"comment_status":"open","ping_status":"open","template":"","meta":[],"product_cat":[603],"product_tag":[307,302],"class_list":["post-31151","product","type-product","status-publish","has-post-thumbnail","hentry","product_cat-arneses-ataduras","product_tag-ouch","product_tag-shots"],"bundled_by":[],"bundle_stock_status":"instock","bundle_stock_quantity":1,"bundle_virtual":false,"bundle_layout":"","bundle_add_to_cart_form_location":"","bundle_editable_in_cart":false,"bundle_sold_individually_context":"","bundle_item_grouping":"","bundle_min_size":"","bundle_max_size":"","bundled_items":[],"yoast_head":"<!-- This site is optimized with the Yoast SEO plugin v20.6 - https:\/\/yoast.com\/wordpress\/plugins\/seo\/ -->\n<title>ATADURA HOMBRE 1,75 - NEGRO - Tienda Er\u00f3tica<\/title>\n<meta name=\"robots\" content=\"noindex, follow, max-snippet:-1, max-image-preview:large, max-video-preview:-1\" \/>\n<meta property=\"og:locale\" content=\"es_ES\" \/>\n<meta property=\"og:type\" content=\"article\" \/>\n<meta property=\"og:title\" content=\"ATADURA HOMBRE 1,75 - NEGRO - Tienda Er\u00f3tica\" \/>\n<meta property=\"og:description\" content=\"MEN&#039;S 1.75 \u00a1A veces menos es m\u00e1s! No busque m\u00e1s si est\u00e1 buscando un arn\u00e9s sencillo y resistente. Con 4\" \/>\n<meta property=\"og:url\" content=\"https:\/\/demoweb.info\/sexshop001\/producto\/atadura-hombre-175-negro\/\" \/>\n<meta property=\"og:site_name\" content=\"Tienda Er\u00f3tica\" \/>\n<meta property=\"article:modified_time\" content=\"2022-01-22T11:47:15+00:00\" \/>\n<meta property=\"og:image\" content=\"https:\/\/demoweb.info\/sexshop001\/wp-content\/uploads\/2022\/01\/ATADURA-HOMBRE-175-NEGRO.jpg\" \/>\n\t<meta property=\"og:image:width\" content=\"550\" \/>\n\t<meta property=\"og:image:height\" content=\"550\" \/>\n\t<meta property=\"og:image:type\" content=\"image\/jpeg\" \/>\n<meta name=\"twitter:card\" content=\"summary_large_image\" \/>\n<meta name=\"twitter:label1\" content=\"Tiempo de lectura\" \/>\n\t<meta name=\"twitter:data1\" content=\"1 minuto\" \/>\n<script type=\"application\/ld+json\" class=\"yoast-schema-graph\">{\"@context\":\"https:\/\/schema.org\",\"@graph\":[{\"@type\":\"WebPage\",\"@id\":\"https:\/\/demoweb.info\/sexshop001\/producto\/atadura-hombre-175-negro\/\",\"url\":\"https:\/\/demoweb.info\/sexshop001\/producto\/atadura-hombre-175-negro\/\",\"name\":\"ATADURA HOMBRE 1,75 - NEGRO - Tienda Er\u00f3tica\",\"isPartOf\":{\"@id\":\"https:\/\/demoweb.info\/sexshop001\/#website\"},\"datePublished\":\"2022-01-22T11:47:06+00:00\",\"dateModified\":\"2022-01-22T11:47:15+00:00\",\"breadcrumb\":{\"@id\":\"https:\/\/demoweb.info\/sexshop001\/producto\/atadura-hombre-175-negro\/#breadcrumb\"},\"inLanguage\":\"es\",\"potentialAction\":[{\"@type\":\"ReadAction\",\"target\":[\"https:\/\/demoweb.info\/sexshop001\/producto\/atadura-hombre-175-negro\/\"]}]},{\"@type\":\"BreadcrumbList\",\"@id\":\"https:\/\/demoweb.info\/sexshop001\/producto\/atadura-hombre-175-negro\/#breadcrumb\",\"itemListElement\":[{\"@type\":\"ListItem\",\"position\":1,\"name\":\"Portada\",\"item\":\"https:\/\/demoweb.info\/sexshop001\/\"},{\"@type\":\"ListItem\",\"position\":2,\"name\":\"Tienda\",\"item\":\"https:\/\/demoweb.info\/sexshop001\/tienda\/\"},{\"@type\":\"ListItem\",\"position\":3,\"name\":\"ATADURA HOMBRE 1,75 &#8211; NEGRO\"}]},{\"@type\":\"WebSite\",\"@id\":\"https:\/\/demoweb.info\/sexshop001\/#website\",\"url\":\"https:\/\/demoweb.info\/sexshop001\/\",\"name\":\"Tienda Er\u00f3tica\",\"description\":\"DEMOWEB SL\",\"potentialAction\":[{\"@type\":\"SearchAction\",\"target\":{\"@type\":\"EntryPoint\",\"urlTemplate\":\"https:\/\/demoweb.info\/sexshop001\/?s={search_term_string}\"},\"query-input\":\"required name=search_term_string\"}],\"inLanguage\":\"es\"}]}<\/script>\n<!-- \/ Yoast SEO plugin. -->","yoast_head_json":{"title":"ATADURA HOMBRE 1,75 - NEGRO - Tienda Er\u00f3tica","robots":{"index":"noindex","follow":"follow","max-snippet":"max-snippet:-1","max-image-preview":"max-image-preview:large","max-video-preview":"max-video-preview:-1"},"og_locale":"es_ES","og_type":"article","og_title":"ATADURA HOMBRE 1,75 - NEGRO - Tienda Er\u00f3tica","og_description":"MEN&#39;S 1.75 \u00a1A veces menos es m\u00e1s! No busque m\u00e1s si est\u00e1 buscando un arn\u00e9s sencillo y resistente. Con 4","og_url":"https:\/\/demoweb.info\/sexshop001\/producto\/atadura-hombre-175-negro\/","og_site_name":"Tienda Er\u00f3tica","article_modified_time":"2022-01-22T11:47:15+00:00","og_image":[{"width":550,"height":550,"url":"https:\/\/demoweb.info\/sexshop001\/wp-content\/uploads\/2022\/01\/ATADURA-HOMBRE-175-NEGRO.jpg","type":"image\/jpeg"}],"twitter_card":"summary_large_image","twitter_misc":{"Tiempo de lectura":"1 minuto"},"schema":{"@context":"https:\/\/schema.org","@graph":[{"@type":"WebPage","@id":"https:\/\/demoweb.info\/sexshop001\/producto\/atadura-hombre-175-negro\/","url":"https:\/\/demoweb.info\/sexshop001\/producto\/atadura-hombre-175-negro\/","name":"ATADURA HOMBRE 1,75 - NEGRO - Tienda Er\u00f3tica","isPartOf":{"@id":"https:\/\/demoweb.info\/sexshop001\/#website"},"datePublished":"2022-01-22T11:47:06+00:00","dateModified":"2022-01-22T11:47:15+00:00","breadcrumb":{"@id":"https:\/\/demoweb.info\/sexshop001\/producto\/atadura-hombre-175-negro\/#breadcrumb"},"inLanguage":"es","potentialAction":[{"@type":"ReadAction","target":["https:\/\/demoweb.info\/sexshop001\/producto\/atadura-hombre-175-negro\/"]}]},{"@type":"BreadcrumbList","@id":"https:\/\/demoweb.info\/sexshop001\/producto\/atadura-hombre-175-negro\/#breadcrumb","itemListElement":[{"@type":"ListItem","position":1,"name":"Portada","item":"https:\/\/demoweb.info\/sexshop001\/"},{"@type":"ListItem","position":2,"name":"Tienda","item":"https:\/\/demoweb.info\/sexshop001\/tienda\/"},{"@type":"ListItem","position":3,"name":"ATADURA HOMBRE 1,75 &#8211; NEGRO"}]},{"@type":"WebSite","@id":"https:\/\/demoweb.info\/sexshop001\/#website","url":"https:\/\/demoweb.info\/sexshop001\/","name":"Tienda Er\u00f3tica","description":"DEMOWEB SL","potentialAction":[{"@type":"SearchAction","target":{"@type":"EntryPoint","urlTemplate":"https:\/\/demoweb.info\/sexshop001\/?s={search_term_string}"},"query-input":"required name=search_term_string"}],"inLanguage":"es"}]}},"_links":{"self":[{"href":"https:\/\/demoweb.info\/sexshop001\/wp-json\/wp\/v3\/product\/31151","targetHints":{"allow":["GET"]}}],"collection":[{"href":"https:\/\/demoweb.info\/sexshop001\/wp-json\/wp\/v3\/product"}],"about":[{"href":"https:\/\/demoweb.info\/sexshop001\/wp-json\/wp\/v2\/types\/product"}],"replies":[{"embeddable":true,"href":"https:\/\/demoweb.info\/sexshop001\/wp-json\/wp\/v2\/comments?post=31151"}],"wp:featuredmedia":[{"embeddable":true,"href":"https:\/\/demoweb.info\/sexshop001\/wp-json\/wp\/v2\/media\/31152"}],"wp:attachment":[{"href":"https:\/\/demoweb.info\/sexshop001\/wp-json\/wp\/v2\/media?parent=31151"}],"wp:term":[{"taxonomy":"product_cat","embeddable":true,"href":"https:\/\/demoweb.info\/sexshop001\/wp-json\/wp\/v2\/product_cat?post=31151"},{"taxonomy":"product_tag","embeddable":true,"href":"https:\/\/demoweb.info\/sexshop001\/wp-json\/wp\/v2\/product_tag?post=31151"}],"curies":[{"name":"wp","href":"https:\/\/api.w.org\/{rel}","templated":true}]}}