{"id":31092,"date":"2022-01-22T12:46:17","date_gmt":"2022-01-22T11:46:17","guid":{"rendered":"https:\/\/demoweb.info\/sexshop001\/producto\/masajeador-de-la-prostata-aluminio-fortis-plata\/"},"modified":"2022-01-22T12:46:38","modified_gmt":"2022-01-22T11:46:38","slug":"masajeador-de-la-prostata-aluminio-fortis-plata","status":"publish","type":"product","link":"https:\/\/demoweb.info\/sexshop001\/producto\/masajeador-de-la-prostata-aluminio-fortis-plata\/","title":{"rendered":"MASAJEADOR DE LA PROSTATA ALUMINIO FORTIS &#8211; PLATA"},"content":{"rendered":"<p><strong>FORTIS ALUMINIUM VIBRATING PROSTATE MASSAGER &#8211; SILVER<\/strong><\/p>\n<p>Fortis est\u00e1 esculpido por expertos con el poder a\u00f1adido de la vibraci\u00f3n.<br \/>\nEst\u00e1 contorneado perfectamente para el juego del punto G o del punto P y<br \/>\ntiene un asa para facilitar el control.\n <\/p>\n","protected":false},"excerpt":{"rendered":"<p>FORTIS ALUMINIUM VIBRATING PROSTATE MASSAGER &#8211; SILVER Fortis est\u00e1 esculpido por expertos con el poder a\u00f1adido de la vibraci\u00f3n. Est\u00e1<\/p>\n","protected":false},"featured_media":31093,"comment_status":"open","ping_status":"open","template":"","meta":[],"product_cat":[301],"product_tag":[296],"class_list":["post-31092","product","type-product","status-publish","has-post-thumbnail","hentry","product_cat-punto-p","product_tag-nexus"],"bundled_by":[],"bundle_stock_status":"instock","bundle_stock_quantity":3,"bundle_virtual":false,"bundle_layout":"","bundle_add_to_cart_form_location":"","bundle_editable_in_cart":false,"bundle_sold_individually_context":"","bundle_item_grouping":"","bundle_min_size":"","bundle_max_size":"","bundled_items":[],"yoast_head":"<!-- This site is optimized with the Yoast SEO plugin v20.6 - https:\/\/yoast.com\/wordpress\/plugins\/seo\/ -->\n<title>MASAJEADOR DE LA PROSTATA ALUMINIO FORTIS - PLATA - Tienda Er\u00f3tica<\/title>\n<meta name=\"robots\" content=\"noindex, follow, max-snippet:-1, max-image-preview:large, max-video-preview:-1\" \/>\n<meta property=\"og:locale\" content=\"es_ES\" \/>\n<meta property=\"og:type\" content=\"article\" \/>\n<meta property=\"og:title\" content=\"MASAJEADOR DE LA PROSTATA ALUMINIO FORTIS - PLATA - Tienda Er\u00f3tica\" \/>\n<meta property=\"og:description\" content=\"FORTIS ALUMINIUM VIBRATING PROSTATE MASSAGER &#8211; SILVER Fortis est\u00e1 esculpido por expertos con el poder a\u00f1adido de la vibraci\u00f3n. Est\u00e1\" \/>\n<meta property=\"og:url\" content=\"https:\/\/demoweb.info\/sexshop001\/producto\/masajeador-de-la-prostata-aluminio-fortis-plata\/\" \/>\n<meta property=\"og:site_name\" content=\"Tienda Er\u00f3tica\" \/>\n<meta property=\"article:modified_time\" content=\"2022-01-22T11:46:38+00:00\" \/>\n<meta property=\"og:image\" content=\"https:\/\/demoweb.info\/sexshop001\/wp-content\/uploads\/2022\/01\/MASAJEADOR-DE-LA-PROSTATA-ALUMINIO-FORTIS-PLATA.jpg\" \/>\n\t<meta property=\"og:image:width\" content=\"550\" \/>\n\t<meta property=\"og:image:height\" content=\"550\" \/>\n\t<meta property=\"og:image:type\" content=\"image\/jpeg\" \/>\n<meta name=\"twitter:card\" content=\"summary_large_image\" \/>\n<script type=\"application\/ld+json\" class=\"yoast-schema-graph\">{\"@context\":\"https:\/\/schema.org\",\"@graph\":[{\"@type\":\"WebPage\",\"@id\":\"https:\/\/demoweb.info\/sexshop001\/producto\/masajeador-de-la-prostata-aluminio-fortis-plata\/\",\"url\":\"https:\/\/demoweb.info\/sexshop001\/producto\/masajeador-de-la-prostata-aluminio-fortis-plata\/\",\"name\":\"MASAJEADOR DE LA PROSTATA ALUMINIO FORTIS - PLATA - Tienda Er\u00f3tica\",\"isPartOf\":{\"@id\":\"https:\/\/demoweb.info\/sexshop001\/#website\"},\"datePublished\":\"2022-01-22T11:46:17+00:00\",\"dateModified\":\"2022-01-22T11:46:38+00:00\",\"breadcrumb\":{\"@id\":\"https:\/\/demoweb.info\/sexshop001\/producto\/masajeador-de-la-prostata-aluminio-fortis-plata\/#breadcrumb\"},\"inLanguage\":\"es\",\"potentialAction\":[{\"@type\":\"ReadAction\",\"target\":[\"https:\/\/demoweb.info\/sexshop001\/producto\/masajeador-de-la-prostata-aluminio-fortis-plata\/\"]}]},{\"@type\":\"BreadcrumbList\",\"@id\":\"https:\/\/demoweb.info\/sexshop001\/producto\/masajeador-de-la-prostata-aluminio-fortis-plata\/#breadcrumb\",\"itemListElement\":[{\"@type\":\"ListItem\",\"position\":1,\"name\":\"Portada\",\"item\":\"https:\/\/demoweb.info\/sexshop001\/\"},{\"@type\":\"ListItem\",\"position\":2,\"name\":\"Tienda\",\"item\":\"https:\/\/demoweb.info\/sexshop001\/tienda\/\"},{\"@type\":\"ListItem\",\"position\":3,\"name\":\"MASAJEADOR DE LA PROSTATA ALUMINIO FORTIS &#8211; PLATA\"}]},{\"@type\":\"WebSite\",\"@id\":\"https:\/\/demoweb.info\/sexshop001\/#website\",\"url\":\"https:\/\/demoweb.info\/sexshop001\/\",\"name\":\"Tienda Er\u00f3tica\",\"description\":\"DEMOWEB SL\",\"potentialAction\":[{\"@type\":\"SearchAction\",\"target\":{\"@type\":\"EntryPoint\",\"urlTemplate\":\"https:\/\/demoweb.info\/sexshop001\/?s={search_term_string}\"},\"query-input\":\"required name=search_term_string\"}],\"inLanguage\":\"es\"}]}<\/script>\n<!-- \/ Yoast SEO plugin. -->","yoast_head_json":{"title":"MASAJEADOR DE LA PROSTATA ALUMINIO FORTIS - PLATA - Tienda Er\u00f3tica","robots":{"index":"noindex","follow":"follow","max-snippet":"max-snippet:-1","max-image-preview":"max-image-preview:large","max-video-preview":"max-video-preview:-1"},"og_locale":"es_ES","og_type":"article","og_title":"MASAJEADOR DE LA PROSTATA ALUMINIO FORTIS - PLATA - Tienda Er\u00f3tica","og_description":"FORTIS ALUMINIUM VIBRATING PROSTATE MASSAGER &#8211; SILVER Fortis est\u00e1 esculpido por expertos con el poder a\u00f1adido de la vibraci\u00f3n. Est\u00e1","og_url":"https:\/\/demoweb.info\/sexshop001\/producto\/masajeador-de-la-prostata-aluminio-fortis-plata\/","og_site_name":"Tienda Er\u00f3tica","article_modified_time":"2022-01-22T11:46:38+00:00","og_image":[{"width":550,"height":550,"url":"https:\/\/demoweb.info\/sexshop001\/wp-content\/uploads\/2022\/01\/MASAJEADOR-DE-LA-PROSTATA-ALUMINIO-FORTIS-PLATA.jpg","type":"image\/jpeg"}],"twitter_card":"summary_large_image","schema":{"@context":"https:\/\/schema.org","@graph":[{"@type":"WebPage","@id":"https:\/\/demoweb.info\/sexshop001\/producto\/masajeador-de-la-prostata-aluminio-fortis-plata\/","url":"https:\/\/demoweb.info\/sexshop001\/producto\/masajeador-de-la-prostata-aluminio-fortis-plata\/","name":"MASAJEADOR DE LA PROSTATA ALUMINIO FORTIS - PLATA - Tienda Er\u00f3tica","isPartOf":{"@id":"https:\/\/demoweb.info\/sexshop001\/#website"},"datePublished":"2022-01-22T11:46:17+00:00","dateModified":"2022-01-22T11:46:38+00:00","breadcrumb":{"@id":"https:\/\/demoweb.info\/sexshop001\/producto\/masajeador-de-la-prostata-aluminio-fortis-plata\/#breadcrumb"},"inLanguage":"es","potentialAction":[{"@type":"ReadAction","target":["https:\/\/demoweb.info\/sexshop001\/producto\/masajeador-de-la-prostata-aluminio-fortis-plata\/"]}]},{"@type":"BreadcrumbList","@id":"https:\/\/demoweb.info\/sexshop001\/producto\/masajeador-de-la-prostata-aluminio-fortis-plata\/#breadcrumb","itemListElement":[{"@type":"ListItem","position":1,"name":"Portada","item":"https:\/\/demoweb.info\/sexshop001\/"},{"@type":"ListItem","position":2,"name":"Tienda","item":"https:\/\/demoweb.info\/sexshop001\/tienda\/"},{"@type":"ListItem","position":3,"name":"MASAJEADOR DE LA PROSTATA ALUMINIO FORTIS &#8211; PLATA"}]},{"@type":"WebSite","@id":"https:\/\/demoweb.info\/sexshop001\/#website","url":"https:\/\/demoweb.info\/sexshop001\/","name":"Tienda Er\u00f3tica","description":"DEMOWEB SL","potentialAction":[{"@type":"SearchAction","target":{"@type":"EntryPoint","urlTemplate":"https:\/\/demoweb.info\/sexshop001\/?s={search_term_string}"},"query-input":"required name=search_term_string"}],"inLanguage":"es"}]}},"_links":{"self":[{"href":"https:\/\/demoweb.info\/sexshop001\/wp-json\/wp\/v3\/product\/31092","targetHints":{"allow":["GET"]}}],"collection":[{"href":"https:\/\/demoweb.info\/sexshop001\/wp-json\/wp\/v3\/product"}],"about":[{"href":"https:\/\/demoweb.info\/sexshop001\/wp-json\/wp\/v2\/types\/product"}],"replies":[{"embeddable":true,"href":"https:\/\/demoweb.info\/sexshop001\/wp-json\/wp\/v2\/comments?post=31092"}],"wp:featuredmedia":[{"embeddable":true,"href":"https:\/\/demoweb.info\/sexshop001\/wp-json\/wp\/v2\/media\/31093"}],"wp:attachment":[{"href":"https:\/\/demoweb.info\/sexshop001\/wp-json\/wp\/v2\/media?parent=31092"}],"wp:term":[{"taxonomy":"product_cat","embeddable":true,"href":"https:\/\/demoweb.info\/sexshop001\/wp-json\/wp\/v2\/product_cat?post=31092"},{"taxonomy":"product_tag","embeddable":true,"href":"https:\/\/demoweb.info\/sexshop001\/wp-json\/wp\/v2\/product_tag?post=31092"}],"curies":[{"name":"wp","href":"https:\/\/api.w.org\/{rel}","templated":true}]}}