{"id":30881,"date":"2022-01-22T12:44:29","date_gmt":"2022-01-22T11:44:29","guid":{"rendered":"https:\/\/demoweb.info\/sexshop001\/producto\/bomba-para-principiantes-elite-con-medidor-psi-negro\/"},"modified":"2022-01-22T12:44:38","modified_gmt":"2022-01-22T11:44:38","slug":"bomba-para-principiantes-elite-con-medidor-psi-negro","status":"publish","type":"product","link":"https:\/\/demoweb.info\/sexshop001\/producto\/bomba-para-principiantes-elite-con-medidor-psi-negro\/","title":{"rendered":"BOMBA PARA PRINCIPIANTES \u00c9LITE CON MEDIDOR PSI &#8211; NEGRO"},"content":{"rendered":"<p><strong>ELITE BEGINNER PUMP WITH PSI GAUGE &#8211; BLACK<\/strong><\/p>\n<p>Con una longitud total del cilindro de 23 cm  y un di\u00e1metro interior de 5,5 cm, esta bomba de alta calidad le ofrece amplias posibilidades de crecer en ambas direcciones.<br \/>\nLa longitud total de la manguera es de 25 cm  y el manguito de inserci\u00f3n est\u00e1 hecho de silicona suave. \u00a1Sorpr\u00e9ndete de lo grande que puedes conseguir!<br \/>\nEsta variante viene con una bomba de pl\u00e1stico con empu\u00f1adura de pistola, un cilindro con man\u00f3metro y un cierre r\u00e1pido v\u00e1lvula para su comodidad Hay dos versiones disponibles: transparente y negro!<\/p>\n<p>Otras ventajas de la selecci\u00f3n PUMPED son, entre otras, la eyaculaci\u00f3n retardada, la mejora del apetito sexual, el aumento de la testosterona, el mantenimiento de erecciones m\u00e1s largas y duras y el apoyo del tejido del pene despu\u00e9s de la cirug\u00eda de pr\u00f3stata. BOMBEO, para resultados instant\u00e1neos!<\/p>\n","protected":false},"excerpt":{"rendered":"<p>ELITE BEGINNER PUMP WITH PSI GAUGE &#8211; BLACK Con una longitud total del cilindro de 23 cm y un di\u00e1metro<\/p>\n","protected":false},"featured_media":30882,"comment_status":"open","ping_status":"open","template":"","meta":[],"product_cat":[495],"product_tag":[302],"class_list":["post-30881","product","type-product","status-publish","has-post-thumbnail","hentry","product_cat-basicos","product_tag-shots"],"bundled_by":[],"bundle_stock_status":"instock","bundle_stock_quantity":1,"bundle_virtual":false,"bundle_layout":"","bundle_add_to_cart_form_location":"","bundle_editable_in_cart":false,"bundle_sold_individually_context":"","bundle_item_grouping":"","bundle_min_size":"","bundle_max_size":"","bundled_items":[],"yoast_head":"<!-- This site is optimized with the Yoast SEO plugin v20.6 - https:\/\/yoast.com\/wordpress\/plugins\/seo\/ -->\n<title>BOMBA PARA PRINCIPIANTES \u00c9LITE CON MEDIDOR PSI - NEGRO - Tienda Er\u00f3tica<\/title>\n<meta name=\"robots\" content=\"noindex, follow, max-snippet:-1, max-image-preview:large, max-video-preview:-1\" \/>\n<meta property=\"og:locale\" content=\"es_ES\" \/>\n<meta property=\"og:type\" content=\"article\" \/>\n<meta property=\"og:title\" content=\"BOMBA PARA PRINCIPIANTES \u00c9LITE CON MEDIDOR PSI - NEGRO - Tienda Er\u00f3tica\" \/>\n<meta property=\"og:description\" content=\"ELITE BEGINNER PUMP WITH PSI GAUGE &#8211; BLACK Con una longitud total del cilindro de 23 cm y un di\u00e1metro\" \/>\n<meta property=\"og:url\" content=\"https:\/\/demoweb.info\/sexshop001\/producto\/bomba-para-principiantes-elite-con-medidor-psi-negro\/\" \/>\n<meta property=\"og:site_name\" content=\"Tienda Er\u00f3tica\" \/>\n<meta property=\"article:modified_time\" content=\"2022-01-22T11:44:38+00:00\" \/>\n<meta property=\"og:image\" content=\"https:\/\/demoweb.info\/sexshop001\/wp-content\/uploads\/2022\/01\/BOMBA-PARA-PRINCIPIANTES-ELITE-CON-MEDIDOR-PSI-NEGRO.jpg\" \/>\n\t<meta property=\"og:image:width\" content=\"550\" \/>\n\t<meta property=\"og:image:height\" content=\"550\" \/>\n\t<meta property=\"og:image:type\" content=\"image\/jpeg\" \/>\n<meta name=\"twitter:card\" content=\"summary_large_image\" \/>\n<meta name=\"twitter:label1\" content=\"Tiempo de lectura\" \/>\n\t<meta name=\"twitter:data1\" content=\"1 minuto\" \/>\n<script type=\"application\/ld+json\" class=\"yoast-schema-graph\">{\"@context\":\"https:\/\/schema.org\",\"@graph\":[{\"@type\":\"WebPage\",\"@id\":\"https:\/\/demoweb.info\/sexshop001\/producto\/bomba-para-principiantes-elite-con-medidor-psi-negro\/\",\"url\":\"https:\/\/demoweb.info\/sexshop001\/producto\/bomba-para-principiantes-elite-con-medidor-psi-negro\/\",\"name\":\"BOMBA PARA PRINCIPIANTES \u00c9LITE CON MEDIDOR PSI - NEGRO - Tienda Er\u00f3tica\",\"isPartOf\":{\"@id\":\"https:\/\/demoweb.info\/sexshop001\/#website\"},\"datePublished\":\"2022-01-22T11:44:29+00:00\",\"dateModified\":\"2022-01-22T11:44:38+00:00\",\"breadcrumb\":{\"@id\":\"https:\/\/demoweb.info\/sexshop001\/producto\/bomba-para-principiantes-elite-con-medidor-psi-negro\/#breadcrumb\"},\"inLanguage\":\"es\",\"potentialAction\":[{\"@type\":\"ReadAction\",\"target\":[\"https:\/\/demoweb.info\/sexshop001\/producto\/bomba-para-principiantes-elite-con-medidor-psi-negro\/\"]}]},{\"@type\":\"BreadcrumbList\",\"@id\":\"https:\/\/demoweb.info\/sexshop001\/producto\/bomba-para-principiantes-elite-con-medidor-psi-negro\/#breadcrumb\",\"itemListElement\":[{\"@type\":\"ListItem\",\"position\":1,\"name\":\"Portada\",\"item\":\"https:\/\/demoweb.info\/sexshop001\/\"},{\"@type\":\"ListItem\",\"position\":2,\"name\":\"Tienda\",\"item\":\"https:\/\/demoweb.info\/sexshop001\/tienda\/\"},{\"@type\":\"ListItem\",\"position\":3,\"name\":\"BOMBA PARA PRINCIPIANTES \u00c9LITE CON MEDIDOR PSI &#8211; NEGRO\"}]},{\"@type\":\"WebSite\",\"@id\":\"https:\/\/demoweb.info\/sexshop001\/#website\",\"url\":\"https:\/\/demoweb.info\/sexshop001\/\",\"name\":\"Tienda Er\u00f3tica\",\"description\":\"DEMOWEB SL\",\"potentialAction\":[{\"@type\":\"SearchAction\",\"target\":{\"@type\":\"EntryPoint\",\"urlTemplate\":\"https:\/\/demoweb.info\/sexshop001\/?s={search_term_string}\"},\"query-input\":\"required name=search_term_string\"}],\"inLanguage\":\"es\"}]}<\/script>\n<!-- \/ Yoast SEO plugin. -->","yoast_head_json":{"title":"BOMBA PARA PRINCIPIANTES \u00c9LITE CON MEDIDOR PSI - NEGRO - Tienda Er\u00f3tica","robots":{"index":"noindex","follow":"follow","max-snippet":"max-snippet:-1","max-image-preview":"max-image-preview:large","max-video-preview":"max-video-preview:-1"},"og_locale":"es_ES","og_type":"article","og_title":"BOMBA PARA PRINCIPIANTES \u00c9LITE CON MEDIDOR PSI - NEGRO - Tienda Er\u00f3tica","og_description":"ELITE BEGINNER PUMP WITH PSI GAUGE &#8211; BLACK Con una longitud total del cilindro de 23 cm y un di\u00e1metro","og_url":"https:\/\/demoweb.info\/sexshop001\/producto\/bomba-para-principiantes-elite-con-medidor-psi-negro\/","og_site_name":"Tienda Er\u00f3tica","article_modified_time":"2022-01-22T11:44:38+00:00","og_image":[{"width":550,"height":550,"url":"https:\/\/demoweb.info\/sexshop001\/wp-content\/uploads\/2022\/01\/BOMBA-PARA-PRINCIPIANTES-ELITE-CON-MEDIDOR-PSI-NEGRO.jpg","type":"image\/jpeg"}],"twitter_card":"summary_large_image","twitter_misc":{"Tiempo de lectura":"1 minuto"},"schema":{"@context":"https:\/\/schema.org","@graph":[{"@type":"WebPage","@id":"https:\/\/demoweb.info\/sexshop001\/producto\/bomba-para-principiantes-elite-con-medidor-psi-negro\/","url":"https:\/\/demoweb.info\/sexshop001\/producto\/bomba-para-principiantes-elite-con-medidor-psi-negro\/","name":"BOMBA PARA PRINCIPIANTES \u00c9LITE CON MEDIDOR PSI - NEGRO - Tienda Er\u00f3tica","isPartOf":{"@id":"https:\/\/demoweb.info\/sexshop001\/#website"},"datePublished":"2022-01-22T11:44:29+00:00","dateModified":"2022-01-22T11:44:38+00:00","breadcrumb":{"@id":"https:\/\/demoweb.info\/sexshop001\/producto\/bomba-para-principiantes-elite-con-medidor-psi-negro\/#breadcrumb"},"inLanguage":"es","potentialAction":[{"@type":"ReadAction","target":["https:\/\/demoweb.info\/sexshop001\/producto\/bomba-para-principiantes-elite-con-medidor-psi-negro\/"]}]},{"@type":"BreadcrumbList","@id":"https:\/\/demoweb.info\/sexshop001\/producto\/bomba-para-principiantes-elite-con-medidor-psi-negro\/#breadcrumb","itemListElement":[{"@type":"ListItem","position":1,"name":"Portada","item":"https:\/\/demoweb.info\/sexshop001\/"},{"@type":"ListItem","position":2,"name":"Tienda","item":"https:\/\/demoweb.info\/sexshop001\/tienda\/"},{"@type":"ListItem","position":3,"name":"BOMBA PARA PRINCIPIANTES \u00c9LITE CON MEDIDOR PSI &#8211; NEGRO"}]},{"@type":"WebSite","@id":"https:\/\/demoweb.info\/sexshop001\/#website","url":"https:\/\/demoweb.info\/sexshop001\/","name":"Tienda Er\u00f3tica","description":"DEMOWEB SL","potentialAction":[{"@type":"SearchAction","target":{"@type":"EntryPoint","urlTemplate":"https:\/\/demoweb.info\/sexshop001\/?s={search_term_string}"},"query-input":"required name=search_term_string"}],"inLanguage":"es"}]}},"_links":{"self":[{"href":"https:\/\/demoweb.info\/sexshop001\/wp-json\/wp\/v3\/product\/30881","targetHints":{"allow":["GET"]}}],"collection":[{"href":"https:\/\/demoweb.info\/sexshop001\/wp-json\/wp\/v3\/product"}],"about":[{"href":"https:\/\/demoweb.info\/sexshop001\/wp-json\/wp\/v2\/types\/product"}],"replies":[{"embeddable":true,"href":"https:\/\/demoweb.info\/sexshop001\/wp-json\/wp\/v2\/comments?post=30881"}],"wp:featuredmedia":[{"embeddable":true,"href":"https:\/\/demoweb.info\/sexshop001\/wp-json\/wp\/v2\/media\/30882"}],"wp:attachment":[{"href":"https:\/\/demoweb.info\/sexshop001\/wp-json\/wp\/v2\/media?parent=30881"}],"wp:term":[{"taxonomy":"product_cat","embeddable":true,"href":"https:\/\/demoweb.info\/sexshop001\/wp-json\/wp\/v2\/product_cat?post=30881"},{"taxonomy":"product_tag","embeddable":true,"href":"https:\/\/demoweb.info\/sexshop001\/wp-json\/wp\/v2\/product_tag?post=30881"}],"curies":[{"name":"wp","href":"https:\/\/api.w.org\/{rel}","templated":true}]}}