{"id":30841,"date":"2022-01-22T12:44:05","date_gmt":"2022-01-22T11:44:05","guid":{"rendered":"https:\/\/demoweb.info\/sexshop001\/producto\/dong-cristal-gelatina-cote-morado\/"},"modified":"2022-01-22T12:44:14","modified_gmt":"2022-01-22T11:44:14","slug":"dong-cristal-gelatina-cote-morado","status":"publish","type":"product","link":"https:\/\/demoweb.info\/sexshop001\/producto\/dong-cristal-gelatina-cote-morado\/","title":{"rendered":"DONG CRISTAL GELATINA COTE &#8211; MORADO"},"content":{"rendered":"<p><strong>CRYSTAL COTE\u2122 DONG<\/strong><\/p>\n<p>\u00a1El magn\u00edfico Crystal Cote \u2122 Dong en Morado tiene doble revestimiento para duplicar la diversi\u00f3n, duplicar el placer y duplicar la succi\u00f3n! Esta incre\u00edble creaci\u00f3n realista mide 14 cm de largo y 4,44cm de ancho, el tama\u00f1o perfecto tanto para principiantes como para usuarios avanzados.<\/p>\n<p>Ya sea que desees darle vida a las cosas en el dormitorio con un juguete nuevo y emocionante o si deseas mejorar su tiempo de juego en solitario con un accesorio realista, el Crystal Cote \u2122 Dong en Blush es una maravillosa adici\u00f3n a tu colecci\u00f3n personal.<\/p>\n<p>\u00a1Este elegante dong ha sido creado para verse y sentirse como si fuera real para que las mujeres de todo el mundo puedan disfrutar de una experiencia de placer personal completa!<\/p>\n<p>El Crystal Cote \u2122 Dong tambi\u00e9n viene con doble capa para que pueda obtener el doble de placer, el doble de sensaci\u00f3n y el doble de fuerza de succi\u00f3n, para que no tenga que contenerse. La ventosa se puede acoplar a cualquier superficie y proporcionar\u00e1 una base resistente para cada \u00e1ngulo y cada posici\u00f3n.<\/p>\n<p>Hecho de un hermoso material Crystalessence, este juguete se sentir\u00e1 suave, lujoso y flexible al contacto, por lo que realmente te brindar\u00e1 una experiencia profunda, sensual y realista para cumplir todas esas fantas\u00edas. Es seguro para la piel y se puede usar en cualquier parte del cuerpo, as\u00ed como en las \u00e1reas m\u00e1s \u00edntimas, y presenta detalles intrincados y realistas para la m\u00e1xima autenticidad. Perfecto para jugar en solitario o tan divertido de usar con un compa\u00f1ero durante los momentos de juego previo. Compatible con lubricantes a base de agua y se puede limpiar f\u00e1cilmente antes y despu\u00e9s de su uso.<\/p>\n","protected":false},"excerpt":{"rendered":"<p>CRYSTAL COTE\u2122 DONG \u00a1El magn\u00edfico Crystal Cote \u2122 Dong en Morado tiene doble revestimiento para duplicar la diversi\u00f3n, duplicar el<\/p>\n","protected":false},"featured_media":30842,"comment_status":"open","ping_status":"open","template":"","meta":[],"product_cat":[757],"product_tag":[660],"class_list":["post-30841","product","type-product","status-publish","has-post-thumbnail","hentry","product_cat-gelatina","product_tag-calexotics"],"bundled_by":[],"bundle_stock_status":"instock","bundle_stock_quantity":3,"bundle_virtual":false,"bundle_layout":"","bundle_add_to_cart_form_location":"","bundle_editable_in_cart":false,"bundle_sold_individually_context":"","bundle_item_grouping":"","bundle_min_size":"","bundle_max_size":"","bundled_items":[],"yoast_head":"<!-- This site is optimized with the Yoast SEO plugin v20.6 - https:\/\/yoast.com\/wordpress\/plugins\/seo\/ -->\n<title>DONG CRISTAL GELATINA COTE - MORADO - Tienda Er\u00f3tica<\/title>\n<meta name=\"robots\" content=\"noindex, follow, max-snippet:-1, max-image-preview:large, max-video-preview:-1\" \/>\n<meta property=\"og:locale\" content=\"es_ES\" \/>\n<meta property=\"og:type\" content=\"article\" \/>\n<meta property=\"og:title\" content=\"DONG CRISTAL GELATINA COTE - MORADO - Tienda Er\u00f3tica\" \/>\n<meta property=\"og:description\" content=\"CRYSTAL COTE\u2122 DONG \u00a1El magn\u00edfico Crystal Cote \u2122 Dong en Morado tiene doble revestimiento para duplicar la diversi\u00f3n, duplicar el\" \/>\n<meta property=\"og:url\" content=\"https:\/\/demoweb.info\/sexshop001\/producto\/dong-cristal-gelatina-cote-morado\/\" \/>\n<meta property=\"og:site_name\" content=\"Tienda Er\u00f3tica\" \/>\n<meta property=\"article:modified_time\" content=\"2022-01-22T11:44:14+00:00\" \/>\n<meta property=\"og:image\" content=\"https:\/\/demoweb.info\/sexshop001\/wp-content\/uploads\/2022\/01\/DONG-CRISTAL-GELATINA-COTE-MORADO.jpg\" \/>\n\t<meta property=\"og:image:width\" content=\"550\" \/>\n\t<meta property=\"og:image:height\" content=\"550\" \/>\n\t<meta property=\"og:image:type\" content=\"image\/jpeg\" \/>\n<meta name=\"twitter:card\" content=\"summary_large_image\" \/>\n<meta name=\"twitter:label1\" content=\"Tiempo de lectura\" \/>\n\t<meta name=\"twitter:data1\" content=\"1 minuto\" \/>\n<script type=\"application\/ld+json\" class=\"yoast-schema-graph\">{\"@context\":\"https:\/\/schema.org\",\"@graph\":[{\"@type\":\"WebPage\",\"@id\":\"https:\/\/demoweb.info\/sexshop001\/producto\/dong-cristal-gelatina-cote-morado\/\",\"url\":\"https:\/\/demoweb.info\/sexshop001\/producto\/dong-cristal-gelatina-cote-morado\/\",\"name\":\"DONG CRISTAL GELATINA COTE - MORADO - Tienda Er\u00f3tica\",\"isPartOf\":{\"@id\":\"https:\/\/demoweb.info\/sexshop001\/#website\"},\"datePublished\":\"2022-01-22T11:44:05+00:00\",\"dateModified\":\"2022-01-22T11:44:14+00:00\",\"breadcrumb\":{\"@id\":\"https:\/\/demoweb.info\/sexshop001\/producto\/dong-cristal-gelatina-cote-morado\/#breadcrumb\"},\"inLanguage\":\"es\",\"potentialAction\":[{\"@type\":\"ReadAction\",\"target\":[\"https:\/\/demoweb.info\/sexshop001\/producto\/dong-cristal-gelatina-cote-morado\/\"]}]},{\"@type\":\"BreadcrumbList\",\"@id\":\"https:\/\/demoweb.info\/sexshop001\/producto\/dong-cristal-gelatina-cote-morado\/#breadcrumb\",\"itemListElement\":[{\"@type\":\"ListItem\",\"position\":1,\"name\":\"Portada\",\"item\":\"https:\/\/demoweb.info\/sexshop001\/\"},{\"@type\":\"ListItem\",\"position\":2,\"name\":\"Tienda\",\"item\":\"https:\/\/demoweb.info\/sexshop001\/tienda\/\"},{\"@type\":\"ListItem\",\"position\":3,\"name\":\"DONG CRISTAL GELATINA COTE &#8211; MORADO\"}]},{\"@type\":\"WebSite\",\"@id\":\"https:\/\/demoweb.info\/sexshop001\/#website\",\"url\":\"https:\/\/demoweb.info\/sexshop001\/\",\"name\":\"Tienda Er\u00f3tica\",\"description\":\"DEMOWEB SL\",\"potentialAction\":[{\"@type\":\"SearchAction\",\"target\":{\"@type\":\"EntryPoint\",\"urlTemplate\":\"https:\/\/demoweb.info\/sexshop001\/?s={search_term_string}\"},\"query-input\":\"required name=search_term_string\"}],\"inLanguage\":\"es\"}]}<\/script>\n<!-- \/ Yoast SEO plugin. -->","yoast_head_json":{"title":"DONG CRISTAL GELATINA COTE - MORADO - Tienda Er\u00f3tica","robots":{"index":"noindex","follow":"follow","max-snippet":"max-snippet:-1","max-image-preview":"max-image-preview:large","max-video-preview":"max-video-preview:-1"},"og_locale":"es_ES","og_type":"article","og_title":"DONG CRISTAL GELATINA COTE - MORADO - Tienda Er\u00f3tica","og_description":"CRYSTAL COTE\u2122 DONG \u00a1El magn\u00edfico Crystal Cote \u2122 Dong en Morado tiene doble revestimiento para duplicar la diversi\u00f3n, duplicar el","og_url":"https:\/\/demoweb.info\/sexshop001\/producto\/dong-cristal-gelatina-cote-morado\/","og_site_name":"Tienda Er\u00f3tica","article_modified_time":"2022-01-22T11:44:14+00:00","og_image":[{"width":550,"height":550,"url":"https:\/\/demoweb.info\/sexshop001\/wp-content\/uploads\/2022\/01\/DONG-CRISTAL-GELATINA-COTE-MORADO.jpg","type":"image\/jpeg"}],"twitter_card":"summary_large_image","twitter_misc":{"Tiempo de lectura":"1 minuto"},"schema":{"@context":"https:\/\/schema.org","@graph":[{"@type":"WebPage","@id":"https:\/\/demoweb.info\/sexshop001\/producto\/dong-cristal-gelatina-cote-morado\/","url":"https:\/\/demoweb.info\/sexshop001\/producto\/dong-cristal-gelatina-cote-morado\/","name":"DONG CRISTAL GELATINA COTE - MORADO - Tienda Er\u00f3tica","isPartOf":{"@id":"https:\/\/demoweb.info\/sexshop001\/#website"},"datePublished":"2022-01-22T11:44:05+00:00","dateModified":"2022-01-22T11:44:14+00:00","breadcrumb":{"@id":"https:\/\/demoweb.info\/sexshop001\/producto\/dong-cristal-gelatina-cote-morado\/#breadcrumb"},"inLanguage":"es","potentialAction":[{"@type":"ReadAction","target":["https:\/\/demoweb.info\/sexshop001\/producto\/dong-cristal-gelatina-cote-morado\/"]}]},{"@type":"BreadcrumbList","@id":"https:\/\/demoweb.info\/sexshop001\/producto\/dong-cristal-gelatina-cote-morado\/#breadcrumb","itemListElement":[{"@type":"ListItem","position":1,"name":"Portada","item":"https:\/\/demoweb.info\/sexshop001\/"},{"@type":"ListItem","position":2,"name":"Tienda","item":"https:\/\/demoweb.info\/sexshop001\/tienda\/"},{"@type":"ListItem","position":3,"name":"DONG CRISTAL GELATINA COTE &#8211; MORADO"}]},{"@type":"WebSite","@id":"https:\/\/demoweb.info\/sexshop001\/#website","url":"https:\/\/demoweb.info\/sexshop001\/","name":"Tienda Er\u00f3tica","description":"DEMOWEB SL","potentialAction":[{"@type":"SearchAction","target":{"@type":"EntryPoint","urlTemplate":"https:\/\/demoweb.info\/sexshop001\/?s={search_term_string}"},"query-input":"required name=search_term_string"}],"inLanguage":"es"}]}},"_links":{"self":[{"href":"https:\/\/demoweb.info\/sexshop001\/wp-json\/wp\/v3\/product\/30841","targetHints":{"allow":["GET"]}}],"collection":[{"href":"https:\/\/demoweb.info\/sexshop001\/wp-json\/wp\/v3\/product"}],"about":[{"href":"https:\/\/demoweb.info\/sexshop001\/wp-json\/wp\/v2\/types\/product"}],"replies":[{"embeddable":true,"href":"https:\/\/demoweb.info\/sexshop001\/wp-json\/wp\/v2\/comments?post=30841"}],"wp:featuredmedia":[{"embeddable":true,"href":"https:\/\/demoweb.info\/sexshop001\/wp-json\/wp\/v2\/media\/30842"}],"wp:attachment":[{"href":"https:\/\/demoweb.info\/sexshop001\/wp-json\/wp\/v2\/media?parent=30841"}],"wp:term":[{"taxonomy":"product_cat","embeddable":true,"href":"https:\/\/demoweb.info\/sexshop001\/wp-json\/wp\/v2\/product_cat?post=30841"},{"taxonomy":"product_tag","embeddable":true,"href":"https:\/\/demoweb.info\/sexshop001\/wp-json\/wp\/v2\/product_tag?post=30841"}],"curies":[{"name":"wp","href":"https:\/\/api.w.org\/{rel}","templated":true}]}}