{"id":30831,"date":"2022-01-22T12:44:05","date_gmt":"2022-01-22T11:44:05","guid":{"rendered":"https:\/\/demoweb.info\/sexshop001\/producto\/coco-flesh\/"},"modified":"2022-01-22T12:44:08","modified_gmt":"2022-01-22T11:44:08","slug":"coco-flesh","status":"publish","type":"product","link":"https:\/\/demoweb.info\/sexshop001\/producto\/coco-flesh\/","title":{"rendered":"COCO &#8211; FLESH"},"content":{"rendered":"<p>Shots tiene el placer de presentarte sus nuevas mu\u00f1ecas realistas. Coco es una mu\u00f1eca de pie hecha de TPE seguro para el cuerpo.<\/p>\n<p>Tiene brazos y piernas totalmente articulables. Mueve siempre los brazos y las piernas suave y cuidadosamente hacia la posici\u00f3n que desees. Con tornillos para quedarse de pie con el fin de darle el equilibrio correcto y permitirle estar de pie. Cuando sea necesario podr\u00e1s extraer los tornillos para que se quede de pie. Solo desenr\u00f3scalos para extraerlos. Advertencia: cuando quites los tornillos, \u00a1Coco no podr\u00e1 quedarse de pie!, puede usar zapatos, sin embargo, se recomienda usar solo zapatos planos, no tacones.<\/p>\n<p>Coco tiene tres orificios para un juego er\u00f3tico incre\u00edble y satisfacer todos tus deseos. Las zona vaginales, anales y orales de Coco deben limpiarse despu\u00e9s de cada uso para evitar la acumulaci\u00f3n de bacterias. Utiliza \u00fanicamente lubricante a base de agua.<br \/>\nLos lubricantes a base de silicona o petr\u00f3leo pueden da\u00f1ar la piel de Coco.<\/p>\n<p>Para darte una sensaci\u00f3n m\u00e1s realista, hemos incluido un componente de calentamiento corporal. Para iniciar el componente de calentamiento, con\u00e9ctalo a un puerto USB. Mant\u00e9n el componente conectado durante 3 minutos en el puerto USB para alcanzar el m\u00e1ximo calor. Una vez hayas hecho esto, introduce el componente en el orificio que prefieras en Coco.<\/p>\n<p>Procura no poner a Coco sobre objetos que contengan tintas como, por ejemplo, peri\u00f3dicos, revistas, material de color oscuro, hojas negras o h\u00famedas o materiales de cuero que contengan pigmentos solubles en aceite.<\/p>\n<p>Disfruta de una aventura incre\u00edble real como la vida misma. \u00a1Puedes quedar con Coco cuando quieras!<\/p>\n<p>Incluye:<br \/>\n&#8211; Elemento USB para calentar el cuerpo<br \/>\n&#8211; 1 bola de pecho<br \/>\n&#8211; Conjunto de lencer\u00eda<br \/>\n&#8211; Recambio adicional para las u\u00f1as de presi\u00f3n<br \/>\n&#8211; Cepillo para el cabello<br \/>\n&#8211; Loci\u00f3n corporal\/lubricante<br \/>\n&#8211; Limpiador de juguetes<br \/>\n&#8211; Polvo renovador<br \/>\n&#8211; Irrigante limpiador<br \/>\n&#8211; 1 accesorio extra de vagina<br \/>\n&#8211; Manual de instrucciones<\/p>\n","protected":false},"excerpt":{"rendered":"<p>Shots tiene el placer de presentarte sus nuevas mu\u00f1ecas realistas. Coco es una mu\u00f1eca de pie hecha de TPE seguro<\/p>\n","protected":false},"featured_media":30832,"comment_status":"open","ping_status":"open","template":"","meta":[],"product_cat":[472],"product_tag":[1164,302],"class_list":["post-30831","product","type-product","status-publish","has-post-thumbnail","hentry","product_cat-realisticas","product_tag-dolls","product_tag-shots"],"bundled_by":[],"bundle_stock_status":"instock","bundle_stock_quantity":1,"bundle_virtual":false,"bundle_layout":"","bundle_add_to_cart_form_location":"","bundle_editable_in_cart":false,"bundle_sold_individually_context":"","bundle_item_grouping":"","bundle_min_size":"","bundle_max_size":"","bundled_items":[],"yoast_head":"<!-- This site is optimized with the Yoast SEO plugin v20.6 - https:\/\/yoast.com\/wordpress\/plugins\/seo\/ -->\n<title>COCO - FLESH - Tienda Er\u00f3tica<\/title>\n<meta name=\"robots\" content=\"noindex, follow, max-snippet:-1, max-image-preview:large, max-video-preview:-1\" \/>\n<meta property=\"og:locale\" content=\"es_ES\" \/>\n<meta property=\"og:type\" content=\"article\" \/>\n<meta property=\"og:title\" content=\"COCO - FLESH - Tienda Er\u00f3tica\" \/>\n<meta property=\"og:description\" content=\"Shots tiene el placer de presentarte sus nuevas mu\u00f1ecas realistas. Coco es una mu\u00f1eca de pie hecha de TPE seguro\" \/>\n<meta property=\"og:url\" content=\"https:\/\/demoweb.info\/sexshop001\/producto\/coco-flesh\/\" \/>\n<meta property=\"og:site_name\" content=\"Tienda Er\u00f3tica\" \/>\n<meta property=\"article:modified_time\" content=\"2022-01-22T11:44:08+00:00\" \/>\n<meta property=\"og:image\" content=\"https:\/\/demoweb.info\/sexshop001\/wp-content\/uploads\/2022\/01\/COCO-FLESH.jpg\" \/>\n\t<meta property=\"og:image:width\" content=\"550\" \/>\n\t<meta property=\"og:image:height\" content=\"550\" \/>\n\t<meta property=\"og:image:type\" content=\"image\/jpeg\" \/>\n<meta name=\"twitter:card\" content=\"summary_large_image\" \/>\n<meta name=\"twitter:label1\" content=\"Tiempo de lectura\" \/>\n\t<meta name=\"twitter:data1\" content=\"2 minutos\" \/>\n<script type=\"application\/ld+json\" class=\"yoast-schema-graph\">{\"@context\":\"https:\/\/schema.org\",\"@graph\":[{\"@type\":\"WebPage\",\"@id\":\"https:\/\/demoweb.info\/sexshop001\/producto\/coco-flesh\/\",\"url\":\"https:\/\/demoweb.info\/sexshop001\/producto\/coco-flesh\/\",\"name\":\"COCO - FLESH - Tienda Er\u00f3tica\",\"isPartOf\":{\"@id\":\"https:\/\/demoweb.info\/sexshop001\/#website\"},\"datePublished\":\"2022-01-22T11:44:05+00:00\",\"dateModified\":\"2022-01-22T11:44:08+00:00\",\"breadcrumb\":{\"@id\":\"https:\/\/demoweb.info\/sexshop001\/producto\/coco-flesh\/#breadcrumb\"},\"inLanguage\":\"es\",\"potentialAction\":[{\"@type\":\"ReadAction\",\"target\":[\"https:\/\/demoweb.info\/sexshop001\/producto\/coco-flesh\/\"]}]},{\"@type\":\"BreadcrumbList\",\"@id\":\"https:\/\/demoweb.info\/sexshop001\/producto\/coco-flesh\/#breadcrumb\",\"itemListElement\":[{\"@type\":\"ListItem\",\"position\":1,\"name\":\"Portada\",\"item\":\"https:\/\/demoweb.info\/sexshop001\/\"},{\"@type\":\"ListItem\",\"position\":2,\"name\":\"Tienda\",\"item\":\"https:\/\/demoweb.info\/sexshop001\/tienda\/\"},{\"@type\":\"ListItem\",\"position\":3,\"name\":\"COCO &#8211; FLESH\"}]},{\"@type\":\"WebSite\",\"@id\":\"https:\/\/demoweb.info\/sexshop001\/#website\",\"url\":\"https:\/\/demoweb.info\/sexshop001\/\",\"name\":\"Tienda Er\u00f3tica\",\"description\":\"DEMOWEB SL\",\"potentialAction\":[{\"@type\":\"SearchAction\",\"target\":{\"@type\":\"EntryPoint\",\"urlTemplate\":\"https:\/\/demoweb.info\/sexshop001\/?s={search_term_string}\"},\"query-input\":\"required name=search_term_string\"}],\"inLanguage\":\"es\"}]}<\/script>\n<!-- \/ Yoast SEO plugin. -->","yoast_head_json":{"title":"COCO - FLESH - Tienda Er\u00f3tica","robots":{"index":"noindex","follow":"follow","max-snippet":"max-snippet:-1","max-image-preview":"max-image-preview:large","max-video-preview":"max-video-preview:-1"},"og_locale":"es_ES","og_type":"article","og_title":"COCO - FLESH - Tienda Er\u00f3tica","og_description":"Shots tiene el placer de presentarte sus nuevas mu\u00f1ecas realistas. Coco es una mu\u00f1eca de pie hecha de TPE seguro","og_url":"https:\/\/demoweb.info\/sexshop001\/producto\/coco-flesh\/","og_site_name":"Tienda Er\u00f3tica","article_modified_time":"2022-01-22T11:44:08+00:00","og_image":[{"width":550,"height":550,"url":"https:\/\/demoweb.info\/sexshop001\/wp-content\/uploads\/2022\/01\/COCO-FLESH.jpg","type":"image\/jpeg"}],"twitter_card":"summary_large_image","twitter_misc":{"Tiempo de lectura":"2 minutos"},"schema":{"@context":"https:\/\/schema.org","@graph":[{"@type":"WebPage","@id":"https:\/\/demoweb.info\/sexshop001\/producto\/coco-flesh\/","url":"https:\/\/demoweb.info\/sexshop001\/producto\/coco-flesh\/","name":"COCO - FLESH - Tienda Er\u00f3tica","isPartOf":{"@id":"https:\/\/demoweb.info\/sexshop001\/#website"},"datePublished":"2022-01-22T11:44:05+00:00","dateModified":"2022-01-22T11:44:08+00:00","breadcrumb":{"@id":"https:\/\/demoweb.info\/sexshop001\/producto\/coco-flesh\/#breadcrumb"},"inLanguage":"es","potentialAction":[{"@type":"ReadAction","target":["https:\/\/demoweb.info\/sexshop001\/producto\/coco-flesh\/"]}]},{"@type":"BreadcrumbList","@id":"https:\/\/demoweb.info\/sexshop001\/producto\/coco-flesh\/#breadcrumb","itemListElement":[{"@type":"ListItem","position":1,"name":"Portada","item":"https:\/\/demoweb.info\/sexshop001\/"},{"@type":"ListItem","position":2,"name":"Tienda","item":"https:\/\/demoweb.info\/sexshop001\/tienda\/"},{"@type":"ListItem","position":3,"name":"COCO &#8211; FLESH"}]},{"@type":"WebSite","@id":"https:\/\/demoweb.info\/sexshop001\/#website","url":"https:\/\/demoweb.info\/sexshop001\/","name":"Tienda Er\u00f3tica","description":"DEMOWEB SL","potentialAction":[{"@type":"SearchAction","target":{"@type":"EntryPoint","urlTemplate":"https:\/\/demoweb.info\/sexshop001\/?s={search_term_string}"},"query-input":"required name=search_term_string"}],"inLanguage":"es"}]}},"_links":{"self":[{"href":"https:\/\/demoweb.info\/sexshop001\/wp-json\/wp\/v3\/product\/30831","targetHints":{"allow":["GET"]}}],"collection":[{"href":"https:\/\/demoweb.info\/sexshop001\/wp-json\/wp\/v3\/product"}],"about":[{"href":"https:\/\/demoweb.info\/sexshop001\/wp-json\/wp\/v2\/types\/product"}],"replies":[{"embeddable":true,"href":"https:\/\/demoweb.info\/sexshop001\/wp-json\/wp\/v2\/comments?post=30831"}],"wp:featuredmedia":[{"embeddable":true,"href":"https:\/\/demoweb.info\/sexshop001\/wp-json\/wp\/v2\/media\/30832"}],"wp:attachment":[{"href":"https:\/\/demoweb.info\/sexshop001\/wp-json\/wp\/v2\/media?parent=30831"}],"wp:term":[{"taxonomy":"product_cat","embeddable":true,"href":"https:\/\/demoweb.info\/sexshop001\/wp-json\/wp\/v2\/product_cat?post=30831"},{"taxonomy":"product_tag","embeddable":true,"href":"https:\/\/demoweb.info\/sexshop001\/wp-json\/wp\/v2\/product_tag?post=30831"}],"curies":[{"name":"wp","href":"https:\/\/api.w.org\/{rel}","templated":true}]}}