{"id":30753,"date":"2022-01-22T12:43:15","date_gmt":"2022-01-22T11:43:15","guid":{"rendered":"https:\/\/demoweb.info\/sexshop001\/producto\/10-fuciones-mr-just-right-1333-cm-ivory\/"},"modified":"2022-01-22T12:43:20","modified_gmt":"2022-01-22T11:43:20","slug":"10-fuciones-mr-just-right-1333-cm-ivory","status":"publish","type":"product","link":"https:\/\/demoweb.info\/sexshop001\/producto\/10-fuciones-mr-just-right-1333-cm-ivory\/","title":{"rendered":"10 FUCIONES  MR JUST RIGHT 13,33 CM &#8211; IVORY"},"content":{"rendered":"<p><strong>10-FUNCTION MR JUST RIGH 5,25 &#8211; IVORY<\/strong><\/p>\n<p>Tu b\u00fasqueda de la perfecci\u00f3n termina aqu\u00ed. El hermoso dise\u00f1o Mr. Just Right \u2122 Super Seven \u2122 no solo se ve y se siente como si fuera real, sino que tiene el tama\u00f1o perfecto tanto para principiantes como para usuarios avanzados e incluso viene con 10 configuraciones de placer alucinantes para ayudarte a vibrar a tu manera, hasta el final perfecto.<\/p>\n<p>Obten una incre\u00edble acumulaci\u00f3n clim\u00e1tica con las 10 configuraciones diferentes de poderosa vibraci\u00f3n, pulsaci\u00f3n y escalada y deje que los detalles realistas de este masajeador realista lleven sus fantas\u00edas sexuales a nuevas alturas.<br \/>\nConvierte tus sue\u00f1os \u00edntimos en realidad con Mr. Just Right \u2122 Super Seven \u2122, con un tama\u00f1o perfecto de 13,33 cm insertables a lo largo del eje.<\/p>\n<p>Este tama\u00f1o manejable y placentero es seguro, \u00a1lo que lo convierte en el juguete de inicio ideal para cualquier usuario! Si quieres un pene realista y realista que no sea demasiado grande ni demasiado peque\u00f1o, este realmente es el adecuado para ti. Hecho de un material libre de ftalatos y acabado con un aut\u00e9ntico tono de piel marfil, este juguete se ve y se siente como si fuera real. Es suave y flexible para que pueda disfrutarlo desde cualquier posici\u00f3n y cuenta con una ventosa superior para una conducci\u00f3n resistente en cualquier momento y en cualquier lugar. Las 10 configuraciones de placer se pueden operar desde el paquete de energ\u00eda de dise\u00f1o ergon\u00f3mico que cuenta con un simple bot\u00f3n de control (se requieren 2 pilas AAA).<\/p>\n<p><strong>Dimensiones del producto : <\/strong>  19,1 cm<br \/>\n<strong>Peso del producto :<\/strong>   323,08 gram<br \/>\n<strong>Longitud insertable : <\/strong>  2,7 cm<br \/>\n<strong>Tipos de velocidad :<\/strong>    10<br \/>\n<strong>Velocidad m\u00faltiple<\/strong> :   S\u00ed<br \/>\n<strong>Se requieren bater\u00edas : <\/strong>  2<br \/>\n<strong>Tipo de bater\u00edas :<\/strong>   AAA<br \/>\n<strong>Bater\u00edas incluidas :<\/strong>   No<br \/>\n<strong>Libre de ftalato :<\/strong> S\u00ed<\/p>\n","protected":false},"excerpt":{"rendered":"<p>10-FUNCTION MR JUST RIGH 5,25 &#8211; IVORY Tu b\u00fasqueda de la perfecci\u00f3n termina aqu\u00ed. El hermoso dise\u00f1o Mr. Just Right<\/p>\n","protected":false},"featured_media":30754,"comment_status":"open","ping_status":"open","template":"","meta":[],"product_cat":[386],"product_tag":[660],"class_list":["post-30753","product","type-product","status-publish","has-post-thumbnail","hentry","product_cat-realisticos","product_tag-calexotics"],"bundled_by":[],"bundle_stock_status":"instock","bundle_stock_quantity":1,"bundle_virtual":false,"bundle_layout":"","bundle_add_to_cart_form_location":"","bundle_editable_in_cart":false,"bundle_sold_individually_context":"","bundle_item_grouping":"","bundle_min_size":"","bundle_max_size":"","bundled_items":[],"yoast_head":"<!-- This site is optimized with the Yoast SEO plugin v20.6 - https:\/\/yoast.com\/wordpress\/plugins\/seo\/ -->\n<title>10 FUCIONES MR JUST RIGHT 13,33 CM - IVORY - Tienda Er\u00f3tica<\/title>\n<meta name=\"robots\" content=\"noindex, follow, max-snippet:-1, max-image-preview:large, max-video-preview:-1\" \/>\n<meta property=\"og:locale\" content=\"es_ES\" \/>\n<meta property=\"og:type\" content=\"article\" \/>\n<meta property=\"og:title\" content=\"10 FUCIONES MR JUST RIGHT 13,33 CM - IVORY - Tienda Er\u00f3tica\" \/>\n<meta property=\"og:description\" content=\"10-FUNCTION MR JUST RIGH 5,25 &#8211; IVORY Tu b\u00fasqueda de la perfecci\u00f3n termina aqu\u00ed. El hermoso dise\u00f1o Mr. Just Right\" \/>\n<meta property=\"og:url\" content=\"https:\/\/demoweb.info\/sexshop001\/producto\/10-fuciones-mr-just-right-1333-cm-ivory\/\" \/>\n<meta property=\"og:site_name\" content=\"Tienda Er\u00f3tica\" \/>\n<meta property=\"article:modified_time\" content=\"2022-01-22T11:43:20+00:00\" \/>\n<meta property=\"og:image\" content=\"https:\/\/demoweb.info\/sexshop001\/wp-content\/uploads\/2022\/01\/10-FUCIONES-MR-JUST-RIGHT-1333-CM-IVORY.jpg\" \/>\n\t<meta property=\"og:image:width\" content=\"550\" \/>\n\t<meta property=\"og:image:height\" content=\"550\" \/>\n\t<meta property=\"og:image:type\" content=\"image\/jpeg\" \/>\n<meta name=\"twitter:card\" content=\"summary_large_image\" \/>\n<meta name=\"twitter:label1\" content=\"Tiempo de lectura\" \/>\n\t<meta name=\"twitter:data1\" content=\"2 minutos\" \/>\n<script type=\"application\/ld+json\" class=\"yoast-schema-graph\">{\"@context\":\"https:\/\/schema.org\",\"@graph\":[{\"@type\":\"WebPage\",\"@id\":\"https:\/\/demoweb.info\/sexshop001\/producto\/10-fuciones-mr-just-right-1333-cm-ivory\/\",\"url\":\"https:\/\/demoweb.info\/sexshop001\/producto\/10-fuciones-mr-just-right-1333-cm-ivory\/\",\"name\":\"10 FUCIONES MR JUST RIGHT 13,33 CM - IVORY - Tienda Er\u00f3tica\",\"isPartOf\":{\"@id\":\"https:\/\/demoweb.info\/sexshop001\/#website\"},\"datePublished\":\"2022-01-22T11:43:15+00:00\",\"dateModified\":\"2022-01-22T11:43:20+00:00\",\"breadcrumb\":{\"@id\":\"https:\/\/demoweb.info\/sexshop001\/producto\/10-fuciones-mr-just-right-1333-cm-ivory\/#breadcrumb\"},\"inLanguage\":\"es\",\"potentialAction\":[{\"@type\":\"ReadAction\",\"target\":[\"https:\/\/demoweb.info\/sexshop001\/producto\/10-fuciones-mr-just-right-1333-cm-ivory\/\"]}]},{\"@type\":\"BreadcrumbList\",\"@id\":\"https:\/\/demoweb.info\/sexshop001\/producto\/10-fuciones-mr-just-right-1333-cm-ivory\/#breadcrumb\",\"itemListElement\":[{\"@type\":\"ListItem\",\"position\":1,\"name\":\"Portada\",\"item\":\"https:\/\/demoweb.info\/sexshop001\/\"},{\"@type\":\"ListItem\",\"position\":2,\"name\":\"Tienda\",\"item\":\"https:\/\/demoweb.info\/sexshop001\/tienda\/\"},{\"@type\":\"ListItem\",\"position\":3,\"name\":\"10 FUCIONES MR JUST RIGHT 13,33 CM &#8211; IVORY\"}]},{\"@type\":\"WebSite\",\"@id\":\"https:\/\/demoweb.info\/sexshop001\/#website\",\"url\":\"https:\/\/demoweb.info\/sexshop001\/\",\"name\":\"Tienda Er\u00f3tica\",\"description\":\"DEMOWEB SL\",\"potentialAction\":[{\"@type\":\"SearchAction\",\"target\":{\"@type\":\"EntryPoint\",\"urlTemplate\":\"https:\/\/demoweb.info\/sexshop001\/?s={search_term_string}\"},\"query-input\":\"required name=search_term_string\"}],\"inLanguage\":\"es\"}]}<\/script>\n<!-- \/ Yoast SEO plugin. -->","yoast_head_json":{"title":"10 FUCIONES MR JUST RIGHT 13,33 CM - IVORY - Tienda Er\u00f3tica","robots":{"index":"noindex","follow":"follow","max-snippet":"max-snippet:-1","max-image-preview":"max-image-preview:large","max-video-preview":"max-video-preview:-1"},"og_locale":"es_ES","og_type":"article","og_title":"10 FUCIONES MR JUST RIGHT 13,33 CM - IVORY - Tienda Er\u00f3tica","og_description":"10-FUNCTION MR JUST RIGH 5,25 &#8211; IVORY Tu b\u00fasqueda de la perfecci\u00f3n termina aqu\u00ed. El hermoso dise\u00f1o Mr. Just Right","og_url":"https:\/\/demoweb.info\/sexshop001\/producto\/10-fuciones-mr-just-right-1333-cm-ivory\/","og_site_name":"Tienda Er\u00f3tica","article_modified_time":"2022-01-22T11:43:20+00:00","og_image":[{"width":550,"height":550,"url":"https:\/\/demoweb.info\/sexshop001\/wp-content\/uploads\/2022\/01\/10-FUCIONES-MR-JUST-RIGHT-1333-CM-IVORY.jpg","type":"image\/jpeg"}],"twitter_card":"summary_large_image","twitter_misc":{"Tiempo de lectura":"2 minutos"},"schema":{"@context":"https:\/\/schema.org","@graph":[{"@type":"WebPage","@id":"https:\/\/demoweb.info\/sexshop001\/producto\/10-fuciones-mr-just-right-1333-cm-ivory\/","url":"https:\/\/demoweb.info\/sexshop001\/producto\/10-fuciones-mr-just-right-1333-cm-ivory\/","name":"10 FUCIONES MR JUST RIGHT 13,33 CM - IVORY - Tienda Er\u00f3tica","isPartOf":{"@id":"https:\/\/demoweb.info\/sexshop001\/#website"},"datePublished":"2022-01-22T11:43:15+00:00","dateModified":"2022-01-22T11:43:20+00:00","breadcrumb":{"@id":"https:\/\/demoweb.info\/sexshop001\/producto\/10-fuciones-mr-just-right-1333-cm-ivory\/#breadcrumb"},"inLanguage":"es","potentialAction":[{"@type":"ReadAction","target":["https:\/\/demoweb.info\/sexshop001\/producto\/10-fuciones-mr-just-right-1333-cm-ivory\/"]}]},{"@type":"BreadcrumbList","@id":"https:\/\/demoweb.info\/sexshop001\/producto\/10-fuciones-mr-just-right-1333-cm-ivory\/#breadcrumb","itemListElement":[{"@type":"ListItem","position":1,"name":"Portada","item":"https:\/\/demoweb.info\/sexshop001\/"},{"@type":"ListItem","position":2,"name":"Tienda","item":"https:\/\/demoweb.info\/sexshop001\/tienda\/"},{"@type":"ListItem","position":3,"name":"10 FUCIONES MR JUST RIGHT 13,33 CM &#8211; IVORY"}]},{"@type":"WebSite","@id":"https:\/\/demoweb.info\/sexshop001\/#website","url":"https:\/\/demoweb.info\/sexshop001\/","name":"Tienda Er\u00f3tica","description":"DEMOWEB SL","potentialAction":[{"@type":"SearchAction","target":{"@type":"EntryPoint","urlTemplate":"https:\/\/demoweb.info\/sexshop001\/?s={search_term_string}"},"query-input":"required name=search_term_string"}],"inLanguage":"es"}]}},"_links":{"self":[{"href":"https:\/\/demoweb.info\/sexshop001\/wp-json\/wp\/v3\/product\/30753","targetHints":{"allow":["GET"]}}],"collection":[{"href":"https:\/\/demoweb.info\/sexshop001\/wp-json\/wp\/v3\/product"}],"about":[{"href":"https:\/\/demoweb.info\/sexshop001\/wp-json\/wp\/v2\/types\/product"}],"replies":[{"embeddable":true,"href":"https:\/\/demoweb.info\/sexshop001\/wp-json\/wp\/v2\/comments?post=30753"}],"wp:featuredmedia":[{"embeddable":true,"href":"https:\/\/demoweb.info\/sexshop001\/wp-json\/wp\/v2\/media\/30754"}],"wp:attachment":[{"href":"https:\/\/demoweb.info\/sexshop001\/wp-json\/wp\/v2\/media?parent=30753"}],"wp:term":[{"taxonomy":"product_cat","embeddable":true,"href":"https:\/\/demoweb.info\/sexshop001\/wp-json\/wp\/v2\/product_cat?post=30753"},{"taxonomy":"product_tag","embeddable":true,"href":"https:\/\/demoweb.info\/sexshop001\/wp-json\/wp\/v2\/product_tag?post=30753"}],"curies":[{"name":"wp","href":"https:\/\/api.w.org\/{rel}","templated":true}]}}