{"id":30300,"date":"2022-01-22T12:39:01","date_gmt":"2022-01-22T11:39:01","guid":{"rendered":"https:\/\/demoweb.info\/sexshop001\/producto\/joy-balls-bolas-tailandesas-negras\/"},"modified":"2022-01-22T12:39:03","modified_gmt":"2022-01-22T11:39:03","slug":"joy-balls-bolas-tailandesas-negras","status":"publish","type":"product","link":"https:\/\/demoweb.info\/sexshop001\/producto\/joy-balls-bolas-tailandesas-negras\/","title":{"rendered":"JOY BALLS BOLAS TAILANDESAS NEGRAS"},"content":{"rendered":"<p><strong>JOYBALLS ANAL WAVE 9 BALLS BLACK<\/strong><\/p>\n<p>Estimulaci\u00f3n y excitaci\u00f3n para \u00e9l y para ella. F\u00e1ciles de mantener, las <strong>JOYBALLS<\/strong> anales en silicona m\u00e9dica, son muy f\u00e1ciles de insertar. En cada movimiento estimulan las zonas m\u00e1s intimas del cuerpo, ideal para los deseos m\u00e1s secretos. Si las retiras en el momento que la excitaci\u00f3n est\u00e1 en su punto \u00e1lgido, experimentar\u00e1s una potencia jam\u00e1s obtenida por v\u00eda anal.<\/p>\n<p>Esta cadena de cuentas le desaf\u00eda con sus nueve potentes bolas de distinto tama\u00f1o que ampliar\u00e1n todos sus l\u00edmites er\u00f3ticos.<\/p>\n<p>&#8211; Material libre de olores.<br \/>\n&#8211; 5 a\u00f1os de garant\u00eda de los materiales.<br \/>\n&#8211; Calidad alemana Premium.<br \/>\n&#8211; Material de silicona m\u00e9dica hipoalerg\u00e9nica tolerada con la piel, probado dermatol\u00f3gicamente y cl\u00ednicamente.<br \/>\n&#8211; Libre de phalatos y plastificantes.<br \/>\n&#8211; Probado en la pr\u00e1ctica recomendada.<br \/>\n&#8211; Incluye una muestra de lubricante AQUAglide.<\/p>\n<p>Largo: 29,8 cm.<\/p>\n","protected":false},"excerpt":{"rendered":"<p>JOYBALLS ANAL WAVE 9 BALLS BLACK Estimulaci\u00f3n y excitaci\u00f3n para \u00e9l y para ella. F\u00e1ciles de mantener, las JOYBALLS anales<\/p>\n","protected":false},"featured_media":30301,"comment_status":"open","ping_status":"open","template":"","meta":[],"product_cat":[338],"product_tag":[726,725],"class_list":["post-30300","product","type-product","status-publish","has-post-thumbnail","hentry","product_cat-silicona-plugs","product_tag-joyballs","product_tag-joydivision"],"bundled_by":[],"bundle_stock_status":"instock","bundle_stock_quantity":8,"bundle_virtual":false,"bundle_layout":"","bundle_add_to_cart_form_location":"","bundle_editable_in_cart":false,"bundle_sold_individually_context":"","bundle_item_grouping":"","bundle_min_size":"","bundle_max_size":"","bundled_items":[],"yoast_head":"<!-- This site is optimized with the Yoast SEO plugin v20.6 - https:\/\/yoast.com\/wordpress\/plugins\/seo\/ -->\n<title>JOY BALLS BOLAS TAILANDESAS NEGRAS - Tienda Er\u00f3tica<\/title>\n<meta name=\"robots\" content=\"noindex, follow, max-snippet:-1, max-image-preview:large, max-video-preview:-1\" \/>\n<meta property=\"og:locale\" content=\"es_ES\" \/>\n<meta property=\"og:type\" content=\"article\" \/>\n<meta property=\"og:title\" content=\"JOY BALLS BOLAS TAILANDESAS NEGRAS - Tienda Er\u00f3tica\" \/>\n<meta property=\"og:description\" content=\"JOYBALLS ANAL WAVE 9 BALLS BLACK Estimulaci\u00f3n y excitaci\u00f3n para \u00e9l y para ella. F\u00e1ciles de mantener, las JOYBALLS anales\" \/>\n<meta property=\"og:url\" content=\"https:\/\/demoweb.info\/sexshop001\/producto\/joy-balls-bolas-tailandesas-negras\/\" \/>\n<meta property=\"og:site_name\" content=\"Tienda Er\u00f3tica\" \/>\n<meta property=\"article:modified_time\" content=\"2022-01-22T11:39:03+00:00\" \/>\n<meta property=\"og:image\" content=\"https:\/\/demoweb.info\/sexshop001\/wp-content\/uploads\/2022\/01\/JOY-BALLS-BOLAS-TAILANDESAS-NEGRAS.jpg\" \/>\n\t<meta property=\"og:image:width\" content=\"550\" \/>\n\t<meta property=\"og:image:height\" content=\"550\" \/>\n\t<meta property=\"og:image:type\" content=\"image\/jpeg\" \/>\n<meta name=\"twitter:card\" content=\"summary_large_image\" \/>\n<meta name=\"twitter:label1\" content=\"Tiempo de lectura\" \/>\n\t<meta name=\"twitter:data1\" content=\"1 minuto\" \/>\n<script type=\"application\/ld+json\" class=\"yoast-schema-graph\">{\"@context\":\"https:\/\/schema.org\",\"@graph\":[{\"@type\":\"WebPage\",\"@id\":\"https:\/\/demoweb.info\/sexshop001\/producto\/joy-balls-bolas-tailandesas-negras\/\",\"url\":\"https:\/\/demoweb.info\/sexshop001\/producto\/joy-balls-bolas-tailandesas-negras\/\",\"name\":\"JOY BALLS BOLAS TAILANDESAS NEGRAS - Tienda Er\u00f3tica\",\"isPartOf\":{\"@id\":\"https:\/\/demoweb.info\/sexshop001\/#website\"},\"datePublished\":\"2022-01-22T11:39:01+00:00\",\"dateModified\":\"2022-01-22T11:39:03+00:00\",\"breadcrumb\":{\"@id\":\"https:\/\/demoweb.info\/sexshop001\/producto\/joy-balls-bolas-tailandesas-negras\/#breadcrumb\"},\"inLanguage\":\"es\",\"potentialAction\":[{\"@type\":\"ReadAction\",\"target\":[\"https:\/\/demoweb.info\/sexshop001\/producto\/joy-balls-bolas-tailandesas-negras\/\"]}]},{\"@type\":\"BreadcrumbList\",\"@id\":\"https:\/\/demoweb.info\/sexshop001\/producto\/joy-balls-bolas-tailandesas-negras\/#breadcrumb\",\"itemListElement\":[{\"@type\":\"ListItem\",\"position\":1,\"name\":\"Portada\",\"item\":\"https:\/\/demoweb.info\/sexshop001\/\"},{\"@type\":\"ListItem\",\"position\":2,\"name\":\"Tienda\",\"item\":\"https:\/\/demoweb.info\/sexshop001\/tienda\/\"},{\"@type\":\"ListItem\",\"position\":3,\"name\":\"JOY BALLS BOLAS TAILANDESAS NEGRAS\"}]},{\"@type\":\"WebSite\",\"@id\":\"https:\/\/demoweb.info\/sexshop001\/#website\",\"url\":\"https:\/\/demoweb.info\/sexshop001\/\",\"name\":\"Tienda Er\u00f3tica\",\"description\":\"DEMOWEB SL\",\"potentialAction\":[{\"@type\":\"SearchAction\",\"target\":{\"@type\":\"EntryPoint\",\"urlTemplate\":\"https:\/\/demoweb.info\/sexshop001\/?s={search_term_string}\"},\"query-input\":\"required name=search_term_string\"}],\"inLanguage\":\"es\"}]}<\/script>\n<!-- \/ Yoast SEO plugin. -->","yoast_head_json":{"title":"JOY BALLS BOLAS TAILANDESAS NEGRAS - Tienda Er\u00f3tica","robots":{"index":"noindex","follow":"follow","max-snippet":"max-snippet:-1","max-image-preview":"max-image-preview:large","max-video-preview":"max-video-preview:-1"},"og_locale":"es_ES","og_type":"article","og_title":"JOY BALLS BOLAS TAILANDESAS NEGRAS - Tienda Er\u00f3tica","og_description":"JOYBALLS ANAL WAVE 9 BALLS BLACK Estimulaci\u00f3n y excitaci\u00f3n para \u00e9l y para ella. F\u00e1ciles de mantener, las JOYBALLS anales","og_url":"https:\/\/demoweb.info\/sexshop001\/producto\/joy-balls-bolas-tailandesas-negras\/","og_site_name":"Tienda Er\u00f3tica","article_modified_time":"2022-01-22T11:39:03+00:00","og_image":[{"width":550,"height":550,"url":"https:\/\/demoweb.info\/sexshop001\/wp-content\/uploads\/2022\/01\/JOY-BALLS-BOLAS-TAILANDESAS-NEGRAS.jpg","type":"image\/jpeg"}],"twitter_card":"summary_large_image","twitter_misc":{"Tiempo de lectura":"1 minuto"},"schema":{"@context":"https:\/\/schema.org","@graph":[{"@type":"WebPage","@id":"https:\/\/demoweb.info\/sexshop001\/producto\/joy-balls-bolas-tailandesas-negras\/","url":"https:\/\/demoweb.info\/sexshop001\/producto\/joy-balls-bolas-tailandesas-negras\/","name":"JOY BALLS BOLAS TAILANDESAS NEGRAS - Tienda Er\u00f3tica","isPartOf":{"@id":"https:\/\/demoweb.info\/sexshop001\/#website"},"datePublished":"2022-01-22T11:39:01+00:00","dateModified":"2022-01-22T11:39:03+00:00","breadcrumb":{"@id":"https:\/\/demoweb.info\/sexshop001\/producto\/joy-balls-bolas-tailandesas-negras\/#breadcrumb"},"inLanguage":"es","potentialAction":[{"@type":"ReadAction","target":["https:\/\/demoweb.info\/sexshop001\/producto\/joy-balls-bolas-tailandesas-negras\/"]}]},{"@type":"BreadcrumbList","@id":"https:\/\/demoweb.info\/sexshop001\/producto\/joy-balls-bolas-tailandesas-negras\/#breadcrumb","itemListElement":[{"@type":"ListItem","position":1,"name":"Portada","item":"https:\/\/demoweb.info\/sexshop001\/"},{"@type":"ListItem","position":2,"name":"Tienda","item":"https:\/\/demoweb.info\/sexshop001\/tienda\/"},{"@type":"ListItem","position":3,"name":"JOY BALLS BOLAS TAILANDESAS NEGRAS"}]},{"@type":"WebSite","@id":"https:\/\/demoweb.info\/sexshop001\/#website","url":"https:\/\/demoweb.info\/sexshop001\/","name":"Tienda Er\u00f3tica","description":"DEMOWEB SL","potentialAction":[{"@type":"SearchAction","target":{"@type":"EntryPoint","urlTemplate":"https:\/\/demoweb.info\/sexshop001\/?s={search_term_string}"},"query-input":"required name=search_term_string"}],"inLanguage":"es"}]}},"_links":{"self":[{"href":"https:\/\/demoweb.info\/sexshop001\/wp-json\/wp\/v3\/product\/30300","targetHints":{"allow":["GET"]}}],"collection":[{"href":"https:\/\/demoweb.info\/sexshop001\/wp-json\/wp\/v3\/product"}],"about":[{"href":"https:\/\/demoweb.info\/sexshop001\/wp-json\/wp\/v2\/types\/product"}],"replies":[{"embeddable":true,"href":"https:\/\/demoweb.info\/sexshop001\/wp-json\/wp\/v2\/comments?post=30300"}],"wp:featuredmedia":[{"embeddable":true,"href":"https:\/\/demoweb.info\/sexshop001\/wp-json\/wp\/v2\/media\/30301"}],"wp:attachment":[{"href":"https:\/\/demoweb.info\/sexshop001\/wp-json\/wp\/v2\/media?parent=30300"}],"wp:term":[{"taxonomy":"product_cat","embeddable":true,"href":"https:\/\/demoweb.info\/sexshop001\/wp-json\/wp\/v2\/product_cat?post=30300"},{"taxonomy":"product_tag","embeddable":true,"href":"https:\/\/demoweb.info\/sexshop001\/wp-json\/wp\/v2\/product_tag?post=30300"}],"curies":[{"name":"wp","href":"https:\/\/api.w.org\/{rel}","templated":true}]}}