{"id":30297,"date":"2022-01-22T12:39:01","date_gmt":"2022-01-22T11:39:01","guid":{"rendered":"https:\/\/demoweb.info\/sexshop001\/producto\/joyballs-bolas-tailandesas-negro\/"},"modified":"2022-01-22T12:39:01","modified_gmt":"2022-01-22T11:39:01","slug":"joyballs-bolas-tailandesas-negro","status":"publish","type":"product","link":"https:\/\/demoweb.info\/sexshop001\/producto\/joyballs-bolas-tailandesas-negro\/","title":{"rendered":"JOYBALLS BOLAS TAILANDESAS NEGRO"},"content":{"rendered":"<p><strong>JOYBALLS ANAL WAVE BLACK<\/strong><\/p>\n<p>Este juguete est\u00e1 dise\u00f1ado con unas formas seductoras de primera calidad, y te promete que experimentar\u00e1s nuevas sensaciones excitantes. D\u00e9jate inspirar por los momentos sensuales e intensos.<\/p>\n<p>Esta cadena de cuentas le desaf\u00eda con sus cinco potentes bolas de distinto tama\u00f1o que ampliar\u00e1n todos sus l\u00edmites er\u00f3ticos.<\/p>\n<p>&#8211; Material libre de olores.<br \/>\n&#8211; 5 a\u00f1os de garant\u00eda de los materiales.<br \/>\n&#8211; Calidad alemana Premium.<br \/>\n&#8211; Material de silicona m\u00e9dica hipoalerg\u00e9nica tolerada con la piel, probado dermatol\u00f3gicamente y cl\u00ednicamente.<br \/>\n&#8211; Probado en la pr\u00e1ctica recomendada.<br \/>\n&#8211; Incluye una muestra de lubricante AQUAglide.<\/p>\n<p>Largo: 17,5 cm.<\/p>\n","protected":false},"excerpt":{"rendered":"<p>JOYBALLS ANAL WAVE BLACK Este juguete est\u00e1 dise\u00f1ado con unas formas seductoras de primera calidad, y te promete que experimentar\u00e1s<\/p>\n","protected":false},"featured_media":30298,"comment_status":"open","ping_status":"open","template":"","meta":[],"product_cat":[338],"product_tag":[726,725],"class_list":["post-30297","product","type-product","status-publish","has-post-thumbnail","hentry","product_cat-silicona-plugs","product_tag-joyballs","product_tag-joydivision"],"bundled_by":[],"bundle_stock_status":"instock","bundle_stock_quantity":9,"bundle_virtual":false,"bundle_layout":"","bundle_add_to_cart_form_location":"","bundle_editable_in_cart":false,"bundle_sold_individually_context":"","bundle_item_grouping":"","bundle_min_size":"","bundle_max_size":"","bundled_items":[],"yoast_head":"<!-- This site is optimized with the Yoast SEO plugin v20.6 - https:\/\/yoast.com\/wordpress\/plugins\/seo\/ -->\n<title>JOYBALLS BOLAS TAILANDESAS NEGRO - Tienda Er\u00f3tica<\/title>\n<meta name=\"robots\" content=\"noindex, follow, max-snippet:-1, max-image-preview:large, max-video-preview:-1\" \/>\n<meta property=\"og:locale\" content=\"es_ES\" \/>\n<meta property=\"og:type\" content=\"article\" \/>\n<meta property=\"og:title\" content=\"JOYBALLS BOLAS TAILANDESAS NEGRO - Tienda Er\u00f3tica\" \/>\n<meta property=\"og:description\" content=\"JOYBALLS ANAL WAVE BLACK Este juguete est\u00e1 dise\u00f1ado con unas formas seductoras de primera calidad, y te promete que experimentar\u00e1s\" \/>\n<meta property=\"og:url\" content=\"https:\/\/demoweb.info\/sexshop001\/producto\/joyballs-bolas-tailandesas-negro\/\" \/>\n<meta property=\"og:site_name\" content=\"Tienda Er\u00f3tica\" \/>\n<meta property=\"og:image\" content=\"https:\/\/demoweb.info\/sexshop001\/wp-content\/uploads\/2022\/01\/JOYBALLS-BOLAS-TAILANDESAS-NEGRO.jpg\" \/>\n\t<meta property=\"og:image:width\" content=\"550\" \/>\n\t<meta property=\"og:image:height\" content=\"550\" \/>\n\t<meta property=\"og:image:type\" content=\"image\/jpeg\" \/>\n<meta name=\"twitter:card\" content=\"summary_large_image\" \/>\n<meta name=\"twitter:label1\" content=\"Tiempo de lectura\" \/>\n\t<meta name=\"twitter:data1\" content=\"1 minuto\" \/>\n<script type=\"application\/ld+json\" class=\"yoast-schema-graph\">{\"@context\":\"https:\/\/schema.org\",\"@graph\":[{\"@type\":\"WebPage\",\"@id\":\"https:\/\/demoweb.info\/sexshop001\/producto\/joyballs-bolas-tailandesas-negro\/\",\"url\":\"https:\/\/demoweb.info\/sexshop001\/producto\/joyballs-bolas-tailandesas-negro\/\",\"name\":\"JOYBALLS BOLAS TAILANDESAS NEGRO - Tienda Er\u00f3tica\",\"isPartOf\":{\"@id\":\"https:\/\/demoweb.info\/sexshop001\/#website\"},\"datePublished\":\"2022-01-22T11:39:01+00:00\",\"dateModified\":\"2022-01-22T11:39:01+00:00\",\"breadcrumb\":{\"@id\":\"https:\/\/demoweb.info\/sexshop001\/producto\/joyballs-bolas-tailandesas-negro\/#breadcrumb\"},\"inLanguage\":\"es\",\"potentialAction\":[{\"@type\":\"ReadAction\",\"target\":[\"https:\/\/demoweb.info\/sexshop001\/producto\/joyballs-bolas-tailandesas-negro\/\"]}]},{\"@type\":\"BreadcrumbList\",\"@id\":\"https:\/\/demoweb.info\/sexshop001\/producto\/joyballs-bolas-tailandesas-negro\/#breadcrumb\",\"itemListElement\":[{\"@type\":\"ListItem\",\"position\":1,\"name\":\"Portada\",\"item\":\"https:\/\/demoweb.info\/sexshop001\/\"},{\"@type\":\"ListItem\",\"position\":2,\"name\":\"Tienda\",\"item\":\"https:\/\/demoweb.info\/sexshop001\/tienda\/\"},{\"@type\":\"ListItem\",\"position\":3,\"name\":\"JOYBALLS BOLAS TAILANDESAS NEGRO\"}]},{\"@type\":\"WebSite\",\"@id\":\"https:\/\/demoweb.info\/sexshop001\/#website\",\"url\":\"https:\/\/demoweb.info\/sexshop001\/\",\"name\":\"Tienda Er\u00f3tica\",\"description\":\"DEMOWEB SL\",\"potentialAction\":[{\"@type\":\"SearchAction\",\"target\":{\"@type\":\"EntryPoint\",\"urlTemplate\":\"https:\/\/demoweb.info\/sexshop001\/?s={search_term_string}\"},\"query-input\":\"required name=search_term_string\"}],\"inLanguage\":\"es\"}]}<\/script>\n<!-- \/ Yoast SEO plugin. -->","yoast_head_json":{"title":"JOYBALLS BOLAS TAILANDESAS NEGRO - Tienda Er\u00f3tica","robots":{"index":"noindex","follow":"follow","max-snippet":"max-snippet:-1","max-image-preview":"max-image-preview:large","max-video-preview":"max-video-preview:-1"},"og_locale":"es_ES","og_type":"article","og_title":"JOYBALLS BOLAS TAILANDESAS NEGRO - Tienda Er\u00f3tica","og_description":"JOYBALLS ANAL WAVE BLACK Este juguete est\u00e1 dise\u00f1ado con unas formas seductoras de primera calidad, y te promete que experimentar\u00e1s","og_url":"https:\/\/demoweb.info\/sexshop001\/producto\/joyballs-bolas-tailandesas-negro\/","og_site_name":"Tienda Er\u00f3tica","og_image":[{"width":550,"height":550,"url":"https:\/\/demoweb.info\/sexshop001\/wp-content\/uploads\/2022\/01\/JOYBALLS-BOLAS-TAILANDESAS-NEGRO.jpg","type":"image\/jpeg"}],"twitter_card":"summary_large_image","twitter_misc":{"Tiempo de lectura":"1 minuto"},"schema":{"@context":"https:\/\/schema.org","@graph":[{"@type":"WebPage","@id":"https:\/\/demoweb.info\/sexshop001\/producto\/joyballs-bolas-tailandesas-negro\/","url":"https:\/\/demoweb.info\/sexshop001\/producto\/joyballs-bolas-tailandesas-negro\/","name":"JOYBALLS BOLAS TAILANDESAS NEGRO - Tienda Er\u00f3tica","isPartOf":{"@id":"https:\/\/demoweb.info\/sexshop001\/#website"},"datePublished":"2022-01-22T11:39:01+00:00","dateModified":"2022-01-22T11:39:01+00:00","breadcrumb":{"@id":"https:\/\/demoweb.info\/sexshop001\/producto\/joyballs-bolas-tailandesas-negro\/#breadcrumb"},"inLanguage":"es","potentialAction":[{"@type":"ReadAction","target":["https:\/\/demoweb.info\/sexshop001\/producto\/joyballs-bolas-tailandesas-negro\/"]}]},{"@type":"BreadcrumbList","@id":"https:\/\/demoweb.info\/sexshop001\/producto\/joyballs-bolas-tailandesas-negro\/#breadcrumb","itemListElement":[{"@type":"ListItem","position":1,"name":"Portada","item":"https:\/\/demoweb.info\/sexshop001\/"},{"@type":"ListItem","position":2,"name":"Tienda","item":"https:\/\/demoweb.info\/sexshop001\/tienda\/"},{"@type":"ListItem","position":3,"name":"JOYBALLS BOLAS TAILANDESAS NEGRO"}]},{"@type":"WebSite","@id":"https:\/\/demoweb.info\/sexshop001\/#website","url":"https:\/\/demoweb.info\/sexshop001\/","name":"Tienda Er\u00f3tica","description":"DEMOWEB SL","potentialAction":[{"@type":"SearchAction","target":{"@type":"EntryPoint","urlTemplate":"https:\/\/demoweb.info\/sexshop001\/?s={search_term_string}"},"query-input":"required name=search_term_string"}],"inLanguage":"es"}]}},"_links":{"self":[{"href":"https:\/\/demoweb.info\/sexshop001\/wp-json\/wp\/v3\/product\/30297","targetHints":{"allow":["GET"]}}],"collection":[{"href":"https:\/\/demoweb.info\/sexshop001\/wp-json\/wp\/v3\/product"}],"about":[{"href":"https:\/\/demoweb.info\/sexshop001\/wp-json\/wp\/v2\/types\/product"}],"replies":[{"embeddable":true,"href":"https:\/\/demoweb.info\/sexshop001\/wp-json\/wp\/v2\/comments?post=30297"}],"wp:featuredmedia":[{"embeddable":true,"href":"https:\/\/demoweb.info\/sexshop001\/wp-json\/wp\/v2\/media\/30298"}],"wp:attachment":[{"href":"https:\/\/demoweb.info\/sexshop001\/wp-json\/wp\/v2\/media?parent=30297"}],"wp:term":[{"taxonomy":"product_cat","embeddable":true,"href":"https:\/\/demoweb.info\/sexshop001\/wp-json\/wp\/v2\/product_cat?post=30297"},{"taxonomy":"product_tag","embeddable":true,"href":"https:\/\/demoweb.info\/sexshop001\/wp-json\/wp\/v2\/product_tag?post=30297"}],"curies":[{"name":"wp","href":"https:\/\/api.w.org\/{rel}","templated":true}]}}