{"id":30270,"date":"2022-01-22T12:38:34","date_gmt":"2022-01-22T11:38:34","guid":{"rendered":"https:\/\/demoweb.info\/sexshop001\/producto\/potenz-duo-anillos-pene-extra-grandes\/"},"modified":"2022-01-22T12:38:46","modified_gmt":"2022-01-22T11:38:46","slug":"potenz-duo-anillos-pene-extra-grandes","status":"publish","type":"product","link":"https:\/\/demoweb.info\/sexshop001\/producto\/potenz-duo-anillos-pene-extra-grandes\/","title":{"rendered":"POTENZ DUO ANILLOS PENE EXTRA GRANDES"},"content":{"rendered":"<p><strong>POTENZ DUO RINGS EXTRA-LARGE<\/strong>.<\/p>\n<p>Anillos del pene, tambi\u00e9n llamados anillos de constricci\u00f3n se utilizan para la salida prematura de la sangre desde el pene (llamado derrame venoso o disfunci\u00f3n veno-oclusiva). Requisito es que una erecci\u00f3n es todav\u00eda posible. Si esto juntos antes de tiempo, se puede crear con la ayuda del anillo del pene. La compresi\u00f3n uniforme en el campo de la base del pene contrarresta la descarga de sangre prematuro. La aplicaci\u00f3n realiza obstrucci\u00f3n del flujo de sangre a una erecci\u00f3n considerable fortalecimiento y estiramiento.<\/p>\n<p>Una palabra sobre el tama\u00f1o de los anillos del pene:. Usted debe comenzar con el tama\u00f1o m\u00e1s grande y reducir gradualmente el tama\u00f1o en funci\u00f3n del efecto Tenga en cuenta que los anillos pueden ser usados ya no m\u00e1s de 30 minutos, ya que puede conducir a trastornos circulatorios.<\/p>\n<p><strong>Di\u00e1metro del anillo del pene 2,5 cm (sin estirar)<br \/>\nDi\u00e1metro del anillo del test\u00edculo 3,5 cm (sin estirar)<\/strong><\/p>\n<p>Contiene un sobre de lubricante Aquaglide.<\/p>\n","protected":false},"excerpt":{"rendered":"<p>POTENZ DUO RINGS EXTRA-LARGE. Anillos del pene, tambi\u00e9n llamados anillos de constricci\u00f3n se utilizan para la salida prematura de la<\/p>\n","protected":false},"featured_media":30271,"comment_status":"open","ping_status":"open","template":"","meta":[],"product_cat":[324],"product_tag":[725,1159],"class_list":["post-30270","product","type-product","status-publish","has-post-thumbnail","hentry","product_cat-kits-anillos","product_tag-joydivision","product_tag-potenz"],"bundled_by":[],"bundle_stock_status":"instock","bundle_stock_quantity":5,"bundle_virtual":false,"bundle_layout":"","bundle_add_to_cart_form_location":"","bundle_editable_in_cart":false,"bundle_sold_individually_context":"","bundle_item_grouping":"","bundle_min_size":"","bundle_max_size":"","bundled_items":[],"yoast_head":"<!-- This site is optimized with the Yoast SEO plugin v20.6 - https:\/\/yoast.com\/wordpress\/plugins\/seo\/ -->\n<title>POTENZ DUO ANILLOS PENE EXTRA GRANDES - Tienda Er\u00f3tica<\/title>\n<meta name=\"robots\" content=\"noindex, follow, max-snippet:-1, max-image-preview:large, max-video-preview:-1\" \/>\n<meta property=\"og:locale\" content=\"es_ES\" \/>\n<meta property=\"og:type\" content=\"article\" \/>\n<meta property=\"og:title\" content=\"POTENZ DUO ANILLOS PENE EXTRA GRANDES - Tienda Er\u00f3tica\" \/>\n<meta property=\"og:description\" content=\"POTENZ DUO RINGS EXTRA-LARGE. Anillos del pene, tambi\u00e9n llamados anillos de constricci\u00f3n se utilizan para la salida prematura de la\" \/>\n<meta property=\"og:url\" content=\"https:\/\/demoweb.info\/sexshop001\/producto\/potenz-duo-anillos-pene-extra-grandes\/\" \/>\n<meta property=\"og:site_name\" content=\"Tienda Er\u00f3tica\" \/>\n<meta property=\"article:modified_time\" content=\"2022-01-22T11:38:46+00:00\" \/>\n<meta property=\"og:image\" content=\"https:\/\/demoweb.info\/sexshop001\/wp-content\/uploads\/2022\/01\/POTENZ-DUO-ANILLOS-PENE-EXTRA-GRANDES.jpg\" \/>\n\t<meta property=\"og:image:width\" content=\"550\" \/>\n\t<meta property=\"og:image:height\" content=\"550\" \/>\n\t<meta property=\"og:image:type\" content=\"image\/jpeg\" \/>\n<meta name=\"twitter:card\" content=\"summary_large_image\" \/>\n<meta name=\"twitter:label1\" content=\"Tiempo de lectura\" \/>\n\t<meta name=\"twitter:data1\" content=\"1 minuto\" \/>\n<script type=\"application\/ld+json\" class=\"yoast-schema-graph\">{\"@context\":\"https:\/\/schema.org\",\"@graph\":[{\"@type\":\"WebPage\",\"@id\":\"https:\/\/demoweb.info\/sexshop001\/producto\/potenz-duo-anillos-pene-extra-grandes\/\",\"url\":\"https:\/\/demoweb.info\/sexshop001\/producto\/potenz-duo-anillos-pene-extra-grandes\/\",\"name\":\"POTENZ DUO ANILLOS PENE EXTRA GRANDES - Tienda Er\u00f3tica\",\"isPartOf\":{\"@id\":\"https:\/\/demoweb.info\/sexshop001\/#website\"},\"datePublished\":\"2022-01-22T11:38:34+00:00\",\"dateModified\":\"2022-01-22T11:38:46+00:00\",\"breadcrumb\":{\"@id\":\"https:\/\/demoweb.info\/sexshop001\/producto\/potenz-duo-anillos-pene-extra-grandes\/#breadcrumb\"},\"inLanguage\":\"es\",\"potentialAction\":[{\"@type\":\"ReadAction\",\"target\":[\"https:\/\/demoweb.info\/sexshop001\/producto\/potenz-duo-anillos-pene-extra-grandes\/\"]}]},{\"@type\":\"BreadcrumbList\",\"@id\":\"https:\/\/demoweb.info\/sexshop001\/producto\/potenz-duo-anillos-pene-extra-grandes\/#breadcrumb\",\"itemListElement\":[{\"@type\":\"ListItem\",\"position\":1,\"name\":\"Portada\",\"item\":\"https:\/\/demoweb.info\/sexshop001\/\"},{\"@type\":\"ListItem\",\"position\":2,\"name\":\"Tienda\",\"item\":\"https:\/\/demoweb.info\/sexshop001\/tienda\/\"},{\"@type\":\"ListItem\",\"position\":3,\"name\":\"POTENZ DUO ANILLOS PENE EXTRA GRANDES\"}]},{\"@type\":\"WebSite\",\"@id\":\"https:\/\/demoweb.info\/sexshop001\/#website\",\"url\":\"https:\/\/demoweb.info\/sexshop001\/\",\"name\":\"Tienda Er\u00f3tica\",\"description\":\"DEMOWEB SL\",\"potentialAction\":[{\"@type\":\"SearchAction\",\"target\":{\"@type\":\"EntryPoint\",\"urlTemplate\":\"https:\/\/demoweb.info\/sexshop001\/?s={search_term_string}\"},\"query-input\":\"required name=search_term_string\"}],\"inLanguage\":\"es\"}]}<\/script>\n<!-- \/ Yoast SEO plugin. -->","yoast_head_json":{"title":"POTENZ DUO ANILLOS PENE EXTRA GRANDES - Tienda Er\u00f3tica","robots":{"index":"noindex","follow":"follow","max-snippet":"max-snippet:-1","max-image-preview":"max-image-preview:large","max-video-preview":"max-video-preview:-1"},"og_locale":"es_ES","og_type":"article","og_title":"POTENZ DUO ANILLOS PENE EXTRA GRANDES - Tienda Er\u00f3tica","og_description":"POTENZ DUO RINGS EXTRA-LARGE. Anillos del pene, tambi\u00e9n llamados anillos de constricci\u00f3n se utilizan para la salida prematura de la","og_url":"https:\/\/demoweb.info\/sexshop001\/producto\/potenz-duo-anillos-pene-extra-grandes\/","og_site_name":"Tienda Er\u00f3tica","article_modified_time":"2022-01-22T11:38:46+00:00","og_image":[{"width":550,"height":550,"url":"https:\/\/demoweb.info\/sexshop001\/wp-content\/uploads\/2022\/01\/POTENZ-DUO-ANILLOS-PENE-EXTRA-GRANDES.jpg","type":"image\/jpeg"}],"twitter_card":"summary_large_image","twitter_misc":{"Tiempo de lectura":"1 minuto"},"schema":{"@context":"https:\/\/schema.org","@graph":[{"@type":"WebPage","@id":"https:\/\/demoweb.info\/sexshop001\/producto\/potenz-duo-anillos-pene-extra-grandes\/","url":"https:\/\/demoweb.info\/sexshop001\/producto\/potenz-duo-anillos-pene-extra-grandes\/","name":"POTENZ DUO ANILLOS PENE EXTRA GRANDES - Tienda Er\u00f3tica","isPartOf":{"@id":"https:\/\/demoweb.info\/sexshop001\/#website"},"datePublished":"2022-01-22T11:38:34+00:00","dateModified":"2022-01-22T11:38:46+00:00","breadcrumb":{"@id":"https:\/\/demoweb.info\/sexshop001\/producto\/potenz-duo-anillos-pene-extra-grandes\/#breadcrumb"},"inLanguage":"es","potentialAction":[{"@type":"ReadAction","target":["https:\/\/demoweb.info\/sexshop001\/producto\/potenz-duo-anillos-pene-extra-grandes\/"]}]},{"@type":"BreadcrumbList","@id":"https:\/\/demoweb.info\/sexshop001\/producto\/potenz-duo-anillos-pene-extra-grandes\/#breadcrumb","itemListElement":[{"@type":"ListItem","position":1,"name":"Portada","item":"https:\/\/demoweb.info\/sexshop001\/"},{"@type":"ListItem","position":2,"name":"Tienda","item":"https:\/\/demoweb.info\/sexshop001\/tienda\/"},{"@type":"ListItem","position":3,"name":"POTENZ DUO ANILLOS PENE EXTRA GRANDES"}]},{"@type":"WebSite","@id":"https:\/\/demoweb.info\/sexshop001\/#website","url":"https:\/\/demoweb.info\/sexshop001\/","name":"Tienda Er\u00f3tica","description":"DEMOWEB SL","potentialAction":[{"@type":"SearchAction","target":{"@type":"EntryPoint","urlTemplate":"https:\/\/demoweb.info\/sexshop001\/?s={search_term_string}"},"query-input":"required name=search_term_string"}],"inLanguage":"es"}]}},"_links":{"self":[{"href":"https:\/\/demoweb.info\/sexshop001\/wp-json\/wp\/v3\/product\/30270","targetHints":{"allow":["GET"]}}],"collection":[{"href":"https:\/\/demoweb.info\/sexshop001\/wp-json\/wp\/v3\/product"}],"about":[{"href":"https:\/\/demoweb.info\/sexshop001\/wp-json\/wp\/v2\/types\/product"}],"replies":[{"embeddable":true,"href":"https:\/\/demoweb.info\/sexshop001\/wp-json\/wp\/v2\/comments?post=30270"}],"wp:featuredmedia":[{"embeddable":true,"href":"https:\/\/demoweb.info\/sexshop001\/wp-json\/wp\/v2\/media\/30271"}],"wp:attachment":[{"href":"https:\/\/demoweb.info\/sexshop001\/wp-json\/wp\/v2\/media?parent=30270"}],"wp:term":[{"taxonomy":"product_cat","embeddable":true,"href":"https:\/\/demoweb.info\/sexshop001\/wp-json\/wp\/v2\/product_cat?post=30270"},{"taxonomy":"product_tag","embeddable":true,"href":"https:\/\/demoweb.info\/sexshop001\/wp-json\/wp\/v2\/product_tag?post=30270"}],"curies":[{"name":"wp","href":"https:\/\/api.w.org\/{rel}","templated":true}]}}