{"id":30259,"date":"2022-01-22T12:38:34","date_gmt":"2022-01-22T11:38:34","guid":{"rendered":"https:\/\/demoweb.info\/sexshop001\/producto\/clone-a-willy-clona-tu-pene-negro-con-vibrador\/"},"modified":"2022-01-22T12:38:41","modified_gmt":"2022-01-22T11:38:41","slug":"clone-a-willy-clona-tu-pene-negro-con-vibrador","status":"publish","type":"product","link":"https:\/\/demoweb.info\/sexshop001\/producto\/clone-a-willy-clona-tu-pene-negro-con-vibrador\/","title":{"rendered":"CLONE A WILLY CLONA TU PENE NEGRO CON VIBRADOR"},"content":{"rendered":"<p><strong>CLONE A WILLY KIT JET BLACK VIBRATING KIT<\/strong>. El kit para clonar tu pene negro contiene todo lo que necesitas para hacer una copia de silicona exacta de tu propio pene. No se trata del color de la piel, es un estado de la mente.<\/p>\n<p>Es r\u00e1pido, divertido y f\u00e1cil de usar, y te asombrar\u00e1 hasta qu\u00e9 punto llegan sus detalles.<\/p>\n<p>El consolador de goma no contiene l\u00e1tex y se puede utilizar con cualquier lubricante. Adem\u00e1s, viene con una unidad de vibraci\u00f3n que junto con tu nuevo consolador se convierten en un extraordinario vibrador r\u00e9plica exacta de tu pene. \u00bfNo es fant\u00e1stico?.<\/p>\n<p>Contiene instrucciones y forma de uso en espa\u00f1ol.<\/p>\n<p><strong>Sorprende a tu pareja con una erecci\u00f3n eterna.<\/strong><\/p>\n<p>100% Silicona.<\/p>\n<p>NO T\u00d3XICO<\/p>\n","protected":false},"excerpt":{"rendered":"<p>CLONE A WILLY KIT JET BLACK VIBRATING KIT. El kit para clonar tu pene negro contiene todo lo que necesitas<\/p>\n","protected":false},"featured_media":30260,"comment_status":"open","ping_status":"open","template":"","meta":[],"product_cat":[317],"product_tag":[676],"class_list":["post-30259","product","type-product","status-publish","has-post-thumbnail","hentry","product_cat-con-vibrador","product_tag-empire-labs"],"bundled_by":[],"bundle_stock_status":"instock","bundle_stock_quantity":1,"bundle_virtual":false,"bundle_layout":"","bundle_add_to_cart_form_location":"","bundle_editable_in_cart":false,"bundle_sold_individually_context":"","bundle_item_grouping":"","bundle_min_size":"","bundle_max_size":"","bundled_items":[],"yoast_head":"<!-- This site is optimized with the Yoast SEO plugin v20.6 - https:\/\/yoast.com\/wordpress\/plugins\/seo\/ -->\n<title>CLONE A WILLY CLONA TU PENE NEGRO CON VIBRADOR - Tienda Er\u00f3tica<\/title>\n<meta name=\"robots\" content=\"noindex, follow, max-snippet:-1, max-image-preview:large, max-video-preview:-1\" \/>\n<meta property=\"og:locale\" content=\"es_ES\" \/>\n<meta property=\"og:type\" content=\"article\" \/>\n<meta property=\"og:title\" content=\"CLONE A WILLY CLONA TU PENE NEGRO CON VIBRADOR - Tienda Er\u00f3tica\" \/>\n<meta property=\"og:description\" content=\"CLONE A WILLY KIT JET BLACK VIBRATING KIT. El kit para clonar tu pene negro contiene todo lo que necesitas\" \/>\n<meta property=\"og:url\" content=\"https:\/\/demoweb.info\/sexshop001\/producto\/clone-a-willy-clona-tu-pene-negro-con-vibrador\/\" \/>\n<meta property=\"og:site_name\" content=\"Tienda Er\u00f3tica\" \/>\n<meta property=\"article:modified_time\" content=\"2022-01-22T11:38:41+00:00\" \/>\n<meta property=\"og:image\" content=\"https:\/\/demoweb.info\/sexshop001\/wp-content\/uploads\/2022\/01\/CLONE-A-WILLY-CLONA-TU-PENE-NEGRO-CON-VIBRADOR.jpg\" \/>\n\t<meta property=\"og:image:width\" content=\"550\" \/>\n\t<meta property=\"og:image:height\" content=\"550\" \/>\n\t<meta property=\"og:image:type\" content=\"image\/jpeg\" \/>\n<meta name=\"twitter:card\" content=\"summary_large_image\" \/>\n<meta name=\"twitter:label1\" content=\"Tiempo de lectura\" \/>\n\t<meta name=\"twitter:data1\" content=\"1 minuto\" \/>\n<script type=\"application\/ld+json\" class=\"yoast-schema-graph\">{\"@context\":\"https:\/\/schema.org\",\"@graph\":[{\"@type\":\"WebPage\",\"@id\":\"https:\/\/demoweb.info\/sexshop001\/producto\/clone-a-willy-clona-tu-pene-negro-con-vibrador\/\",\"url\":\"https:\/\/demoweb.info\/sexshop001\/producto\/clone-a-willy-clona-tu-pene-negro-con-vibrador\/\",\"name\":\"CLONE A WILLY CLONA TU PENE NEGRO CON VIBRADOR - Tienda Er\u00f3tica\",\"isPartOf\":{\"@id\":\"https:\/\/demoweb.info\/sexshop001\/#website\"},\"datePublished\":\"2022-01-22T11:38:34+00:00\",\"dateModified\":\"2022-01-22T11:38:41+00:00\",\"breadcrumb\":{\"@id\":\"https:\/\/demoweb.info\/sexshop001\/producto\/clone-a-willy-clona-tu-pene-negro-con-vibrador\/#breadcrumb\"},\"inLanguage\":\"es\",\"potentialAction\":[{\"@type\":\"ReadAction\",\"target\":[\"https:\/\/demoweb.info\/sexshop001\/producto\/clone-a-willy-clona-tu-pene-negro-con-vibrador\/\"]}]},{\"@type\":\"BreadcrumbList\",\"@id\":\"https:\/\/demoweb.info\/sexshop001\/producto\/clone-a-willy-clona-tu-pene-negro-con-vibrador\/#breadcrumb\",\"itemListElement\":[{\"@type\":\"ListItem\",\"position\":1,\"name\":\"Portada\",\"item\":\"https:\/\/demoweb.info\/sexshop001\/\"},{\"@type\":\"ListItem\",\"position\":2,\"name\":\"Tienda\",\"item\":\"https:\/\/demoweb.info\/sexshop001\/tienda\/\"},{\"@type\":\"ListItem\",\"position\":3,\"name\":\"CLONE A WILLY CLONA TU PENE NEGRO CON VIBRADOR\"}]},{\"@type\":\"WebSite\",\"@id\":\"https:\/\/demoweb.info\/sexshop001\/#website\",\"url\":\"https:\/\/demoweb.info\/sexshop001\/\",\"name\":\"Tienda Er\u00f3tica\",\"description\":\"DEMOWEB SL\",\"potentialAction\":[{\"@type\":\"SearchAction\",\"target\":{\"@type\":\"EntryPoint\",\"urlTemplate\":\"https:\/\/demoweb.info\/sexshop001\/?s={search_term_string}\"},\"query-input\":\"required name=search_term_string\"}],\"inLanguage\":\"es\"}]}<\/script>\n<!-- \/ Yoast SEO plugin. -->","yoast_head_json":{"title":"CLONE A WILLY CLONA TU PENE NEGRO CON VIBRADOR - Tienda Er\u00f3tica","robots":{"index":"noindex","follow":"follow","max-snippet":"max-snippet:-1","max-image-preview":"max-image-preview:large","max-video-preview":"max-video-preview:-1"},"og_locale":"es_ES","og_type":"article","og_title":"CLONE A WILLY CLONA TU PENE NEGRO CON VIBRADOR - Tienda Er\u00f3tica","og_description":"CLONE A WILLY KIT JET BLACK VIBRATING KIT. El kit para clonar tu pene negro contiene todo lo que necesitas","og_url":"https:\/\/demoweb.info\/sexshop001\/producto\/clone-a-willy-clona-tu-pene-negro-con-vibrador\/","og_site_name":"Tienda Er\u00f3tica","article_modified_time":"2022-01-22T11:38:41+00:00","og_image":[{"width":550,"height":550,"url":"https:\/\/demoweb.info\/sexshop001\/wp-content\/uploads\/2022\/01\/CLONE-A-WILLY-CLONA-TU-PENE-NEGRO-CON-VIBRADOR.jpg","type":"image\/jpeg"}],"twitter_card":"summary_large_image","twitter_misc":{"Tiempo de lectura":"1 minuto"},"schema":{"@context":"https:\/\/schema.org","@graph":[{"@type":"WebPage","@id":"https:\/\/demoweb.info\/sexshop001\/producto\/clone-a-willy-clona-tu-pene-negro-con-vibrador\/","url":"https:\/\/demoweb.info\/sexshop001\/producto\/clone-a-willy-clona-tu-pene-negro-con-vibrador\/","name":"CLONE A WILLY CLONA TU PENE NEGRO CON VIBRADOR - Tienda Er\u00f3tica","isPartOf":{"@id":"https:\/\/demoweb.info\/sexshop001\/#website"},"datePublished":"2022-01-22T11:38:34+00:00","dateModified":"2022-01-22T11:38:41+00:00","breadcrumb":{"@id":"https:\/\/demoweb.info\/sexshop001\/producto\/clone-a-willy-clona-tu-pene-negro-con-vibrador\/#breadcrumb"},"inLanguage":"es","potentialAction":[{"@type":"ReadAction","target":["https:\/\/demoweb.info\/sexshop001\/producto\/clone-a-willy-clona-tu-pene-negro-con-vibrador\/"]}]},{"@type":"BreadcrumbList","@id":"https:\/\/demoweb.info\/sexshop001\/producto\/clone-a-willy-clona-tu-pene-negro-con-vibrador\/#breadcrumb","itemListElement":[{"@type":"ListItem","position":1,"name":"Portada","item":"https:\/\/demoweb.info\/sexshop001\/"},{"@type":"ListItem","position":2,"name":"Tienda","item":"https:\/\/demoweb.info\/sexshop001\/tienda\/"},{"@type":"ListItem","position":3,"name":"CLONE A WILLY CLONA TU PENE NEGRO CON VIBRADOR"}]},{"@type":"WebSite","@id":"https:\/\/demoweb.info\/sexshop001\/#website","url":"https:\/\/demoweb.info\/sexshop001\/","name":"Tienda Er\u00f3tica","description":"DEMOWEB SL","potentialAction":[{"@type":"SearchAction","target":{"@type":"EntryPoint","urlTemplate":"https:\/\/demoweb.info\/sexshop001\/?s={search_term_string}"},"query-input":"required name=search_term_string"}],"inLanguage":"es"}]}},"_links":{"self":[{"href":"https:\/\/demoweb.info\/sexshop001\/wp-json\/wp\/v3\/product\/30259","targetHints":{"allow":["GET"]}}],"collection":[{"href":"https:\/\/demoweb.info\/sexshop001\/wp-json\/wp\/v3\/product"}],"about":[{"href":"https:\/\/demoweb.info\/sexshop001\/wp-json\/wp\/v2\/types\/product"}],"replies":[{"embeddable":true,"href":"https:\/\/demoweb.info\/sexshop001\/wp-json\/wp\/v2\/comments?post=30259"}],"wp:featuredmedia":[{"embeddable":true,"href":"https:\/\/demoweb.info\/sexshop001\/wp-json\/wp\/v2\/media\/30260"}],"wp:attachment":[{"href":"https:\/\/demoweb.info\/sexshop001\/wp-json\/wp\/v2\/media?parent=30259"}],"wp:term":[{"taxonomy":"product_cat","embeddable":true,"href":"https:\/\/demoweb.info\/sexshop001\/wp-json\/wp\/v2\/product_cat?post=30259"},{"taxonomy":"product_tag","embeddable":true,"href":"https:\/\/demoweb.info\/sexshop001\/wp-json\/wp\/v2\/product_tag?post=30259"}],"curies":[{"name":"wp","href":"https:\/\/api.w.org\/{rel}","templated":true}]}}