{"id":30132,"date":"2022-01-22T12:37:26","date_gmt":"2022-01-22T11:37:26","guid":{"rendered":"https:\/\/demoweb.info\/sexshop001\/producto\/pump-worx-bomba-de-succion-rock-hard\/"},"modified":"2022-01-22T12:37:28","modified_gmt":"2022-01-22T11:37:28","slug":"pump-worx-bomba-de-succion-rock-hard","status":"publish","type":"product","link":"https:\/\/demoweb.info\/sexshop001\/producto\/pump-worx-bomba-de-succion-rock-hard\/","title":{"rendered":"PUMP WORX BOMBA DE SUCCION ROCK HARD"},"content":{"rendered":"<p><strong>PUMP WORX ROCK HARD POWER PUMP<\/strong>.<\/p>\n<p>Cuando necesitas alcanzar el tama\u00f1o y la confianza que siempre has so\u00f1ado, s\u00f3lo la bomba de erecci\u00f3n Rock Hard puede ayudarte! Con cada apret\u00f3n de la manilla de la bomba, tu pene se har\u00e1 m\u00e1s grande, m\u00e1s grueso, y se hinchar\u00e1 de poder. Una vez que introduces el pene en la suave y flexible abertura de PVC, descubrir\u00e1s r\u00e1pidamente tus erecciones duras como una roca y que duran y duran sin descensos en el rendimiento! El tubo de vac\u00edo transparente te permite ver tu miembro crecer, y la v\u00e1lvula de liberaci\u00f3n r\u00e1pida te quita de encima la presi\u00f3n con la pulsaci\u00f3n de un bot\u00f3n. La manilla de la bomba es ergon\u00f3mica, se adapta c\u00f3modamente a tu mano y te permite utilizarla con una sola mano, dejando la otra mano libre para una mayor estimulaci\u00f3n.<\/p>\n<p>Para prolongar la eyaculaci\u00f3n, deslice el suave anillo sobre la base de tu pene. Esa sensaci\u00f3n te ayudar\u00e1 a mantener la erecci\u00f3n y prolongar la diversi\u00f3n.<\/p>\n<p>Cuando hayas terminado, s\u00f3lo tienes que separar el cilindro de la manguera y limpiarlo con el gel limpiador de juguetes de <strong>Pipedream<\/strong> y agua tibia.<\/p>\n","protected":false},"excerpt":{"rendered":"<p>PUMP WORX ROCK HARD POWER PUMP. Cuando necesitas alcanzar el tama\u00f1o y la confianza que siempre has so\u00f1ado, s\u00f3lo la<\/p>\n","protected":false},"featured_media":30133,"comment_status":"open","ping_status":"open","template":"","meta":[],"product_cat":[495],"product_tag":[259,865],"class_list":["post-30132","product","type-product","status-publish","has-post-thumbnail","hentry","product_cat-basicos","product_tag-pipedream","product_tag-pump-worx"],"bundled_by":[],"bundle_stock_status":"instock","bundle_stock_quantity":2,"bundle_virtual":false,"bundle_layout":"","bundle_add_to_cart_form_location":"","bundle_editable_in_cart":false,"bundle_sold_individually_context":"","bundle_item_grouping":"","bundle_min_size":"","bundle_max_size":"","bundled_items":[],"yoast_head":"<!-- This site is optimized with the Yoast SEO plugin v20.6 - https:\/\/yoast.com\/wordpress\/plugins\/seo\/ -->\n<title>PUMP WORX BOMBA DE SUCCION ROCK HARD - Tienda Er\u00f3tica<\/title>\n<meta name=\"robots\" content=\"noindex, follow, max-snippet:-1, max-image-preview:large, max-video-preview:-1\" \/>\n<meta property=\"og:locale\" content=\"es_ES\" \/>\n<meta property=\"og:type\" content=\"article\" \/>\n<meta property=\"og:title\" content=\"PUMP WORX BOMBA DE SUCCION ROCK HARD - Tienda Er\u00f3tica\" \/>\n<meta property=\"og:description\" content=\"PUMP WORX ROCK HARD POWER PUMP. Cuando necesitas alcanzar el tama\u00f1o y la confianza que siempre has so\u00f1ado, s\u00f3lo la\" \/>\n<meta property=\"og:url\" content=\"https:\/\/demoweb.info\/sexshop001\/producto\/pump-worx-bomba-de-succion-rock-hard\/\" \/>\n<meta property=\"og:site_name\" content=\"Tienda Er\u00f3tica\" \/>\n<meta property=\"article:modified_time\" content=\"2022-01-22T11:37:28+00:00\" \/>\n<meta property=\"og:image\" content=\"https:\/\/demoweb.info\/sexshop001\/wp-content\/uploads\/2022\/01\/PUMP-WORX-BOMBA-DE-SUCCION-ROCK-HARD.jpg\" \/>\n\t<meta property=\"og:image:width\" content=\"550\" \/>\n\t<meta property=\"og:image:height\" content=\"550\" \/>\n\t<meta property=\"og:image:type\" content=\"image\/jpeg\" \/>\n<meta name=\"twitter:card\" content=\"summary_large_image\" \/>\n<meta name=\"twitter:label1\" content=\"Tiempo de lectura\" \/>\n\t<meta name=\"twitter:data1\" content=\"1 minuto\" \/>\n<script type=\"application\/ld+json\" class=\"yoast-schema-graph\">{\"@context\":\"https:\/\/schema.org\",\"@graph\":[{\"@type\":\"WebPage\",\"@id\":\"https:\/\/demoweb.info\/sexshop001\/producto\/pump-worx-bomba-de-succion-rock-hard\/\",\"url\":\"https:\/\/demoweb.info\/sexshop001\/producto\/pump-worx-bomba-de-succion-rock-hard\/\",\"name\":\"PUMP WORX BOMBA DE SUCCION ROCK HARD - Tienda Er\u00f3tica\",\"isPartOf\":{\"@id\":\"https:\/\/demoweb.info\/sexshop001\/#website\"},\"datePublished\":\"2022-01-22T11:37:26+00:00\",\"dateModified\":\"2022-01-22T11:37:28+00:00\",\"breadcrumb\":{\"@id\":\"https:\/\/demoweb.info\/sexshop001\/producto\/pump-worx-bomba-de-succion-rock-hard\/#breadcrumb\"},\"inLanguage\":\"es\",\"potentialAction\":[{\"@type\":\"ReadAction\",\"target\":[\"https:\/\/demoweb.info\/sexshop001\/producto\/pump-worx-bomba-de-succion-rock-hard\/\"]}]},{\"@type\":\"BreadcrumbList\",\"@id\":\"https:\/\/demoweb.info\/sexshop001\/producto\/pump-worx-bomba-de-succion-rock-hard\/#breadcrumb\",\"itemListElement\":[{\"@type\":\"ListItem\",\"position\":1,\"name\":\"Portada\",\"item\":\"https:\/\/demoweb.info\/sexshop001\/\"},{\"@type\":\"ListItem\",\"position\":2,\"name\":\"Tienda\",\"item\":\"https:\/\/demoweb.info\/sexshop001\/tienda\/\"},{\"@type\":\"ListItem\",\"position\":3,\"name\":\"PUMP WORX BOMBA DE SUCCION ROCK HARD\"}]},{\"@type\":\"WebSite\",\"@id\":\"https:\/\/demoweb.info\/sexshop001\/#website\",\"url\":\"https:\/\/demoweb.info\/sexshop001\/\",\"name\":\"Tienda Er\u00f3tica\",\"description\":\"DEMOWEB SL\",\"potentialAction\":[{\"@type\":\"SearchAction\",\"target\":{\"@type\":\"EntryPoint\",\"urlTemplate\":\"https:\/\/demoweb.info\/sexshop001\/?s={search_term_string}\"},\"query-input\":\"required name=search_term_string\"}],\"inLanguage\":\"es\"}]}<\/script>\n<!-- \/ Yoast SEO plugin. -->","yoast_head_json":{"title":"PUMP WORX BOMBA DE SUCCION ROCK HARD - Tienda Er\u00f3tica","robots":{"index":"noindex","follow":"follow","max-snippet":"max-snippet:-1","max-image-preview":"max-image-preview:large","max-video-preview":"max-video-preview:-1"},"og_locale":"es_ES","og_type":"article","og_title":"PUMP WORX BOMBA DE SUCCION ROCK HARD - Tienda Er\u00f3tica","og_description":"PUMP WORX ROCK HARD POWER PUMP. Cuando necesitas alcanzar el tama\u00f1o y la confianza que siempre has so\u00f1ado, s\u00f3lo la","og_url":"https:\/\/demoweb.info\/sexshop001\/producto\/pump-worx-bomba-de-succion-rock-hard\/","og_site_name":"Tienda Er\u00f3tica","article_modified_time":"2022-01-22T11:37:28+00:00","og_image":[{"width":550,"height":550,"url":"https:\/\/demoweb.info\/sexshop001\/wp-content\/uploads\/2022\/01\/PUMP-WORX-BOMBA-DE-SUCCION-ROCK-HARD.jpg","type":"image\/jpeg"}],"twitter_card":"summary_large_image","twitter_misc":{"Tiempo de lectura":"1 minuto"},"schema":{"@context":"https:\/\/schema.org","@graph":[{"@type":"WebPage","@id":"https:\/\/demoweb.info\/sexshop001\/producto\/pump-worx-bomba-de-succion-rock-hard\/","url":"https:\/\/demoweb.info\/sexshop001\/producto\/pump-worx-bomba-de-succion-rock-hard\/","name":"PUMP WORX BOMBA DE SUCCION ROCK HARD - Tienda Er\u00f3tica","isPartOf":{"@id":"https:\/\/demoweb.info\/sexshop001\/#website"},"datePublished":"2022-01-22T11:37:26+00:00","dateModified":"2022-01-22T11:37:28+00:00","breadcrumb":{"@id":"https:\/\/demoweb.info\/sexshop001\/producto\/pump-worx-bomba-de-succion-rock-hard\/#breadcrumb"},"inLanguage":"es","potentialAction":[{"@type":"ReadAction","target":["https:\/\/demoweb.info\/sexshop001\/producto\/pump-worx-bomba-de-succion-rock-hard\/"]}]},{"@type":"BreadcrumbList","@id":"https:\/\/demoweb.info\/sexshop001\/producto\/pump-worx-bomba-de-succion-rock-hard\/#breadcrumb","itemListElement":[{"@type":"ListItem","position":1,"name":"Portada","item":"https:\/\/demoweb.info\/sexshop001\/"},{"@type":"ListItem","position":2,"name":"Tienda","item":"https:\/\/demoweb.info\/sexshop001\/tienda\/"},{"@type":"ListItem","position":3,"name":"PUMP WORX BOMBA DE SUCCION ROCK HARD"}]},{"@type":"WebSite","@id":"https:\/\/demoweb.info\/sexshop001\/#website","url":"https:\/\/demoweb.info\/sexshop001\/","name":"Tienda Er\u00f3tica","description":"DEMOWEB SL","potentialAction":[{"@type":"SearchAction","target":{"@type":"EntryPoint","urlTemplate":"https:\/\/demoweb.info\/sexshop001\/?s={search_term_string}"},"query-input":"required name=search_term_string"}],"inLanguage":"es"}]}},"_links":{"self":[{"href":"https:\/\/demoweb.info\/sexshop001\/wp-json\/wp\/v3\/product\/30132","targetHints":{"allow":["GET"]}}],"collection":[{"href":"https:\/\/demoweb.info\/sexshop001\/wp-json\/wp\/v3\/product"}],"about":[{"href":"https:\/\/demoweb.info\/sexshop001\/wp-json\/wp\/v2\/types\/product"}],"replies":[{"embeddable":true,"href":"https:\/\/demoweb.info\/sexshop001\/wp-json\/wp\/v2\/comments?post=30132"}],"wp:featuredmedia":[{"embeddable":true,"href":"https:\/\/demoweb.info\/sexshop001\/wp-json\/wp\/v2\/media\/30133"}],"wp:attachment":[{"href":"https:\/\/demoweb.info\/sexshop001\/wp-json\/wp\/v2\/media?parent=30132"}],"wp:term":[{"taxonomy":"product_cat","embeddable":true,"href":"https:\/\/demoweb.info\/sexshop001\/wp-json\/wp\/v2\/product_cat?post=30132"},{"taxonomy":"product_tag","embeddable":true,"href":"https:\/\/demoweb.info\/sexshop001\/wp-json\/wp\/v2\/product_tag?post=30132"}],"curies":[{"name":"wp","href":"https:\/\/api.w.org\/{rel}","templated":true}]}}