{"id":29375,"date":"2022-01-22T12:30:41","date_gmt":"2022-01-22T11:30:41","guid":{"rendered":"https:\/\/demoweb.info\/sexshop001\/producto\/amoreane-vibrador-liquido-10ml-bayas\/"},"modified":"2022-01-22T12:30:44","modified_gmt":"2022-01-22T11:30:44","slug":"amoreane-vibrador-liquido-10ml-bayas","status":"publish","type":"product","link":"https:\/\/demoweb.info\/sexshop001\/producto\/amoreane-vibrador-liquido-10ml-bayas\/","title":{"rendered":"AMOREANE VIBRADOR L\u00cdQUIDO 10ML &#8211; BAYAS"},"content":{"rendered":"<p><strong>AMOREANE LIQUID VIBRATOR<\/strong><\/p>\n<p>Descubre la magia de nuestro lubricante vibrador Amor\u00e9ane Med y sus emocionantes propiedades que pueden hacerte vibrar en tus momentos m\u00e1s \u00edntimos gracias a su f\u00f3rmula natural que utiliza extractos activos de plantas en la selva amaz\u00f3nica.<\/p>\n<p><strong>Caracteristicas:<\/strong><\/p>\n<ul>\n<li>Sin aceite, no deja residuos y es f\u00e1cil de limpiar.<\/li>\n<li>Lubricante a base de agua<\/li>\n<li>Libre de parabeno<\/li>\n<li>Libre de petr\u00f3leo<\/li>\n<li>No probado en animales<\/li>\n<li>Compatible con todos tus juguetes sexuales y condones<\/li>\n<li>Botella f\u00e1cil de usar y bien dise\u00f1ada con dispensador pr\u00e1ctico<\/li>\n<li>Embalaje reciclable<\/li>\n<\/ul>\n<p><strong>Ingredientes principales:<\/strong><\/p>\n<ul>\n<li>Jambu flor \/ hoja \/ extracto de tallo<\/li>\n<li>Jugo de aloe vera<\/li>\n<\/ul>\n<p><strong>Peso \/ Medidas:<\/strong><\/p>\n<ul>\n<li>Contenido: 10 ml<\/li>\n<\/ul>\n","protected":false},"excerpt":{"rendered":"<p>AMOREANE LIQUID VIBRATOR Descubre la magia de nuestro lubricante vibrador Amor\u00e9ane Med y sus emocionantes propiedades que pueden hacerte vibrar<\/p>\n","protected":false},"featured_media":29376,"comment_status":"open","ping_status":"open","template":"","meta":[],"product_cat":[374],"product_tag":[430],"class_list":["post-29375","product","type-product","status-publish","has-post-thumbnail","hentry","product_cat-para-parejas","product_tag-amoreane"],"bundled_by":[],"bundle_stock_status":"instock","bundle_stock_quantity":19,"bundle_virtual":false,"bundle_layout":"","bundle_add_to_cart_form_location":"","bundle_editable_in_cart":false,"bundle_sold_individually_context":"","bundle_item_grouping":"","bundle_min_size":"","bundle_max_size":"","bundled_items":[],"yoast_head":"<!-- This site is optimized with the Yoast SEO plugin v20.6 - https:\/\/yoast.com\/wordpress\/plugins\/seo\/ -->\n<title>AMOREANE VIBRADOR L\u00cdQUIDO 10ML - BAYAS - Tienda Er\u00f3tica<\/title>\n<meta name=\"robots\" content=\"noindex, follow, max-snippet:-1, max-image-preview:large, max-video-preview:-1\" \/>\n<meta property=\"og:locale\" content=\"es_ES\" \/>\n<meta property=\"og:type\" content=\"article\" \/>\n<meta property=\"og:title\" content=\"AMOREANE VIBRADOR L\u00cdQUIDO 10ML - BAYAS - Tienda Er\u00f3tica\" \/>\n<meta property=\"og:description\" content=\"AMOREANE LIQUID VIBRATOR Descubre la magia de nuestro lubricante vibrador Amor\u00e9ane Med y sus emocionantes propiedades que pueden hacerte vibrar\" \/>\n<meta property=\"og:url\" content=\"https:\/\/demoweb.info\/sexshop001\/producto\/amoreane-vibrador-liquido-10ml-bayas\/\" \/>\n<meta property=\"og:site_name\" content=\"Tienda Er\u00f3tica\" \/>\n<meta property=\"article:modified_time\" content=\"2022-01-22T11:30:44+00:00\" \/>\n<meta property=\"og:image\" content=\"https:\/\/demoweb.info\/sexshop001\/wp-content\/uploads\/2022\/01\/AMOREANE-VIBRADOR-LIQUIDO-10ML-BAYAS.jpg\" \/>\n\t<meta property=\"og:image:width\" content=\"550\" \/>\n\t<meta property=\"og:image:height\" content=\"550\" \/>\n\t<meta property=\"og:image:type\" content=\"image\/jpeg\" \/>\n<meta name=\"twitter:card\" content=\"summary_large_image\" \/>\n<meta name=\"twitter:label1\" content=\"Tiempo de lectura\" \/>\n\t<meta name=\"twitter:data1\" content=\"1 minuto\" \/>\n<script type=\"application\/ld+json\" class=\"yoast-schema-graph\">{\"@context\":\"https:\/\/schema.org\",\"@graph\":[{\"@type\":\"WebPage\",\"@id\":\"https:\/\/demoweb.info\/sexshop001\/producto\/amoreane-vibrador-liquido-10ml-bayas\/\",\"url\":\"https:\/\/demoweb.info\/sexshop001\/producto\/amoreane-vibrador-liquido-10ml-bayas\/\",\"name\":\"AMOREANE VIBRADOR L\u00cdQUIDO 10ML - BAYAS - Tienda Er\u00f3tica\",\"isPartOf\":{\"@id\":\"https:\/\/demoweb.info\/sexshop001\/#website\"},\"datePublished\":\"2022-01-22T11:30:41+00:00\",\"dateModified\":\"2022-01-22T11:30:44+00:00\",\"breadcrumb\":{\"@id\":\"https:\/\/demoweb.info\/sexshop001\/producto\/amoreane-vibrador-liquido-10ml-bayas\/#breadcrumb\"},\"inLanguage\":\"es\",\"potentialAction\":[{\"@type\":\"ReadAction\",\"target\":[\"https:\/\/demoweb.info\/sexshop001\/producto\/amoreane-vibrador-liquido-10ml-bayas\/\"]}]},{\"@type\":\"BreadcrumbList\",\"@id\":\"https:\/\/demoweb.info\/sexshop001\/producto\/amoreane-vibrador-liquido-10ml-bayas\/#breadcrumb\",\"itemListElement\":[{\"@type\":\"ListItem\",\"position\":1,\"name\":\"Portada\",\"item\":\"https:\/\/demoweb.info\/sexshop001\/\"},{\"@type\":\"ListItem\",\"position\":2,\"name\":\"Tienda\",\"item\":\"https:\/\/demoweb.info\/sexshop001\/tienda\/\"},{\"@type\":\"ListItem\",\"position\":3,\"name\":\"AMOREANE VIBRADOR L\u00cdQUIDO 10ML &#8211; BAYAS\"}]},{\"@type\":\"WebSite\",\"@id\":\"https:\/\/demoweb.info\/sexshop001\/#website\",\"url\":\"https:\/\/demoweb.info\/sexshop001\/\",\"name\":\"Tienda Er\u00f3tica\",\"description\":\"DEMOWEB SL\",\"potentialAction\":[{\"@type\":\"SearchAction\",\"target\":{\"@type\":\"EntryPoint\",\"urlTemplate\":\"https:\/\/demoweb.info\/sexshop001\/?s={search_term_string}\"},\"query-input\":\"required name=search_term_string\"}],\"inLanguage\":\"es\"}]}<\/script>\n<!-- \/ Yoast SEO plugin. -->","yoast_head_json":{"title":"AMOREANE VIBRADOR L\u00cdQUIDO 10ML - BAYAS - Tienda Er\u00f3tica","robots":{"index":"noindex","follow":"follow","max-snippet":"max-snippet:-1","max-image-preview":"max-image-preview:large","max-video-preview":"max-video-preview:-1"},"og_locale":"es_ES","og_type":"article","og_title":"AMOREANE VIBRADOR L\u00cdQUIDO 10ML - BAYAS - Tienda Er\u00f3tica","og_description":"AMOREANE LIQUID VIBRATOR Descubre la magia de nuestro lubricante vibrador Amor\u00e9ane Med y sus emocionantes propiedades que pueden hacerte vibrar","og_url":"https:\/\/demoweb.info\/sexshop001\/producto\/amoreane-vibrador-liquido-10ml-bayas\/","og_site_name":"Tienda Er\u00f3tica","article_modified_time":"2022-01-22T11:30:44+00:00","og_image":[{"width":550,"height":550,"url":"https:\/\/demoweb.info\/sexshop001\/wp-content\/uploads\/2022\/01\/AMOREANE-VIBRADOR-LIQUIDO-10ML-BAYAS.jpg","type":"image\/jpeg"}],"twitter_card":"summary_large_image","twitter_misc":{"Tiempo de lectura":"1 minuto"},"schema":{"@context":"https:\/\/schema.org","@graph":[{"@type":"WebPage","@id":"https:\/\/demoweb.info\/sexshop001\/producto\/amoreane-vibrador-liquido-10ml-bayas\/","url":"https:\/\/demoweb.info\/sexshop001\/producto\/amoreane-vibrador-liquido-10ml-bayas\/","name":"AMOREANE VIBRADOR L\u00cdQUIDO 10ML - BAYAS - Tienda Er\u00f3tica","isPartOf":{"@id":"https:\/\/demoweb.info\/sexshop001\/#website"},"datePublished":"2022-01-22T11:30:41+00:00","dateModified":"2022-01-22T11:30:44+00:00","breadcrumb":{"@id":"https:\/\/demoweb.info\/sexshop001\/producto\/amoreane-vibrador-liquido-10ml-bayas\/#breadcrumb"},"inLanguage":"es","potentialAction":[{"@type":"ReadAction","target":["https:\/\/demoweb.info\/sexshop001\/producto\/amoreane-vibrador-liquido-10ml-bayas\/"]}]},{"@type":"BreadcrumbList","@id":"https:\/\/demoweb.info\/sexshop001\/producto\/amoreane-vibrador-liquido-10ml-bayas\/#breadcrumb","itemListElement":[{"@type":"ListItem","position":1,"name":"Portada","item":"https:\/\/demoweb.info\/sexshop001\/"},{"@type":"ListItem","position":2,"name":"Tienda","item":"https:\/\/demoweb.info\/sexshop001\/tienda\/"},{"@type":"ListItem","position":3,"name":"AMOREANE VIBRADOR L\u00cdQUIDO 10ML &#8211; BAYAS"}]},{"@type":"WebSite","@id":"https:\/\/demoweb.info\/sexshop001\/#website","url":"https:\/\/demoweb.info\/sexshop001\/","name":"Tienda Er\u00f3tica","description":"DEMOWEB SL","potentialAction":[{"@type":"SearchAction","target":{"@type":"EntryPoint","urlTemplate":"https:\/\/demoweb.info\/sexshop001\/?s={search_term_string}"},"query-input":"required name=search_term_string"}],"inLanguage":"es"}]}},"_links":{"self":[{"href":"https:\/\/demoweb.info\/sexshop001\/wp-json\/wp\/v3\/product\/29375","targetHints":{"allow":["GET"]}}],"collection":[{"href":"https:\/\/demoweb.info\/sexshop001\/wp-json\/wp\/v3\/product"}],"about":[{"href":"https:\/\/demoweb.info\/sexshop001\/wp-json\/wp\/v2\/types\/product"}],"replies":[{"embeddable":true,"href":"https:\/\/demoweb.info\/sexshop001\/wp-json\/wp\/v2\/comments?post=29375"}],"wp:featuredmedia":[{"embeddable":true,"href":"https:\/\/demoweb.info\/sexshop001\/wp-json\/wp\/v2\/media\/29376"}],"wp:attachment":[{"href":"https:\/\/demoweb.info\/sexshop001\/wp-json\/wp\/v2\/media?parent=29375"}],"wp:term":[{"taxonomy":"product_cat","embeddable":true,"href":"https:\/\/demoweb.info\/sexshop001\/wp-json\/wp\/v2\/product_cat?post=29375"},{"taxonomy":"product_tag","embeddable":true,"href":"https:\/\/demoweb.info\/sexshop001\/wp-json\/wp\/v2\/product_tag?post=29375"}],"curies":[{"name":"wp","href":"https:\/\/api.w.org\/{rel}","templated":true}]}}