{"id":28395,"date":"2022-01-22T12:21:33","date_gmt":"2022-01-22T11:21:33","guid":{"rendered":"https:\/\/demoweb.info\/sexshop001\/producto\/fetish-fantasy-elite-double-delight-arnes-vibrador-lila\/"},"modified":"2022-01-22T12:21:34","modified_gmt":"2022-01-22T11:21:34","slug":"fetish-fantasy-elite-double-delight-arnes-vibrador-lila","status":"publish","type":"product","link":"https:\/\/demoweb.info\/sexshop001\/producto\/fetish-fantasy-elite-double-delight-arnes-vibrador-lila\/","title":{"rendered":"FETISH FANTASY ELITE DOUBLE DELIGHT ARNES VIBRADOR LILA"},"content":{"rendered":"<p><strong>FETISH FANTASY ELITE VIBRATING DOUBLE DELIGHT STRAP-ON PURPLE<\/strong>.<\/p>\n<p>Duplica tu placer y la diversi\u00f3n con este incre\u00edble dildo doble! Un pene estimula a la que lleva puesto el arn\u00e9s y el otro satisface a tu pareja. Ambos penes estan curvados con una forma inteligente que alcanza todos los puntos er\u00f3genos, provoc\u00e1ndote orgasmos muy intensos, mientras que \u00e9ste permanece en su lugar cuando el ambiente se calienta. Escoge la velocidad que es adecuada para ti y deja que las poderosas vibraciones te hagan tocar el cielo. El ultra silencioso motor, te proveer\u00e1 una estimulaci\u00f3n incre\u00edble, dentro o fuera del agua. Pru\u00e9balo en la ducha o en el spa y convierte la hora del ba\u00f1o en tu hora del placer! El vibrador funciona con 2 pilas <strong>AAA<\/strong> que no van incluidas.<\/p>\n<p>Las cintas de silicona se adaptan a casi todas las tallas. Para ajustarlo solamente desliza las cintas hasta que el cintur\u00f3n quede bien ajustado y las correas de los muslos se sientan apretadas, a continuaci\u00f3n, conecte los clips de pl\u00e1stico en la parte trasera. Las correas no se mover\u00e1n y no se soltar\u00e1n durante el calor del momento. La limpieza es una obligaci\u00f3n despu\u00e9s de la diversi\u00f3n, puedes utilizar el jab\u00f3n limpiador antibacteriano de <strong>Pipedream<\/strong> y agua tibia.<\/p>\n<p>Medidas: 11,5 x 3,8 cm. y 11 x 3,6 cm.<\/p>\n<p>Incluye m\u00e1scara y muestras de lubricante y gel limpiador de juguetes.<\/p>\n","protected":false},"excerpt":{"rendered":"<p>FETISH FANTASY ELITE VIBRATING DOUBLE DELIGHT STRAP-ON PURPLE. Duplica tu placer y la diversi\u00f3n con este incre\u00edble dildo doble! Un<\/p>\n","protected":false},"featured_media":28396,"comment_status":"open","ping_status":"open","template":"","meta":[],"product_cat":[483],"product_tag":[482,259],"class_list":["post-28395","product","type-product","status-publish","has-post-thumbnail","hentry","product_cat-vibradores-con-pene","product_tag-fetish-fantasy-elite","product_tag-pipedream"],"bundled_by":[],"bundle_stock_status":"instock","bundle_stock_quantity":4,"bundle_virtual":false,"bundle_layout":"","bundle_add_to_cart_form_location":"","bundle_editable_in_cart":false,"bundle_sold_individually_context":"","bundle_item_grouping":"","bundle_min_size":"","bundle_max_size":"","bundled_items":[],"yoast_head":"<!-- This site is optimized with the Yoast SEO plugin v20.6 - https:\/\/yoast.com\/wordpress\/plugins\/seo\/ -->\n<title>FETISH FANTASY ELITE DOUBLE DELIGHT ARNES VIBRADOR LILA - Tienda Er\u00f3tica<\/title>\n<meta name=\"robots\" content=\"noindex, follow, max-snippet:-1, max-image-preview:large, max-video-preview:-1\" \/>\n<meta property=\"og:locale\" content=\"es_ES\" \/>\n<meta property=\"og:type\" content=\"article\" \/>\n<meta property=\"og:title\" content=\"FETISH FANTASY ELITE DOUBLE DELIGHT ARNES VIBRADOR LILA - Tienda Er\u00f3tica\" \/>\n<meta property=\"og:description\" content=\"FETISH FANTASY ELITE VIBRATING DOUBLE DELIGHT STRAP-ON PURPLE. Duplica tu placer y la diversi\u00f3n con este incre\u00edble dildo doble! Un\" \/>\n<meta property=\"og:url\" content=\"https:\/\/demoweb.info\/sexshop001\/producto\/fetish-fantasy-elite-double-delight-arnes-vibrador-lila\/\" \/>\n<meta property=\"og:site_name\" content=\"Tienda Er\u00f3tica\" \/>\n<meta property=\"article:modified_time\" content=\"2022-01-22T11:21:34+00:00\" \/>\n<meta property=\"og:image\" content=\"https:\/\/demoweb.info\/sexshop001\/wp-content\/uploads\/2022\/01\/FETISH-FANTASY-ELITE-DOUBLE-DELIGHT-ARNES-VIBRADOR-LILA.jpg\" \/>\n\t<meta property=\"og:image:width\" content=\"550\" \/>\n\t<meta property=\"og:image:height\" content=\"550\" \/>\n\t<meta property=\"og:image:type\" content=\"image\/jpeg\" \/>\n<meta name=\"twitter:card\" content=\"summary_large_image\" \/>\n<meta name=\"twitter:label1\" content=\"Tiempo de lectura\" \/>\n\t<meta name=\"twitter:data1\" content=\"1 minuto\" \/>\n<script type=\"application\/ld+json\" class=\"yoast-schema-graph\">{\"@context\":\"https:\/\/schema.org\",\"@graph\":[{\"@type\":\"WebPage\",\"@id\":\"https:\/\/demoweb.info\/sexshop001\/producto\/fetish-fantasy-elite-double-delight-arnes-vibrador-lila\/\",\"url\":\"https:\/\/demoweb.info\/sexshop001\/producto\/fetish-fantasy-elite-double-delight-arnes-vibrador-lila\/\",\"name\":\"FETISH FANTASY ELITE DOUBLE DELIGHT ARNES VIBRADOR LILA - Tienda Er\u00f3tica\",\"isPartOf\":{\"@id\":\"https:\/\/demoweb.info\/sexshop001\/#website\"},\"datePublished\":\"2022-01-22T11:21:33+00:00\",\"dateModified\":\"2022-01-22T11:21:34+00:00\",\"breadcrumb\":{\"@id\":\"https:\/\/demoweb.info\/sexshop001\/producto\/fetish-fantasy-elite-double-delight-arnes-vibrador-lila\/#breadcrumb\"},\"inLanguage\":\"es\",\"potentialAction\":[{\"@type\":\"ReadAction\",\"target\":[\"https:\/\/demoweb.info\/sexshop001\/producto\/fetish-fantasy-elite-double-delight-arnes-vibrador-lila\/\"]}]},{\"@type\":\"BreadcrumbList\",\"@id\":\"https:\/\/demoweb.info\/sexshop001\/producto\/fetish-fantasy-elite-double-delight-arnes-vibrador-lila\/#breadcrumb\",\"itemListElement\":[{\"@type\":\"ListItem\",\"position\":1,\"name\":\"Portada\",\"item\":\"https:\/\/demoweb.info\/sexshop001\/\"},{\"@type\":\"ListItem\",\"position\":2,\"name\":\"Tienda\",\"item\":\"https:\/\/demoweb.info\/sexshop001\/tienda\/\"},{\"@type\":\"ListItem\",\"position\":3,\"name\":\"FETISH FANTASY ELITE DOUBLE DELIGHT ARNES VIBRADOR LILA\"}]},{\"@type\":\"WebSite\",\"@id\":\"https:\/\/demoweb.info\/sexshop001\/#website\",\"url\":\"https:\/\/demoweb.info\/sexshop001\/\",\"name\":\"Tienda Er\u00f3tica\",\"description\":\"DEMOWEB SL\",\"potentialAction\":[{\"@type\":\"SearchAction\",\"target\":{\"@type\":\"EntryPoint\",\"urlTemplate\":\"https:\/\/demoweb.info\/sexshop001\/?s={search_term_string}\"},\"query-input\":\"required name=search_term_string\"}],\"inLanguage\":\"es\"}]}<\/script>\n<!-- \/ Yoast SEO plugin. -->","yoast_head_json":{"title":"FETISH FANTASY ELITE DOUBLE DELIGHT ARNES VIBRADOR LILA - Tienda Er\u00f3tica","robots":{"index":"noindex","follow":"follow","max-snippet":"max-snippet:-1","max-image-preview":"max-image-preview:large","max-video-preview":"max-video-preview:-1"},"og_locale":"es_ES","og_type":"article","og_title":"FETISH FANTASY ELITE DOUBLE DELIGHT ARNES VIBRADOR LILA - Tienda Er\u00f3tica","og_description":"FETISH FANTASY ELITE VIBRATING DOUBLE DELIGHT STRAP-ON PURPLE. Duplica tu placer y la diversi\u00f3n con este incre\u00edble dildo doble! Un","og_url":"https:\/\/demoweb.info\/sexshop001\/producto\/fetish-fantasy-elite-double-delight-arnes-vibrador-lila\/","og_site_name":"Tienda Er\u00f3tica","article_modified_time":"2022-01-22T11:21:34+00:00","og_image":[{"width":550,"height":550,"url":"https:\/\/demoweb.info\/sexshop001\/wp-content\/uploads\/2022\/01\/FETISH-FANTASY-ELITE-DOUBLE-DELIGHT-ARNES-VIBRADOR-LILA.jpg","type":"image\/jpeg"}],"twitter_card":"summary_large_image","twitter_misc":{"Tiempo de lectura":"1 minuto"},"schema":{"@context":"https:\/\/schema.org","@graph":[{"@type":"WebPage","@id":"https:\/\/demoweb.info\/sexshop001\/producto\/fetish-fantasy-elite-double-delight-arnes-vibrador-lila\/","url":"https:\/\/demoweb.info\/sexshop001\/producto\/fetish-fantasy-elite-double-delight-arnes-vibrador-lila\/","name":"FETISH FANTASY ELITE DOUBLE DELIGHT ARNES VIBRADOR LILA - Tienda Er\u00f3tica","isPartOf":{"@id":"https:\/\/demoweb.info\/sexshop001\/#website"},"datePublished":"2022-01-22T11:21:33+00:00","dateModified":"2022-01-22T11:21:34+00:00","breadcrumb":{"@id":"https:\/\/demoweb.info\/sexshop001\/producto\/fetish-fantasy-elite-double-delight-arnes-vibrador-lila\/#breadcrumb"},"inLanguage":"es","potentialAction":[{"@type":"ReadAction","target":["https:\/\/demoweb.info\/sexshop001\/producto\/fetish-fantasy-elite-double-delight-arnes-vibrador-lila\/"]}]},{"@type":"BreadcrumbList","@id":"https:\/\/demoweb.info\/sexshop001\/producto\/fetish-fantasy-elite-double-delight-arnes-vibrador-lila\/#breadcrumb","itemListElement":[{"@type":"ListItem","position":1,"name":"Portada","item":"https:\/\/demoweb.info\/sexshop001\/"},{"@type":"ListItem","position":2,"name":"Tienda","item":"https:\/\/demoweb.info\/sexshop001\/tienda\/"},{"@type":"ListItem","position":3,"name":"FETISH FANTASY ELITE DOUBLE DELIGHT ARNES VIBRADOR LILA"}]},{"@type":"WebSite","@id":"https:\/\/demoweb.info\/sexshop001\/#website","url":"https:\/\/demoweb.info\/sexshop001\/","name":"Tienda Er\u00f3tica","description":"DEMOWEB SL","potentialAction":[{"@type":"SearchAction","target":{"@type":"EntryPoint","urlTemplate":"https:\/\/demoweb.info\/sexshop001\/?s={search_term_string}"},"query-input":"required name=search_term_string"}],"inLanguage":"es"}]}},"_links":{"self":[{"href":"https:\/\/demoweb.info\/sexshop001\/wp-json\/wp\/v3\/product\/28395","targetHints":{"allow":["GET"]}}],"collection":[{"href":"https:\/\/demoweb.info\/sexshop001\/wp-json\/wp\/v3\/product"}],"about":[{"href":"https:\/\/demoweb.info\/sexshop001\/wp-json\/wp\/v2\/types\/product"}],"replies":[{"embeddable":true,"href":"https:\/\/demoweb.info\/sexshop001\/wp-json\/wp\/v2\/comments?post=28395"}],"wp:featuredmedia":[{"embeddable":true,"href":"https:\/\/demoweb.info\/sexshop001\/wp-json\/wp\/v2\/media\/28396"}],"wp:attachment":[{"href":"https:\/\/demoweb.info\/sexshop001\/wp-json\/wp\/v2\/media?parent=28395"}],"wp:term":[{"taxonomy":"product_cat","embeddable":true,"href":"https:\/\/demoweb.info\/sexshop001\/wp-json\/wp\/v2\/product_cat?post=28395"},{"taxonomy":"product_tag","embeddable":true,"href":"https:\/\/demoweb.info\/sexshop001\/wp-json\/wp\/v2\/product_tag?post=28395"}],"curies":[{"name":"wp","href":"https:\/\/api.w.org\/{rel}","templated":true}]}}