{"id":27951,"date":"2022-01-22T12:17:19","date_gmt":"2022-01-22T11:17:19","guid":{"rendered":"https:\/\/demoweb.info\/sexshop001\/producto\/el-curso\/"},"modified":"2022-01-22T12:17:20","modified_gmt":"2022-01-22T11:17:20","slug":"el-curso","status":"publish","type":"product","link":"https:\/\/demoweb.info\/sexshop001\/producto\/el-curso\/","title":{"rendered":"EL CURSO"},"content":{"rendered":"<p><strong>EL CURSO<\/strong><\/p>\n<p>Gracias a sus particulares t\u00e9cnicas de persuasi\u00f3n, Kate se ha convertido en una de las mejores asesoras de empresas del pa\u00eds. Sin embargo, sus superiores le piden cada vez m\u00e1s y cuando su bella y dominante jefa, Fiona, le exige que d\u00e9 otro curso sobre t\u00e9cnicas de persuasi\u00f3n, tan s\u00f3lo ve una salida: tomar el control.<\/p>\n<p>No le costar\u00e1 demasiado: tres de los cuatro asistentes al seminario son hombres. Y qu\u00e9 hombres: j\u00f3venes, poderosos y, sobre todo, muy pero que muy atractivos. Por primera vez en su vida, Kate tendr\u00e1 la oportunidad de poner en pr\u00e1ctica unos m\u00e9todos de ense\u00f1anza muy poco ortodoxos pero que a buen seguro dar\u00e1n unos resultados excelentes.<\/p>\n<p>No tendr\u00e1 piedad con nada ni con nadie. Como buena profesora, castigar\u00e1 y premiar\u00e1 a sus alumnos siempre y cuando lo considere necesario. Y para eso tendr\u00e1n que esforzarse mucho. Much\u00edsimo. Pero \u00bfde qu\u00e9 vale el placer si no se sufre antes un poco? <\/p>\n<ul>\n<li>P\u00e1ginas: 304<\/li>\n<li>Encuadernaci\u00f3n: Tapa Blanda<\/li>\n<li>A\u00f1o de edici\u00f3n: 2008<\/li>\n<\/ul>\n","protected":false},"excerpt":{"rendered":"<p>EL CURSO Gracias a sus particulares t\u00e9cnicas de persuasi\u00f3n, Kate se ha convertido en una de las mejores asesoras de<\/p>\n","protected":false},"featured_media":27952,"comment_status":"open","ping_status":"open","template":"","meta":[],"product_cat":[414],"product_tag":[1127],"class_list":["post-27951","product","type-product","status-publish","has-post-thumbnail","hentry","product_cat-libros","product_tag-swing"],"bundled_by":[],"bundle_stock_status":"instock","bundle_stock_quantity":10,"bundle_virtual":false,"bundle_layout":"","bundle_add_to_cart_form_location":"","bundle_editable_in_cart":false,"bundle_sold_individually_context":"","bundle_item_grouping":"","bundle_min_size":"","bundle_max_size":"","bundled_items":[],"yoast_head":"<!-- This site is optimized with the Yoast SEO plugin v20.6 - https:\/\/yoast.com\/wordpress\/plugins\/seo\/ -->\n<title>EL CURSO - Tienda Er\u00f3tica<\/title>\n<meta name=\"robots\" content=\"noindex, follow, max-snippet:-1, max-image-preview:large, max-video-preview:-1\" \/>\n<meta property=\"og:locale\" content=\"es_ES\" \/>\n<meta property=\"og:type\" content=\"article\" \/>\n<meta property=\"og:title\" content=\"EL CURSO - Tienda Er\u00f3tica\" \/>\n<meta property=\"og:description\" content=\"EL CURSO Gracias a sus particulares t\u00e9cnicas de persuasi\u00f3n, Kate se ha convertido en una de las mejores asesoras de\" \/>\n<meta property=\"og:url\" content=\"https:\/\/demoweb.info\/sexshop001\/producto\/el-curso\/\" \/>\n<meta property=\"og:site_name\" content=\"Tienda Er\u00f3tica\" \/>\n<meta property=\"article:modified_time\" content=\"2022-01-22T11:17:20+00:00\" \/>\n<meta property=\"og:image\" content=\"https:\/\/demoweb.info\/sexshop001\/wp-content\/uploads\/2022\/01\/EL-CURSO.jpg\" \/>\n\t<meta property=\"og:image:width\" content=\"550\" \/>\n\t<meta property=\"og:image:height\" content=\"550\" \/>\n\t<meta property=\"og:image:type\" content=\"image\/jpeg\" \/>\n<meta name=\"twitter:card\" content=\"summary_large_image\" \/>\n<meta name=\"twitter:label1\" content=\"Tiempo de lectura\" \/>\n\t<meta name=\"twitter:data1\" content=\"1 minuto\" \/>\n<script type=\"application\/ld+json\" class=\"yoast-schema-graph\">{\"@context\":\"https:\/\/schema.org\",\"@graph\":[{\"@type\":\"WebPage\",\"@id\":\"https:\/\/demoweb.info\/sexshop001\/producto\/el-curso\/\",\"url\":\"https:\/\/demoweb.info\/sexshop001\/producto\/el-curso\/\",\"name\":\"EL CURSO - Tienda Er\u00f3tica\",\"isPartOf\":{\"@id\":\"https:\/\/demoweb.info\/sexshop001\/#website\"},\"datePublished\":\"2022-01-22T11:17:19+00:00\",\"dateModified\":\"2022-01-22T11:17:20+00:00\",\"breadcrumb\":{\"@id\":\"https:\/\/demoweb.info\/sexshop001\/producto\/el-curso\/#breadcrumb\"},\"inLanguage\":\"es\",\"potentialAction\":[{\"@type\":\"ReadAction\",\"target\":[\"https:\/\/demoweb.info\/sexshop001\/producto\/el-curso\/\"]}]},{\"@type\":\"BreadcrumbList\",\"@id\":\"https:\/\/demoweb.info\/sexshop001\/producto\/el-curso\/#breadcrumb\",\"itemListElement\":[{\"@type\":\"ListItem\",\"position\":1,\"name\":\"Portada\",\"item\":\"https:\/\/demoweb.info\/sexshop001\/\"},{\"@type\":\"ListItem\",\"position\":2,\"name\":\"Tienda\",\"item\":\"https:\/\/demoweb.info\/sexshop001\/tienda\/\"},{\"@type\":\"ListItem\",\"position\":3,\"name\":\"EL CURSO\"}]},{\"@type\":\"WebSite\",\"@id\":\"https:\/\/demoweb.info\/sexshop001\/#website\",\"url\":\"https:\/\/demoweb.info\/sexshop001\/\",\"name\":\"Tienda Er\u00f3tica\",\"description\":\"DEMOWEB SL\",\"potentialAction\":[{\"@type\":\"SearchAction\",\"target\":{\"@type\":\"EntryPoint\",\"urlTemplate\":\"https:\/\/demoweb.info\/sexshop001\/?s={search_term_string}\"},\"query-input\":\"required name=search_term_string\"}],\"inLanguage\":\"es\"}]}<\/script>\n<!-- \/ Yoast SEO plugin. -->","yoast_head_json":{"title":"EL CURSO - Tienda Er\u00f3tica","robots":{"index":"noindex","follow":"follow","max-snippet":"max-snippet:-1","max-image-preview":"max-image-preview:large","max-video-preview":"max-video-preview:-1"},"og_locale":"es_ES","og_type":"article","og_title":"EL CURSO - Tienda Er\u00f3tica","og_description":"EL CURSO Gracias a sus particulares t\u00e9cnicas de persuasi\u00f3n, Kate se ha convertido en una de las mejores asesoras de","og_url":"https:\/\/demoweb.info\/sexshop001\/producto\/el-curso\/","og_site_name":"Tienda Er\u00f3tica","article_modified_time":"2022-01-22T11:17:20+00:00","og_image":[{"width":550,"height":550,"url":"https:\/\/demoweb.info\/sexshop001\/wp-content\/uploads\/2022\/01\/EL-CURSO.jpg","type":"image\/jpeg"}],"twitter_card":"summary_large_image","twitter_misc":{"Tiempo de lectura":"1 minuto"},"schema":{"@context":"https:\/\/schema.org","@graph":[{"@type":"WebPage","@id":"https:\/\/demoweb.info\/sexshop001\/producto\/el-curso\/","url":"https:\/\/demoweb.info\/sexshop001\/producto\/el-curso\/","name":"EL CURSO - Tienda Er\u00f3tica","isPartOf":{"@id":"https:\/\/demoweb.info\/sexshop001\/#website"},"datePublished":"2022-01-22T11:17:19+00:00","dateModified":"2022-01-22T11:17:20+00:00","breadcrumb":{"@id":"https:\/\/demoweb.info\/sexshop001\/producto\/el-curso\/#breadcrumb"},"inLanguage":"es","potentialAction":[{"@type":"ReadAction","target":["https:\/\/demoweb.info\/sexshop001\/producto\/el-curso\/"]}]},{"@type":"BreadcrumbList","@id":"https:\/\/demoweb.info\/sexshop001\/producto\/el-curso\/#breadcrumb","itemListElement":[{"@type":"ListItem","position":1,"name":"Portada","item":"https:\/\/demoweb.info\/sexshop001\/"},{"@type":"ListItem","position":2,"name":"Tienda","item":"https:\/\/demoweb.info\/sexshop001\/tienda\/"},{"@type":"ListItem","position":3,"name":"EL CURSO"}]},{"@type":"WebSite","@id":"https:\/\/demoweb.info\/sexshop001\/#website","url":"https:\/\/demoweb.info\/sexshop001\/","name":"Tienda Er\u00f3tica","description":"DEMOWEB SL","potentialAction":[{"@type":"SearchAction","target":{"@type":"EntryPoint","urlTemplate":"https:\/\/demoweb.info\/sexshop001\/?s={search_term_string}"},"query-input":"required name=search_term_string"}],"inLanguage":"es"}]}},"_links":{"self":[{"href":"https:\/\/demoweb.info\/sexshop001\/wp-json\/wp\/v3\/product\/27951","targetHints":{"allow":["GET"]}}],"collection":[{"href":"https:\/\/demoweb.info\/sexshop001\/wp-json\/wp\/v3\/product"}],"about":[{"href":"https:\/\/demoweb.info\/sexshop001\/wp-json\/wp\/v2\/types\/product"}],"replies":[{"embeddable":true,"href":"https:\/\/demoweb.info\/sexshop001\/wp-json\/wp\/v2\/comments?post=27951"}],"wp:featuredmedia":[{"embeddable":true,"href":"https:\/\/demoweb.info\/sexshop001\/wp-json\/wp\/v2\/media\/27952"}],"wp:attachment":[{"href":"https:\/\/demoweb.info\/sexshop001\/wp-json\/wp\/v2\/media?parent=27951"}],"wp:term":[{"taxonomy":"product_cat","embeddable":true,"href":"https:\/\/demoweb.info\/sexshop001\/wp-json\/wp\/v2\/product_cat?post=27951"},{"taxonomy":"product_tag","embeddable":true,"href":"https:\/\/demoweb.info\/sexshop001\/wp-json\/wp\/v2\/product_tag?post=27951"}],"curies":[{"name":"wp","href":"https:\/\/api.w.org\/{rel}","templated":true}]}}