{"id":27887,"date":"2022-01-22T12:16:44","date_gmt":"2022-01-22T11:16:44","guid":{"rendered":"https:\/\/demoweb.info\/sexshop001\/producto\/vibrador-de-silicona-fleur-de-lis-silky-g-azul\/"},"modified":"2022-01-22T12:16:47","modified_gmt":"2022-01-22T11:16:47","slug":"vibrador-de-silicona-fleur-de-lis-silky-g-azul","status":"publish","type":"product","link":"https:\/\/demoweb.info\/sexshop001\/producto\/vibrador-de-silicona-fleur-de-lis-silky-g-azul\/","title":{"rendered":"VIBRADOR DE SILICONA FLEUR DE LIS SILKY G AZUL"},"content":{"rendered":"<p><strong>SILICONE FLEUR DE LIS SILKY G BLUE<\/strong><\/p>\n<p>La vida est\u00e1 llena de opciones donde elegir! Con esto en mente, hemos mejorado nuestro popular <strong>Fleur De Lis EditionT<\/strong> mediante la creaci\u00f3n de una colecci\u00f3n nueva de silicona. Si bien sigue siendo 100% segura para el cuerpo y sin olor, la nueva colecci\u00f3n de silicona tambi\u00e9n ofrece una textura ultra suave y un cabezal flexible que permite a los masajeadores adaptarse a cada curva de tu anatom\u00eda.<\/p>\n<p>Todos los juguetes <strong>Evolved<\/strong> vienen con una garant\u00eda de 1 a\u00f1o y son resistentes al agua, libre de ftalatos y sin l\u00e1tex.<\/p>\n<p>Funciona con 2 pilas <strong>AA<\/strong> que puedes encontrar en la secci\u00f3n <strong>Pilas<\/strong>.<\/p>\n<p>Medidas: 16,5 cm x 3,4 cm.<\/p>\n","protected":false},"excerpt":{"rendered":"<p>SILICONE FLEUR DE LIS SILKY G BLUE La vida est\u00e1 llena de opciones donde elegir! Con esto en mente, hemos<\/p>\n","protected":false},"featured_media":27888,"comment_status":"open","ping_status":"open","template":"","meta":[],"product_cat":[639],"product_tag":[1125],"class_list":["post-27887","product","type-product","status-publish","has-post-thumbnail","hentry","product_cat-punto-g","product_tag-evolved"],"bundled_by":[],"bundle_stock_status":"outofstock","bundle_stock_quantity":0,"bundle_virtual":false,"bundle_layout":"","bundle_add_to_cart_form_location":"","bundle_editable_in_cart":false,"bundle_sold_individually_context":"","bundle_item_grouping":"","bundle_min_size":"","bundle_max_size":"","bundled_items":[],"yoast_head":"<!-- This site is optimized with the Yoast SEO plugin v20.6 - https:\/\/yoast.com\/wordpress\/plugins\/seo\/ -->\n<title>VIBRADOR DE SILICONA FLEUR DE LIS SILKY G AZUL - Tienda Er\u00f3tica<\/title>\n<meta name=\"robots\" content=\"noindex, follow, max-snippet:-1, max-image-preview:large, max-video-preview:-1\" \/>\n<meta property=\"og:locale\" content=\"es_ES\" \/>\n<meta property=\"og:type\" content=\"article\" \/>\n<meta property=\"og:title\" content=\"VIBRADOR DE SILICONA FLEUR DE LIS SILKY G AZUL - Tienda Er\u00f3tica\" \/>\n<meta property=\"og:description\" content=\"SILICONE FLEUR DE LIS SILKY G BLUE La vida est\u00e1 llena de opciones donde elegir! Con esto en mente, hemos\" \/>\n<meta property=\"og:url\" content=\"https:\/\/demoweb.info\/sexshop001\/producto\/vibrador-de-silicona-fleur-de-lis-silky-g-azul\/\" \/>\n<meta property=\"og:site_name\" content=\"Tienda Er\u00f3tica\" \/>\n<meta property=\"article:modified_time\" content=\"2022-01-22T11:16:47+00:00\" \/>\n<meta property=\"og:image\" content=\"https:\/\/demoweb.info\/sexshop001\/wp-content\/uploads\/2022\/01\/VIBRADOR-DE-SILICONA-FLEUR-DE-LIS-SILKY-G-AZUL.jpg\" \/>\n\t<meta property=\"og:image:width\" content=\"550\" \/>\n\t<meta property=\"og:image:height\" content=\"550\" \/>\n\t<meta property=\"og:image:type\" content=\"image\/jpeg\" \/>\n<meta name=\"twitter:card\" content=\"summary_large_image\" \/>\n<meta name=\"twitter:label1\" content=\"Tiempo de lectura\" \/>\n\t<meta name=\"twitter:data1\" content=\"1 minuto\" \/>\n<script type=\"application\/ld+json\" class=\"yoast-schema-graph\">{\"@context\":\"https:\/\/schema.org\",\"@graph\":[{\"@type\":\"WebPage\",\"@id\":\"https:\/\/demoweb.info\/sexshop001\/producto\/vibrador-de-silicona-fleur-de-lis-silky-g-azul\/\",\"url\":\"https:\/\/demoweb.info\/sexshop001\/producto\/vibrador-de-silicona-fleur-de-lis-silky-g-azul\/\",\"name\":\"VIBRADOR DE SILICONA FLEUR DE LIS SILKY G AZUL - Tienda Er\u00f3tica\",\"isPartOf\":{\"@id\":\"https:\/\/demoweb.info\/sexshop001\/#website\"},\"datePublished\":\"2022-01-22T11:16:44+00:00\",\"dateModified\":\"2022-01-22T11:16:47+00:00\",\"breadcrumb\":{\"@id\":\"https:\/\/demoweb.info\/sexshop001\/producto\/vibrador-de-silicona-fleur-de-lis-silky-g-azul\/#breadcrumb\"},\"inLanguage\":\"es\",\"potentialAction\":[{\"@type\":\"ReadAction\",\"target\":[\"https:\/\/demoweb.info\/sexshop001\/producto\/vibrador-de-silicona-fleur-de-lis-silky-g-azul\/\"]}]},{\"@type\":\"BreadcrumbList\",\"@id\":\"https:\/\/demoweb.info\/sexshop001\/producto\/vibrador-de-silicona-fleur-de-lis-silky-g-azul\/#breadcrumb\",\"itemListElement\":[{\"@type\":\"ListItem\",\"position\":1,\"name\":\"Portada\",\"item\":\"https:\/\/demoweb.info\/sexshop001\/\"},{\"@type\":\"ListItem\",\"position\":2,\"name\":\"Tienda\",\"item\":\"https:\/\/demoweb.info\/sexshop001\/tienda\/\"},{\"@type\":\"ListItem\",\"position\":3,\"name\":\"VIBRADOR DE SILICONA FLEUR DE LIS SILKY G AZUL\"}]},{\"@type\":\"WebSite\",\"@id\":\"https:\/\/demoweb.info\/sexshop001\/#website\",\"url\":\"https:\/\/demoweb.info\/sexshop001\/\",\"name\":\"Tienda Er\u00f3tica\",\"description\":\"DEMOWEB SL\",\"potentialAction\":[{\"@type\":\"SearchAction\",\"target\":{\"@type\":\"EntryPoint\",\"urlTemplate\":\"https:\/\/demoweb.info\/sexshop001\/?s={search_term_string}\"},\"query-input\":\"required name=search_term_string\"}],\"inLanguage\":\"es\"}]}<\/script>\n<!-- \/ Yoast SEO plugin. -->","yoast_head_json":{"title":"VIBRADOR DE SILICONA FLEUR DE LIS SILKY G AZUL - Tienda Er\u00f3tica","robots":{"index":"noindex","follow":"follow","max-snippet":"max-snippet:-1","max-image-preview":"max-image-preview:large","max-video-preview":"max-video-preview:-1"},"og_locale":"es_ES","og_type":"article","og_title":"VIBRADOR DE SILICONA FLEUR DE LIS SILKY G AZUL - Tienda Er\u00f3tica","og_description":"SILICONE FLEUR DE LIS SILKY G BLUE La vida est\u00e1 llena de opciones donde elegir! Con esto en mente, hemos","og_url":"https:\/\/demoweb.info\/sexshop001\/producto\/vibrador-de-silicona-fleur-de-lis-silky-g-azul\/","og_site_name":"Tienda Er\u00f3tica","article_modified_time":"2022-01-22T11:16:47+00:00","og_image":[{"width":550,"height":550,"url":"https:\/\/demoweb.info\/sexshop001\/wp-content\/uploads\/2022\/01\/VIBRADOR-DE-SILICONA-FLEUR-DE-LIS-SILKY-G-AZUL.jpg","type":"image\/jpeg"}],"twitter_card":"summary_large_image","twitter_misc":{"Tiempo de lectura":"1 minuto"},"schema":{"@context":"https:\/\/schema.org","@graph":[{"@type":"WebPage","@id":"https:\/\/demoweb.info\/sexshop001\/producto\/vibrador-de-silicona-fleur-de-lis-silky-g-azul\/","url":"https:\/\/demoweb.info\/sexshop001\/producto\/vibrador-de-silicona-fleur-de-lis-silky-g-azul\/","name":"VIBRADOR DE SILICONA FLEUR DE LIS SILKY G AZUL - Tienda Er\u00f3tica","isPartOf":{"@id":"https:\/\/demoweb.info\/sexshop001\/#website"},"datePublished":"2022-01-22T11:16:44+00:00","dateModified":"2022-01-22T11:16:47+00:00","breadcrumb":{"@id":"https:\/\/demoweb.info\/sexshop001\/producto\/vibrador-de-silicona-fleur-de-lis-silky-g-azul\/#breadcrumb"},"inLanguage":"es","potentialAction":[{"@type":"ReadAction","target":["https:\/\/demoweb.info\/sexshop001\/producto\/vibrador-de-silicona-fleur-de-lis-silky-g-azul\/"]}]},{"@type":"BreadcrumbList","@id":"https:\/\/demoweb.info\/sexshop001\/producto\/vibrador-de-silicona-fleur-de-lis-silky-g-azul\/#breadcrumb","itemListElement":[{"@type":"ListItem","position":1,"name":"Portada","item":"https:\/\/demoweb.info\/sexshop001\/"},{"@type":"ListItem","position":2,"name":"Tienda","item":"https:\/\/demoweb.info\/sexshop001\/tienda\/"},{"@type":"ListItem","position":3,"name":"VIBRADOR DE SILICONA FLEUR DE LIS SILKY G AZUL"}]},{"@type":"WebSite","@id":"https:\/\/demoweb.info\/sexshop001\/#website","url":"https:\/\/demoweb.info\/sexshop001\/","name":"Tienda Er\u00f3tica","description":"DEMOWEB SL","potentialAction":[{"@type":"SearchAction","target":{"@type":"EntryPoint","urlTemplate":"https:\/\/demoweb.info\/sexshop001\/?s={search_term_string}"},"query-input":"required name=search_term_string"}],"inLanguage":"es"}]}},"_links":{"self":[{"href":"https:\/\/demoweb.info\/sexshop001\/wp-json\/wp\/v3\/product\/27887","targetHints":{"allow":["GET"]}}],"collection":[{"href":"https:\/\/demoweb.info\/sexshop001\/wp-json\/wp\/v3\/product"}],"about":[{"href":"https:\/\/demoweb.info\/sexshop001\/wp-json\/wp\/v2\/types\/product"}],"replies":[{"embeddable":true,"href":"https:\/\/demoweb.info\/sexshop001\/wp-json\/wp\/v2\/comments?post=27887"}],"wp:featuredmedia":[{"embeddable":true,"href":"https:\/\/demoweb.info\/sexshop001\/wp-json\/wp\/v2\/media\/27888"}],"wp:attachment":[{"href":"https:\/\/demoweb.info\/sexshop001\/wp-json\/wp\/v2\/media?parent=27887"}],"wp:term":[{"taxonomy":"product_cat","embeddable":true,"href":"https:\/\/demoweb.info\/sexshop001\/wp-json\/wp\/v2\/product_cat?post=27887"},{"taxonomy":"product_tag","embeddable":true,"href":"https:\/\/demoweb.info\/sexshop001\/wp-json\/wp\/v2\/product_tag?post=27887"}],"curies":[{"name":"wp","href":"https:\/\/api.w.org\/{rel}","templated":true}]}}