{"id":27499,"date":"2022-01-22T12:13:11","date_gmt":"2022-01-22T11:13:11","guid":{"rendered":"https:\/\/demoweb.info\/sexshop001\/producto\/tentacion-gel-estimulante-femenino-punto-g-50-ml-16-monodosis\/"},"modified":"2022-01-22T12:13:26","modified_gmt":"2022-01-22T11:13:26","slug":"tentacion-gel-estimulante-femenino-punto-g-50-ml-16-monodosis","status":"publish","type":"product","link":"https:\/\/demoweb.info\/sexshop001\/producto\/tentacion-gel-estimulante-femenino-punto-g-50-ml-16-monodosis\/","title":{"rendered":"TENTACION GEL ESTIMULANTE FEMENINO PUNTO G 50 ML 16 MONODOSIS"},"content":{"rendered":"<p><font size=&quot;1&quot;><b>TENTACI\u00d3N GEL ESTIMULANTE FEMENINO PUNTO G 50 ML 16 MONODOSIS.<\/b> <\/p>\n<p>El gel org\u00e1smico femenino Tentaci\u00f3n con efecto fr\u00edo, estimula la circulaci\u00f3n sangu\u00ednea y sensibiliza la zona clitorial favoreciendo el orgasmo femenino.<\/p>\n<p>Aplica un poca cantidad en la zona del cl\u00edtoris y siente como su efecto refrescante te provoca una agradable sensaci\u00f3n, ahora deja que tu pareja masajee tu cl\u00edtoris y el orgasmo tardar\u00e1 poco en hacer acto de presencia.<\/p>\n<p>El gel org\u00e1smico femenino Tentaci\u00f3n es ideal para juegos en pareja o con juguetes de estimulaci\u00f3n externa.<\/p>\n<p>Caja con 16 monodosis de 10 ml. cada una.<\/font><\/p>\n","protected":false},"excerpt":{"rendered":"<p>TENTACI\u00d3N GEL ESTIMULANTE FEMENINO PUNTO G 50 ML 16 MONODOSIS. El gel org\u00e1smico femenino Tentaci\u00f3n con efecto fr\u00edo, estimula la<\/p>\n","protected":false},"featured_media":27500,"comment_status":"open","ping_status":"open","template":"","meta":[],"product_cat":[530],"product_tag":[696,697],"class_list":["post-27499","product","type-product","status-publish","has-post-thumbnail","hentry","product_cat-para-ella-cremas","product_tag-euroscents","product_tag-tentacion"],"bundled_by":[],"bundle_stock_status":"instock","bundle_stock_quantity":6,"bundle_virtual":false,"bundle_layout":"","bundle_add_to_cart_form_location":"","bundle_editable_in_cart":false,"bundle_sold_individually_context":"","bundle_item_grouping":"","bundle_min_size":"","bundle_max_size":"","bundled_items":[],"yoast_head":"<!-- This site is optimized with the Yoast SEO plugin v20.6 - https:\/\/yoast.com\/wordpress\/plugins\/seo\/ -->\n<title>TENTACION GEL ESTIMULANTE FEMENINO PUNTO G 50 ML 16 MONODOSIS - Tienda Er\u00f3tica<\/title>\n<meta name=\"robots\" content=\"noindex, follow, max-snippet:-1, max-image-preview:large, max-video-preview:-1\" \/>\n<meta property=\"og:locale\" content=\"es_ES\" \/>\n<meta property=\"og:type\" content=\"article\" \/>\n<meta property=\"og:title\" content=\"TENTACION GEL ESTIMULANTE FEMENINO PUNTO G 50 ML 16 MONODOSIS - Tienda Er\u00f3tica\" \/>\n<meta property=\"og:description\" content=\"TENTACI\u00d3N GEL ESTIMULANTE FEMENINO PUNTO G 50 ML 16 MONODOSIS. El gel org\u00e1smico femenino Tentaci\u00f3n con efecto fr\u00edo, estimula la\" \/>\n<meta property=\"og:url\" content=\"https:\/\/demoweb.info\/sexshop001\/producto\/tentacion-gel-estimulante-femenino-punto-g-50-ml-16-monodosis\/\" \/>\n<meta property=\"og:site_name\" content=\"Tienda Er\u00f3tica\" \/>\n<meta property=\"article:modified_time\" content=\"2022-01-22T11:13:26+00:00\" \/>\n<meta property=\"og:image\" content=\"https:\/\/demoweb.info\/sexshop001\/wp-content\/uploads\/2022\/01\/TENTACION-GEL-ESTIMULANTE-FEMENINO-PUNTO-G-50-ML-16-MONODOSIS.jpg\" \/>\n\t<meta property=\"og:image:width\" content=\"550\" \/>\n\t<meta property=\"og:image:height\" content=\"550\" \/>\n\t<meta property=\"og:image:type\" content=\"image\/jpeg\" \/>\n<meta name=\"twitter:card\" content=\"summary_large_image\" \/>\n<meta name=\"twitter:label1\" content=\"Tiempo de lectura\" \/>\n\t<meta name=\"twitter:data1\" content=\"1 minuto\" \/>\n<script type=\"application\/ld+json\" class=\"yoast-schema-graph\">{\"@context\":\"https:\/\/schema.org\",\"@graph\":[{\"@type\":\"WebPage\",\"@id\":\"https:\/\/demoweb.info\/sexshop001\/producto\/tentacion-gel-estimulante-femenino-punto-g-50-ml-16-monodosis\/\",\"url\":\"https:\/\/demoweb.info\/sexshop001\/producto\/tentacion-gel-estimulante-femenino-punto-g-50-ml-16-monodosis\/\",\"name\":\"TENTACION GEL ESTIMULANTE FEMENINO PUNTO G 50 ML 16 MONODOSIS - Tienda Er\u00f3tica\",\"isPartOf\":{\"@id\":\"https:\/\/demoweb.info\/sexshop001\/#website\"},\"datePublished\":\"2022-01-22T11:13:11+00:00\",\"dateModified\":\"2022-01-22T11:13:26+00:00\",\"breadcrumb\":{\"@id\":\"https:\/\/demoweb.info\/sexshop001\/producto\/tentacion-gel-estimulante-femenino-punto-g-50-ml-16-monodosis\/#breadcrumb\"},\"inLanguage\":\"es\",\"potentialAction\":[{\"@type\":\"ReadAction\",\"target\":[\"https:\/\/demoweb.info\/sexshop001\/producto\/tentacion-gel-estimulante-femenino-punto-g-50-ml-16-monodosis\/\"]}]},{\"@type\":\"BreadcrumbList\",\"@id\":\"https:\/\/demoweb.info\/sexshop001\/producto\/tentacion-gel-estimulante-femenino-punto-g-50-ml-16-monodosis\/#breadcrumb\",\"itemListElement\":[{\"@type\":\"ListItem\",\"position\":1,\"name\":\"Portada\",\"item\":\"https:\/\/demoweb.info\/sexshop001\/\"},{\"@type\":\"ListItem\",\"position\":2,\"name\":\"Tienda\",\"item\":\"https:\/\/demoweb.info\/sexshop001\/tienda\/\"},{\"@type\":\"ListItem\",\"position\":3,\"name\":\"TENTACION GEL ESTIMULANTE FEMENINO PUNTO G 50 ML 16 MONODOSIS\"}]},{\"@type\":\"WebSite\",\"@id\":\"https:\/\/demoweb.info\/sexshop001\/#website\",\"url\":\"https:\/\/demoweb.info\/sexshop001\/\",\"name\":\"Tienda Er\u00f3tica\",\"description\":\"DEMOWEB SL\",\"potentialAction\":[{\"@type\":\"SearchAction\",\"target\":{\"@type\":\"EntryPoint\",\"urlTemplate\":\"https:\/\/demoweb.info\/sexshop001\/?s={search_term_string}\"},\"query-input\":\"required name=search_term_string\"}],\"inLanguage\":\"es\"}]}<\/script>\n<!-- \/ Yoast SEO plugin. -->","yoast_head_json":{"title":"TENTACION GEL ESTIMULANTE FEMENINO PUNTO G 50 ML 16 MONODOSIS - Tienda Er\u00f3tica","robots":{"index":"noindex","follow":"follow","max-snippet":"max-snippet:-1","max-image-preview":"max-image-preview:large","max-video-preview":"max-video-preview:-1"},"og_locale":"es_ES","og_type":"article","og_title":"TENTACION GEL ESTIMULANTE FEMENINO PUNTO G 50 ML 16 MONODOSIS - Tienda Er\u00f3tica","og_description":"TENTACI\u00d3N GEL ESTIMULANTE FEMENINO PUNTO G 50 ML 16 MONODOSIS. El gel org\u00e1smico femenino Tentaci\u00f3n con efecto fr\u00edo, estimula la","og_url":"https:\/\/demoweb.info\/sexshop001\/producto\/tentacion-gel-estimulante-femenino-punto-g-50-ml-16-monodosis\/","og_site_name":"Tienda Er\u00f3tica","article_modified_time":"2022-01-22T11:13:26+00:00","og_image":[{"width":550,"height":550,"url":"https:\/\/demoweb.info\/sexshop001\/wp-content\/uploads\/2022\/01\/TENTACION-GEL-ESTIMULANTE-FEMENINO-PUNTO-G-50-ML-16-MONODOSIS.jpg","type":"image\/jpeg"}],"twitter_card":"summary_large_image","twitter_misc":{"Tiempo de lectura":"1 minuto"},"schema":{"@context":"https:\/\/schema.org","@graph":[{"@type":"WebPage","@id":"https:\/\/demoweb.info\/sexshop001\/producto\/tentacion-gel-estimulante-femenino-punto-g-50-ml-16-monodosis\/","url":"https:\/\/demoweb.info\/sexshop001\/producto\/tentacion-gel-estimulante-femenino-punto-g-50-ml-16-monodosis\/","name":"TENTACION GEL ESTIMULANTE FEMENINO PUNTO G 50 ML 16 MONODOSIS - Tienda Er\u00f3tica","isPartOf":{"@id":"https:\/\/demoweb.info\/sexshop001\/#website"},"datePublished":"2022-01-22T11:13:11+00:00","dateModified":"2022-01-22T11:13:26+00:00","breadcrumb":{"@id":"https:\/\/demoweb.info\/sexshop001\/producto\/tentacion-gel-estimulante-femenino-punto-g-50-ml-16-monodosis\/#breadcrumb"},"inLanguage":"es","potentialAction":[{"@type":"ReadAction","target":["https:\/\/demoweb.info\/sexshop001\/producto\/tentacion-gel-estimulante-femenino-punto-g-50-ml-16-monodosis\/"]}]},{"@type":"BreadcrumbList","@id":"https:\/\/demoweb.info\/sexshop001\/producto\/tentacion-gel-estimulante-femenino-punto-g-50-ml-16-monodosis\/#breadcrumb","itemListElement":[{"@type":"ListItem","position":1,"name":"Portada","item":"https:\/\/demoweb.info\/sexshop001\/"},{"@type":"ListItem","position":2,"name":"Tienda","item":"https:\/\/demoweb.info\/sexshop001\/tienda\/"},{"@type":"ListItem","position":3,"name":"TENTACION GEL ESTIMULANTE FEMENINO PUNTO G 50 ML 16 MONODOSIS"}]},{"@type":"WebSite","@id":"https:\/\/demoweb.info\/sexshop001\/#website","url":"https:\/\/demoweb.info\/sexshop001\/","name":"Tienda Er\u00f3tica","description":"DEMOWEB SL","potentialAction":[{"@type":"SearchAction","target":{"@type":"EntryPoint","urlTemplate":"https:\/\/demoweb.info\/sexshop001\/?s={search_term_string}"},"query-input":"required name=search_term_string"}],"inLanguage":"es"}]}},"_links":{"self":[{"href":"https:\/\/demoweb.info\/sexshop001\/wp-json\/wp\/v3\/product\/27499","targetHints":{"allow":["GET"]}}],"collection":[{"href":"https:\/\/demoweb.info\/sexshop001\/wp-json\/wp\/v3\/product"}],"about":[{"href":"https:\/\/demoweb.info\/sexshop001\/wp-json\/wp\/v2\/types\/product"}],"replies":[{"embeddable":true,"href":"https:\/\/demoweb.info\/sexshop001\/wp-json\/wp\/v2\/comments?post=27499"}],"wp:featuredmedia":[{"embeddable":true,"href":"https:\/\/demoweb.info\/sexshop001\/wp-json\/wp\/v2\/media\/27500"}],"wp:attachment":[{"href":"https:\/\/demoweb.info\/sexshop001\/wp-json\/wp\/v2\/media?parent=27499"}],"wp:term":[{"taxonomy":"product_cat","embeddable":true,"href":"https:\/\/demoweb.info\/sexshop001\/wp-json\/wp\/v2\/product_cat?post=27499"},{"taxonomy":"product_tag","embeddable":true,"href":"https:\/\/demoweb.info\/sexshop001\/wp-json\/wp\/v2\/product_tag?post=27499"}],"curies":[{"name":"wp","href":"https:\/\/api.w.org\/{rel}","templated":true}]}}