{"id":27439,"date":"2022-01-22T12:12:56","date_gmt":"2022-01-22T11:12:56","guid":{"rendered":"https:\/\/demoweb.info\/sexshop001\/producto\/pdx-moto-stroker\/"},"modified":"2022-01-22T12:12:56","modified_gmt":"2022-01-22T11:12:56","slug":"pdx-moto-stroker","status":"publish","type":"product","link":"https:\/\/demoweb.info\/sexshop001\/producto\/pdx-moto-stroker\/","title":{"rendered":"PDX MOTO STROKER"},"content":{"rendered":"<p><strong>PDX MOTO STROKER<\/strong><\/p>\n<p>El Moto Stroker no solo te hace sacudir como los masturbadores ordinarios, \u00a1combina una vibraci\u00f3n incre\u00edble con un movimiento de caricia autom\u00e1tico s\u00faper suave!<\/p>\n<p>El mecanismo de empuje interno est\u00e1 completamente oculto en el interior y cuenta con 2 anillos de \u201cagarre\u201d de metal alrededor de la manga que golpean y aprietan su eje.<\/p>\n<p>Cada anillo est\u00e1 forrado con una fila de cuentas de placer que se enrollan hacia arriba y hacia abajo por la ca\u00f1a, mientras que la funda de TPR s\u00faper suave envuelve cada cent\u00edmetro. \u00a1Config\u00farelo y olv\u00eddelo!<\/p>\n<p>El motor recargable ofrece un rendimiento de nivel profesional con 2 niveles de velocidades de caricias intensas y 5 ritmos de vibraci\u00f3n emocionantes que te volver\u00e1n loco. Desl\u00edcese en la funda ajustada de TPR y rodee su eje con filas y filas de suaves protuberancias de placer, luego personalice su placer con solo presionar un bot\u00f3n. \u00a1Tu mejor experiencia de caricias est\u00e1 lista cuando t\u00fa lo est\u00e9s!<\/p>\n<p><strong>Caracter\u00edsticas:<\/strong><\/p>\n<p>Empuje de acci\u00f3n de pist\u00f3n de alta potencia: el motor ultrafuerte (activado con el bot\u00f3n T) alimenta 2 filas de cuentas (con 2 velocidades) que masajean cada pulgada de su pene con cada empuje interno.<\/p>\n<p>Vibraciones potentes: 5 patrones de intensidad las vibraciones satisfactorias (activadas con el bot\u00f3n V) aumentan su experiencia<\/p>\n<p>Funda suave y el\u00e1stica extra\u00edble: la funda s\u00faper el\u00e1stica y suave est\u00e1 forrada con filas y filas de protuberancias estimulantes del placer. Se calienta agradablemente a la temperatura de su cuerpo y se puede quitar para divertirse en solitario y facilitar la limpieza.<\/p>\n<p>Ayuda para la disfunci\u00f3n er\u00e9ctil: la masturbaci\u00f3n regular fortalece los m\u00fasculos del suelo p\u00e9lvico, lo que ayuda a prevenir la disfunci\u00f3n er\u00e9ctil (DE) en los hombres. Edging, la pr\u00e1ctica de retrasar intencionalmente el orgasmo, puede desarrollar la resistencia sexual y puede ayudar con la disfunci\u00f3n er\u00e9ctil al estimular el flujo sangu\u00edneo saludable al pene.<\/p>\n<p>Medidas:<\/p>\n<ul>\n<li>Longitud total: 14 cm<\/li>\n<li>Longitud insertable: 8,8 cm<\/li>\n<li>Di\u00e1metro: 5 cm<\/li>\n<\/ul>\n","protected":false},"excerpt":{"rendered":"<p>PDX MOTO STROKER El Moto Stroker no solo te hace sacudir como los masturbadores ordinarios, \u00a1combina una vibraci\u00f3n incre\u00edble con<\/p>\n","protected":false},"featured_media":27440,"comment_status":"open","ping_status":"open","template":"","meta":[],"product_cat":[364],"product_tag":[521,259],"class_list":["post-27439","product","type-product","status-publish","has-post-thumbnail","hentry","product_cat-con-vibracion","product_tag-pdx-elite","product_tag-pipedream"],"bundled_by":[],"bundle_stock_status":"instock","bundle_stock_quantity":4,"bundle_virtual":false,"bundle_layout":"","bundle_add_to_cart_form_location":"","bundle_editable_in_cart":false,"bundle_sold_individually_context":"","bundle_item_grouping":"","bundle_min_size":"","bundle_max_size":"","bundled_items":[],"yoast_head":"<!-- This site is optimized with the Yoast SEO plugin v20.6 - https:\/\/yoast.com\/wordpress\/plugins\/seo\/ -->\n<title>PDX MOTO STROKER - Tienda Er\u00f3tica<\/title>\n<meta name=\"robots\" content=\"noindex, follow, max-snippet:-1, max-image-preview:large, max-video-preview:-1\" \/>\n<meta property=\"og:locale\" content=\"es_ES\" \/>\n<meta property=\"og:type\" content=\"article\" \/>\n<meta property=\"og:title\" content=\"PDX MOTO STROKER - Tienda Er\u00f3tica\" \/>\n<meta property=\"og:description\" content=\"PDX MOTO STROKER El Moto Stroker no solo te hace sacudir como los masturbadores ordinarios, \u00a1combina una vibraci\u00f3n incre\u00edble con\" \/>\n<meta property=\"og:url\" content=\"https:\/\/demoweb.info\/sexshop001\/producto\/pdx-moto-stroker\/\" \/>\n<meta property=\"og:site_name\" content=\"Tienda Er\u00f3tica\" \/>\n<meta property=\"og:image\" content=\"https:\/\/demoweb.info\/sexshop001\/wp-content\/uploads\/2022\/01\/PDX-MOTO-STROKER.jpg\" \/>\n\t<meta property=\"og:image:width\" content=\"550\" \/>\n\t<meta property=\"og:image:height\" content=\"550\" \/>\n\t<meta property=\"og:image:type\" content=\"image\/jpeg\" \/>\n<meta name=\"twitter:card\" content=\"summary_large_image\" \/>\n<meta name=\"twitter:label1\" content=\"Tiempo de lectura\" \/>\n\t<meta name=\"twitter:data1\" content=\"2 minutos\" \/>\n<script type=\"application\/ld+json\" class=\"yoast-schema-graph\">{\"@context\":\"https:\/\/schema.org\",\"@graph\":[{\"@type\":\"WebPage\",\"@id\":\"https:\/\/demoweb.info\/sexshop001\/producto\/pdx-moto-stroker\/\",\"url\":\"https:\/\/demoweb.info\/sexshop001\/producto\/pdx-moto-stroker\/\",\"name\":\"PDX MOTO STROKER - Tienda Er\u00f3tica\",\"isPartOf\":{\"@id\":\"https:\/\/demoweb.info\/sexshop001\/#website\"},\"datePublished\":\"2022-01-22T11:12:56+00:00\",\"dateModified\":\"2022-01-22T11:12:56+00:00\",\"breadcrumb\":{\"@id\":\"https:\/\/demoweb.info\/sexshop001\/producto\/pdx-moto-stroker\/#breadcrumb\"},\"inLanguage\":\"es\",\"potentialAction\":[{\"@type\":\"ReadAction\",\"target\":[\"https:\/\/demoweb.info\/sexshop001\/producto\/pdx-moto-stroker\/\"]}]},{\"@type\":\"BreadcrumbList\",\"@id\":\"https:\/\/demoweb.info\/sexshop001\/producto\/pdx-moto-stroker\/#breadcrumb\",\"itemListElement\":[{\"@type\":\"ListItem\",\"position\":1,\"name\":\"Portada\",\"item\":\"https:\/\/demoweb.info\/sexshop001\/\"},{\"@type\":\"ListItem\",\"position\":2,\"name\":\"Tienda\",\"item\":\"https:\/\/demoweb.info\/sexshop001\/tienda\/\"},{\"@type\":\"ListItem\",\"position\":3,\"name\":\"PDX MOTO STROKER\"}]},{\"@type\":\"WebSite\",\"@id\":\"https:\/\/demoweb.info\/sexshop001\/#website\",\"url\":\"https:\/\/demoweb.info\/sexshop001\/\",\"name\":\"Tienda Er\u00f3tica\",\"description\":\"DEMOWEB SL\",\"potentialAction\":[{\"@type\":\"SearchAction\",\"target\":{\"@type\":\"EntryPoint\",\"urlTemplate\":\"https:\/\/demoweb.info\/sexshop001\/?s={search_term_string}\"},\"query-input\":\"required name=search_term_string\"}],\"inLanguage\":\"es\"}]}<\/script>\n<!-- \/ Yoast SEO plugin. -->","yoast_head_json":{"title":"PDX MOTO STROKER - Tienda Er\u00f3tica","robots":{"index":"noindex","follow":"follow","max-snippet":"max-snippet:-1","max-image-preview":"max-image-preview:large","max-video-preview":"max-video-preview:-1"},"og_locale":"es_ES","og_type":"article","og_title":"PDX MOTO STROKER - Tienda Er\u00f3tica","og_description":"PDX MOTO STROKER El Moto Stroker no solo te hace sacudir como los masturbadores ordinarios, \u00a1combina una vibraci\u00f3n incre\u00edble con","og_url":"https:\/\/demoweb.info\/sexshop001\/producto\/pdx-moto-stroker\/","og_site_name":"Tienda Er\u00f3tica","og_image":[{"width":550,"height":550,"url":"https:\/\/demoweb.info\/sexshop001\/wp-content\/uploads\/2022\/01\/PDX-MOTO-STROKER.jpg","type":"image\/jpeg"}],"twitter_card":"summary_large_image","twitter_misc":{"Tiempo de lectura":"2 minutos"},"schema":{"@context":"https:\/\/schema.org","@graph":[{"@type":"WebPage","@id":"https:\/\/demoweb.info\/sexshop001\/producto\/pdx-moto-stroker\/","url":"https:\/\/demoweb.info\/sexshop001\/producto\/pdx-moto-stroker\/","name":"PDX MOTO STROKER - Tienda Er\u00f3tica","isPartOf":{"@id":"https:\/\/demoweb.info\/sexshop001\/#website"},"datePublished":"2022-01-22T11:12:56+00:00","dateModified":"2022-01-22T11:12:56+00:00","breadcrumb":{"@id":"https:\/\/demoweb.info\/sexshop001\/producto\/pdx-moto-stroker\/#breadcrumb"},"inLanguage":"es","potentialAction":[{"@type":"ReadAction","target":["https:\/\/demoweb.info\/sexshop001\/producto\/pdx-moto-stroker\/"]}]},{"@type":"BreadcrumbList","@id":"https:\/\/demoweb.info\/sexshop001\/producto\/pdx-moto-stroker\/#breadcrumb","itemListElement":[{"@type":"ListItem","position":1,"name":"Portada","item":"https:\/\/demoweb.info\/sexshop001\/"},{"@type":"ListItem","position":2,"name":"Tienda","item":"https:\/\/demoweb.info\/sexshop001\/tienda\/"},{"@type":"ListItem","position":3,"name":"PDX MOTO STROKER"}]},{"@type":"WebSite","@id":"https:\/\/demoweb.info\/sexshop001\/#website","url":"https:\/\/demoweb.info\/sexshop001\/","name":"Tienda Er\u00f3tica","description":"DEMOWEB SL","potentialAction":[{"@type":"SearchAction","target":{"@type":"EntryPoint","urlTemplate":"https:\/\/demoweb.info\/sexshop001\/?s={search_term_string}"},"query-input":"required name=search_term_string"}],"inLanguage":"es"}]}},"_links":{"self":[{"href":"https:\/\/demoweb.info\/sexshop001\/wp-json\/wp\/v3\/product\/27439","targetHints":{"allow":["GET"]}}],"collection":[{"href":"https:\/\/demoweb.info\/sexshop001\/wp-json\/wp\/v3\/product"}],"about":[{"href":"https:\/\/demoweb.info\/sexshop001\/wp-json\/wp\/v2\/types\/product"}],"replies":[{"embeddable":true,"href":"https:\/\/demoweb.info\/sexshop001\/wp-json\/wp\/v2\/comments?post=27439"}],"wp:featuredmedia":[{"embeddable":true,"href":"https:\/\/demoweb.info\/sexshop001\/wp-json\/wp\/v2\/media\/27440"}],"wp:attachment":[{"href":"https:\/\/demoweb.info\/sexshop001\/wp-json\/wp\/v2\/media?parent=27439"}],"wp:term":[{"taxonomy":"product_cat","embeddable":true,"href":"https:\/\/demoweb.info\/sexshop001\/wp-json\/wp\/v2\/product_cat?post=27439"},{"taxonomy":"product_tag","embeddable":true,"href":"https:\/\/demoweb.info\/sexshop001\/wp-json\/wp\/v2\/product_tag?post=27439"}],"curies":[{"name":"wp","href":"https:\/\/api.w.org\/{rel}","templated":true}]}}