{"id":27416,"date":"2022-01-22T12:12:38","date_gmt":"2022-01-22T11:12:38","guid":{"rendered":"https:\/\/demoweb.info\/sexshop001\/producto\/g-booster-vibrador-dobles-estimulacion-morado\/"},"modified":"2022-01-22T12:12:44","modified_gmt":"2022-01-22T11:12:44","slug":"g-booster-vibrador-dobles-estimulacion-morado","status":"publish","type":"product","link":"https:\/\/demoweb.info\/sexshop001\/producto\/g-booster-vibrador-dobles-estimulacion-morado\/","title":{"rendered":"G-BOOSTER VIBRADOR DOBLES ESTIMULACI\u00d3N MORADO"},"content":{"rendered":"<p><strong>G-BOOSTER VIBRATOR<\/strong><\/p>\n<p>El G-Booster de TOYJOY Designer Edition es la combinaci\u00f3n perfecta de funcionalidad de vanguardia y est\u00e9tica lujosa.<\/p>\n<p>Este vibrador moderno de doble estimulaci\u00f3n proporciona una satisfacci\u00f3n precisa tanto para el punto G como para el cl\u00edtoris: provocando simult\u00e1neamente las zonas er\u00f3genas hasta un cl\u00edmax alucinante.<\/p>\n<p>Este innovador dise\u00f1o recargable por USB cuenta con 3 velocidades de vibraci\u00f3n, 4 modos de vibraci\u00f3n y est\u00e1 equipado con 2 motores para duplicar la estimulaci\u00f3n potente.<\/p>\n<p>La silueta est\u00e1 recubierta de silicona de primera calidad, segura para el cuerpo, que es hipoalerg\u00e9nica y f\u00e1cil de limpiar. Elegante, sexy y \u00fanico: el G-Booster es un lujo que toda mujer merece.<\/p>\n<p>Caracter\u00edsticas:<\/p>\n<ul>\n<li>Medidas: 23 x 3 cm<\/li>\n<li>Longitud insertable: 12 cm<\/li>\n<li>Modos de vibraci\u00f3n: 4<\/li>\n<li>Velocidades: 3<\/li>\n<li>Impermeable<\/li>\n<li>Material: Silicona 100%<\/li>\n<li>Recargable con USB<\/li>\n<li>Tuiempo de carga: 150 minutos<\/li>\n<li>Tiempo de funcionamiento: 60 minutos<\/li>\n<\/ul>\n","protected":false},"excerpt":{"rendered":"<p>G-BOOSTER VIBRATOR El G-Booster de TOYJOY Designer Edition es la combinaci\u00f3n perfecta de funcionalidad de vanguardia y est\u00e9tica lujosa. Este<\/p>\n","protected":false},"featured_media":27417,"comment_status":"open","ping_status":"open","template":"","meta":[],"product_cat":[434],"product_tag":[250,247],"class_list":["post-27416","product","type-product","status-publish","has-post-thumbnail","hentry","product_cat-doble-estimulacion-vibradores-juguetes-xxx","product_tag-designer-edition","product_tag-toyjoy"],"bundled_by":[],"bundle_stock_status":"instock","bundle_stock_quantity":1,"bundle_virtual":false,"bundle_layout":"","bundle_add_to_cart_form_location":"","bundle_editable_in_cart":false,"bundle_sold_individually_context":"","bundle_item_grouping":"","bundle_min_size":"","bundle_max_size":"","bundled_items":[],"yoast_head":"<!-- This site is optimized with the Yoast SEO plugin v20.6 - https:\/\/yoast.com\/wordpress\/plugins\/seo\/ -->\n<title>G-BOOSTER VIBRADOR DOBLES ESTIMULACI\u00d3N MORADO - Tienda Er\u00f3tica<\/title>\n<meta name=\"robots\" content=\"noindex, follow, max-snippet:-1, max-image-preview:large, max-video-preview:-1\" \/>\n<meta property=\"og:locale\" content=\"es_ES\" \/>\n<meta property=\"og:type\" content=\"article\" \/>\n<meta property=\"og:title\" content=\"G-BOOSTER VIBRADOR DOBLES ESTIMULACI\u00d3N MORADO - Tienda Er\u00f3tica\" \/>\n<meta property=\"og:description\" content=\"G-BOOSTER VIBRATOR El G-Booster de TOYJOY Designer Edition es la combinaci\u00f3n perfecta de funcionalidad de vanguardia y est\u00e9tica lujosa. Este\" \/>\n<meta property=\"og:url\" content=\"https:\/\/demoweb.info\/sexshop001\/producto\/g-booster-vibrador-dobles-estimulacion-morado\/\" \/>\n<meta property=\"og:site_name\" content=\"Tienda Er\u00f3tica\" \/>\n<meta property=\"article:modified_time\" content=\"2022-01-22T11:12:44+00:00\" \/>\n<meta property=\"og:image\" content=\"https:\/\/demoweb.info\/sexshop001\/wp-content\/uploads\/2022\/01\/G-BOOSTER-VIBRADOR-DOBLES-ESTIMULACION-MORADO.jpg\" \/>\n\t<meta property=\"og:image:width\" content=\"550\" \/>\n\t<meta property=\"og:image:height\" content=\"550\" \/>\n\t<meta property=\"og:image:type\" content=\"image\/jpeg\" \/>\n<meta name=\"twitter:card\" content=\"summary_large_image\" \/>\n<meta name=\"twitter:label1\" content=\"Tiempo de lectura\" \/>\n\t<meta name=\"twitter:data1\" content=\"1 minuto\" \/>\n<script type=\"application\/ld+json\" class=\"yoast-schema-graph\">{\"@context\":\"https:\/\/schema.org\",\"@graph\":[{\"@type\":\"WebPage\",\"@id\":\"https:\/\/demoweb.info\/sexshop001\/producto\/g-booster-vibrador-dobles-estimulacion-morado\/\",\"url\":\"https:\/\/demoweb.info\/sexshop001\/producto\/g-booster-vibrador-dobles-estimulacion-morado\/\",\"name\":\"G-BOOSTER VIBRADOR DOBLES ESTIMULACI\u00d3N MORADO - Tienda Er\u00f3tica\",\"isPartOf\":{\"@id\":\"https:\/\/demoweb.info\/sexshop001\/#website\"},\"datePublished\":\"2022-01-22T11:12:38+00:00\",\"dateModified\":\"2022-01-22T11:12:44+00:00\",\"breadcrumb\":{\"@id\":\"https:\/\/demoweb.info\/sexshop001\/producto\/g-booster-vibrador-dobles-estimulacion-morado\/#breadcrumb\"},\"inLanguage\":\"es\",\"potentialAction\":[{\"@type\":\"ReadAction\",\"target\":[\"https:\/\/demoweb.info\/sexshop001\/producto\/g-booster-vibrador-dobles-estimulacion-morado\/\"]}]},{\"@type\":\"BreadcrumbList\",\"@id\":\"https:\/\/demoweb.info\/sexshop001\/producto\/g-booster-vibrador-dobles-estimulacion-morado\/#breadcrumb\",\"itemListElement\":[{\"@type\":\"ListItem\",\"position\":1,\"name\":\"Portada\",\"item\":\"https:\/\/demoweb.info\/sexshop001\/\"},{\"@type\":\"ListItem\",\"position\":2,\"name\":\"Tienda\",\"item\":\"https:\/\/demoweb.info\/sexshop001\/tienda\/\"},{\"@type\":\"ListItem\",\"position\":3,\"name\":\"G-BOOSTER VIBRADOR DOBLES ESTIMULACI\u00d3N MORADO\"}]},{\"@type\":\"WebSite\",\"@id\":\"https:\/\/demoweb.info\/sexshop001\/#website\",\"url\":\"https:\/\/demoweb.info\/sexshop001\/\",\"name\":\"Tienda Er\u00f3tica\",\"description\":\"DEMOWEB SL\",\"potentialAction\":[{\"@type\":\"SearchAction\",\"target\":{\"@type\":\"EntryPoint\",\"urlTemplate\":\"https:\/\/demoweb.info\/sexshop001\/?s={search_term_string}\"},\"query-input\":\"required name=search_term_string\"}],\"inLanguage\":\"es\"}]}<\/script>\n<!-- \/ Yoast SEO plugin. -->","yoast_head_json":{"title":"G-BOOSTER VIBRADOR DOBLES ESTIMULACI\u00d3N MORADO - Tienda Er\u00f3tica","robots":{"index":"noindex","follow":"follow","max-snippet":"max-snippet:-1","max-image-preview":"max-image-preview:large","max-video-preview":"max-video-preview:-1"},"og_locale":"es_ES","og_type":"article","og_title":"G-BOOSTER VIBRADOR DOBLES ESTIMULACI\u00d3N MORADO - Tienda Er\u00f3tica","og_description":"G-BOOSTER VIBRATOR El G-Booster de TOYJOY Designer Edition es la combinaci\u00f3n perfecta de funcionalidad de vanguardia y est\u00e9tica lujosa. Este","og_url":"https:\/\/demoweb.info\/sexshop001\/producto\/g-booster-vibrador-dobles-estimulacion-morado\/","og_site_name":"Tienda Er\u00f3tica","article_modified_time":"2022-01-22T11:12:44+00:00","og_image":[{"width":550,"height":550,"url":"https:\/\/demoweb.info\/sexshop001\/wp-content\/uploads\/2022\/01\/G-BOOSTER-VIBRADOR-DOBLES-ESTIMULACION-MORADO.jpg","type":"image\/jpeg"}],"twitter_card":"summary_large_image","twitter_misc":{"Tiempo de lectura":"1 minuto"},"schema":{"@context":"https:\/\/schema.org","@graph":[{"@type":"WebPage","@id":"https:\/\/demoweb.info\/sexshop001\/producto\/g-booster-vibrador-dobles-estimulacion-morado\/","url":"https:\/\/demoweb.info\/sexshop001\/producto\/g-booster-vibrador-dobles-estimulacion-morado\/","name":"G-BOOSTER VIBRADOR DOBLES ESTIMULACI\u00d3N MORADO - Tienda Er\u00f3tica","isPartOf":{"@id":"https:\/\/demoweb.info\/sexshop001\/#website"},"datePublished":"2022-01-22T11:12:38+00:00","dateModified":"2022-01-22T11:12:44+00:00","breadcrumb":{"@id":"https:\/\/demoweb.info\/sexshop001\/producto\/g-booster-vibrador-dobles-estimulacion-morado\/#breadcrumb"},"inLanguage":"es","potentialAction":[{"@type":"ReadAction","target":["https:\/\/demoweb.info\/sexshop001\/producto\/g-booster-vibrador-dobles-estimulacion-morado\/"]}]},{"@type":"BreadcrumbList","@id":"https:\/\/demoweb.info\/sexshop001\/producto\/g-booster-vibrador-dobles-estimulacion-morado\/#breadcrumb","itemListElement":[{"@type":"ListItem","position":1,"name":"Portada","item":"https:\/\/demoweb.info\/sexshop001\/"},{"@type":"ListItem","position":2,"name":"Tienda","item":"https:\/\/demoweb.info\/sexshop001\/tienda\/"},{"@type":"ListItem","position":3,"name":"G-BOOSTER VIBRADOR DOBLES ESTIMULACI\u00d3N MORADO"}]},{"@type":"WebSite","@id":"https:\/\/demoweb.info\/sexshop001\/#website","url":"https:\/\/demoweb.info\/sexshop001\/","name":"Tienda Er\u00f3tica","description":"DEMOWEB SL","potentialAction":[{"@type":"SearchAction","target":{"@type":"EntryPoint","urlTemplate":"https:\/\/demoweb.info\/sexshop001\/?s={search_term_string}"},"query-input":"required name=search_term_string"}],"inLanguage":"es"}]}},"_links":{"self":[{"href":"https:\/\/demoweb.info\/sexshop001\/wp-json\/wp\/v3\/product\/27416","targetHints":{"allow":["GET"]}}],"collection":[{"href":"https:\/\/demoweb.info\/sexshop001\/wp-json\/wp\/v3\/product"}],"about":[{"href":"https:\/\/demoweb.info\/sexshop001\/wp-json\/wp\/v2\/types\/product"}],"replies":[{"embeddable":true,"href":"https:\/\/demoweb.info\/sexshop001\/wp-json\/wp\/v2\/comments?post=27416"}],"wp:featuredmedia":[{"embeddable":true,"href":"https:\/\/demoweb.info\/sexshop001\/wp-json\/wp\/v2\/media\/27417"}],"wp:attachment":[{"href":"https:\/\/demoweb.info\/sexshop001\/wp-json\/wp\/v2\/media?parent=27416"}],"wp:term":[{"taxonomy":"product_cat","embeddable":true,"href":"https:\/\/demoweb.info\/sexshop001\/wp-json\/wp\/v2\/product_cat?post=27416"},{"taxonomy":"product_tag","embeddable":true,"href":"https:\/\/demoweb.info\/sexshop001\/wp-json\/wp\/v2\/product_tag?post=27416"}],"curies":[{"name":"wp","href":"https:\/\/api.w.org\/{rel}","templated":true}]}}