{"id":27391,"date":"2022-01-22T12:12:29","date_gmt":"2022-01-22T11:12:29","guid":{"rendered":"https:\/\/demoweb.info\/sexshop001\/producto\/earthly-body-acondicionador-sin-aclarado-4oz-118-ml\/"},"modified":"2022-01-22T12:12:31","modified_gmt":"2022-01-22T11:12:31","slug":"earthly-body-acondicionador-sin-aclarado-4oz-118-ml","status":"publish","type":"product","link":"https:\/\/demoweb.info\/sexshop001\/producto\/earthly-body-acondicionador-sin-aclarado-4oz-118-ml\/","title":{"rendered":"EARTHLY BODY &#8211; ACONDICIONADOR SIN ACLARADO &#8211; 4OZ \/ 118 ML"},"content":{"rendered":"<p><strong>LEAVE IN CONDITIONER &#038; DETANGLER &#8211; 4OZ \/ 118 ML<\/strong><\/p>\n<p>Dale a tu cepillo un nuevo mejor amigo.<\/p>\n<p>Nuestro acondicionador y desenredante sin enjuague de semillas de c\u00e1\u00f1amo multiusos suaviza, suaviza e hidrata, brind\u00e1ndole un control total.<\/p>\n<p>Con una infusi\u00f3n de aceite de semilla de c\u00e1\u00f1amo y coco, cuidar tu cabello nunca ha sido tan f\u00e1cil.<\/p>\n<ul>\n<li>Libre de ftalato S\u00ed<\/li>\n<li>Los ingredientes Agua (Aqua), alcohol cet\u00edlico, amodimeticona, cloruro de estearalconio, bromuro de cetrimonio, ciclopentasiloxano, cloruro de cetrimonio, pantenol, glicerina, aceite de coco nucifera, aceite de semilla de cannabis sativa (c\u00e1\u00f1amo), extracto de hoja de aloe barbadensis malus, Extracto, Extracto de flor de Chamomilla Recutita, Extracto de fruta de lim\u00f3n c\u00edtrico, Extracto de hoja de Rosmarinus officinalis, Extracto de semilla de Vitis vinifera, Extracto de fruta de Foeniculum vulgare, Extracto de flor de Cal\u00e9ndula officinalis, Extracto de fruta de Citrus Aurantium Dulcis, Trideceth-12, Fenoxietanol, Etilhexilgrance<\/li>\n<\/ul>\n","protected":false},"excerpt":{"rendered":"<p>LEAVE IN CONDITIONER &#038; DETANGLER &#8211; 4OZ \/ 118 ML Dale a tu cepillo un nuevo mejor amigo. Nuestro acondicionador<\/p>\n","protected":false},"featured_media":27392,"comment_status":"open","ping_status":"open","template":"","meta":[],"product_cat":[516],"product_tag":[790,511],"class_list":["post-27391","product","type-product","status-publish","has-post-thumbnail","hentry","product_cat-linea-bio-aceites-y-lubricantes","product_tag-cbd-daily","product_tag-earthly-body"],"bundled_by":[],"bundle_stock_status":"instock","bundle_stock_quantity":1,"bundle_virtual":false,"bundle_layout":"","bundle_add_to_cart_form_location":"","bundle_editable_in_cart":false,"bundle_sold_individually_context":"","bundle_item_grouping":"","bundle_min_size":"","bundle_max_size":"","bundled_items":[],"yoast_head":"<!-- This site is optimized with the Yoast SEO plugin v20.6 - https:\/\/yoast.com\/wordpress\/plugins\/seo\/ -->\n<title>EARTHLY BODY - ACONDICIONADOR SIN ACLARADO - 4OZ \/ 118 ML - Tienda Er\u00f3tica<\/title>\n<meta name=\"robots\" content=\"noindex, follow, max-snippet:-1, max-image-preview:large, max-video-preview:-1\" \/>\n<meta property=\"og:locale\" content=\"es_ES\" \/>\n<meta property=\"og:type\" content=\"article\" \/>\n<meta property=\"og:title\" content=\"EARTHLY BODY - ACONDICIONADOR SIN ACLARADO - 4OZ \/ 118 ML - Tienda Er\u00f3tica\" \/>\n<meta property=\"og:description\" content=\"LEAVE IN CONDITIONER &#038; DETANGLER &#8211; 4OZ \/ 118 ML Dale a tu cepillo un nuevo mejor amigo. Nuestro acondicionador\" \/>\n<meta property=\"og:url\" content=\"https:\/\/demoweb.info\/sexshop001\/producto\/earthly-body-acondicionador-sin-aclarado-4oz-118-ml\/\" \/>\n<meta property=\"og:site_name\" content=\"Tienda Er\u00f3tica\" \/>\n<meta property=\"article:modified_time\" content=\"2022-01-22T11:12:31+00:00\" \/>\n<meta property=\"og:image\" content=\"https:\/\/demoweb.info\/sexshop001\/wp-content\/uploads\/2022\/01\/EARTHLY-BODY-ACONDICIONADOR-SIN-ACLARADO-4OZ-118-ML.jpg\" \/>\n\t<meta property=\"og:image:width\" content=\"550\" \/>\n\t<meta property=\"og:image:height\" content=\"550\" \/>\n\t<meta property=\"og:image:type\" content=\"image\/jpeg\" \/>\n<meta name=\"twitter:card\" content=\"summary_large_image\" \/>\n<meta name=\"twitter:label1\" content=\"Tiempo de lectura\" \/>\n\t<meta name=\"twitter:data1\" content=\"1 minuto\" \/>\n<script type=\"application\/ld+json\" class=\"yoast-schema-graph\">{\"@context\":\"https:\/\/schema.org\",\"@graph\":[{\"@type\":\"WebPage\",\"@id\":\"https:\/\/demoweb.info\/sexshop001\/producto\/earthly-body-acondicionador-sin-aclarado-4oz-118-ml\/\",\"url\":\"https:\/\/demoweb.info\/sexshop001\/producto\/earthly-body-acondicionador-sin-aclarado-4oz-118-ml\/\",\"name\":\"EARTHLY BODY - ACONDICIONADOR SIN ACLARADO - 4OZ \/ 118 ML - Tienda Er\u00f3tica\",\"isPartOf\":{\"@id\":\"https:\/\/demoweb.info\/sexshop001\/#website\"},\"datePublished\":\"2022-01-22T11:12:29+00:00\",\"dateModified\":\"2022-01-22T11:12:31+00:00\",\"breadcrumb\":{\"@id\":\"https:\/\/demoweb.info\/sexshop001\/producto\/earthly-body-acondicionador-sin-aclarado-4oz-118-ml\/#breadcrumb\"},\"inLanguage\":\"es\",\"potentialAction\":[{\"@type\":\"ReadAction\",\"target\":[\"https:\/\/demoweb.info\/sexshop001\/producto\/earthly-body-acondicionador-sin-aclarado-4oz-118-ml\/\"]}]},{\"@type\":\"BreadcrumbList\",\"@id\":\"https:\/\/demoweb.info\/sexshop001\/producto\/earthly-body-acondicionador-sin-aclarado-4oz-118-ml\/#breadcrumb\",\"itemListElement\":[{\"@type\":\"ListItem\",\"position\":1,\"name\":\"Portada\",\"item\":\"https:\/\/demoweb.info\/sexshop001\/\"},{\"@type\":\"ListItem\",\"position\":2,\"name\":\"Tienda\",\"item\":\"https:\/\/demoweb.info\/sexshop001\/tienda\/\"},{\"@type\":\"ListItem\",\"position\":3,\"name\":\"EARTHLY BODY &#8211; ACONDICIONADOR SIN ACLARADO &#8211; 4OZ \/ 118 ML\"}]},{\"@type\":\"WebSite\",\"@id\":\"https:\/\/demoweb.info\/sexshop001\/#website\",\"url\":\"https:\/\/demoweb.info\/sexshop001\/\",\"name\":\"Tienda Er\u00f3tica\",\"description\":\"DEMOWEB SL\",\"potentialAction\":[{\"@type\":\"SearchAction\",\"target\":{\"@type\":\"EntryPoint\",\"urlTemplate\":\"https:\/\/demoweb.info\/sexshop001\/?s={search_term_string}\"},\"query-input\":\"required name=search_term_string\"}],\"inLanguage\":\"es\"}]}<\/script>\n<!-- \/ Yoast SEO plugin. -->","yoast_head_json":{"title":"EARTHLY BODY - ACONDICIONADOR SIN ACLARADO - 4OZ \/ 118 ML - Tienda Er\u00f3tica","robots":{"index":"noindex","follow":"follow","max-snippet":"max-snippet:-1","max-image-preview":"max-image-preview:large","max-video-preview":"max-video-preview:-1"},"og_locale":"es_ES","og_type":"article","og_title":"EARTHLY BODY - ACONDICIONADOR SIN ACLARADO - 4OZ \/ 118 ML - Tienda Er\u00f3tica","og_description":"LEAVE IN CONDITIONER &#038; DETANGLER &#8211; 4OZ \/ 118 ML Dale a tu cepillo un nuevo mejor amigo. Nuestro acondicionador","og_url":"https:\/\/demoweb.info\/sexshop001\/producto\/earthly-body-acondicionador-sin-aclarado-4oz-118-ml\/","og_site_name":"Tienda Er\u00f3tica","article_modified_time":"2022-01-22T11:12:31+00:00","og_image":[{"width":550,"height":550,"url":"https:\/\/demoweb.info\/sexshop001\/wp-content\/uploads\/2022\/01\/EARTHLY-BODY-ACONDICIONADOR-SIN-ACLARADO-4OZ-118-ML.jpg","type":"image\/jpeg"}],"twitter_card":"summary_large_image","twitter_misc":{"Tiempo de lectura":"1 minuto"},"schema":{"@context":"https:\/\/schema.org","@graph":[{"@type":"WebPage","@id":"https:\/\/demoweb.info\/sexshop001\/producto\/earthly-body-acondicionador-sin-aclarado-4oz-118-ml\/","url":"https:\/\/demoweb.info\/sexshop001\/producto\/earthly-body-acondicionador-sin-aclarado-4oz-118-ml\/","name":"EARTHLY BODY - ACONDICIONADOR SIN ACLARADO - 4OZ \/ 118 ML - Tienda Er\u00f3tica","isPartOf":{"@id":"https:\/\/demoweb.info\/sexshop001\/#website"},"datePublished":"2022-01-22T11:12:29+00:00","dateModified":"2022-01-22T11:12:31+00:00","breadcrumb":{"@id":"https:\/\/demoweb.info\/sexshop001\/producto\/earthly-body-acondicionador-sin-aclarado-4oz-118-ml\/#breadcrumb"},"inLanguage":"es","potentialAction":[{"@type":"ReadAction","target":["https:\/\/demoweb.info\/sexshop001\/producto\/earthly-body-acondicionador-sin-aclarado-4oz-118-ml\/"]}]},{"@type":"BreadcrumbList","@id":"https:\/\/demoweb.info\/sexshop001\/producto\/earthly-body-acondicionador-sin-aclarado-4oz-118-ml\/#breadcrumb","itemListElement":[{"@type":"ListItem","position":1,"name":"Portada","item":"https:\/\/demoweb.info\/sexshop001\/"},{"@type":"ListItem","position":2,"name":"Tienda","item":"https:\/\/demoweb.info\/sexshop001\/tienda\/"},{"@type":"ListItem","position":3,"name":"EARTHLY BODY &#8211; ACONDICIONADOR SIN ACLARADO &#8211; 4OZ \/ 118 ML"}]},{"@type":"WebSite","@id":"https:\/\/demoweb.info\/sexshop001\/#website","url":"https:\/\/demoweb.info\/sexshop001\/","name":"Tienda Er\u00f3tica","description":"DEMOWEB SL","potentialAction":[{"@type":"SearchAction","target":{"@type":"EntryPoint","urlTemplate":"https:\/\/demoweb.info\/sexshop001\/?s={search_term_string}"},"query-input":"required name=search_term_string"}],"inLanguage":"es"}]}},"_links":{"self":[{"href":"https:\/\/demoweb.info\/sexshop001\/wp-json\/wp\/v3\/product\/27391","targetHints":{"allow":["GET"]}}],"collection":[{"href":"https:\/\/demoweb.info\/sexshop001\/wp-json\/wp\/v3\/product"}],"about":[{"href":"https:\/\/demoweb.info\/sexshop001\/wp-json\/wp\/v2\/types\/product"}],"replies":[{"embeddable":true,"href":"https:\/\/demoweb.info\/sexshop001\/wp-json\/wp\/v2\/comments?post=27391"}],"wp:featuredmedia":[{"embeddable":true,"href":"https:\/\/demoweb.info\/sexshop001\/wp-json\/wp\/v2\/media\/27392"}],"wp:attachment":[{"href":"https:\/\/demoweb.info\/sexshop001\/wp-json\/wp\/v2\/media?parent=27391"}],"wp:term":[{"taxonomy":"product_cat","embeddable":true,"href":"https:\/\/demoweb.info\/sexshop001\/wp-json\/wp\/v2\/product_cat?post=27391"},{"taxonomy":"product_tag","embeddable":true,"href":"https:\/\/demoweb.info\/sexshop001\/wp-json\/wp\/v2\/product_tag?post=27391"}],"curies":[{"name":"wp","href":"https:\/\/api.w.org\/{rel}","templated":true}]}}