{"id":27387,"date":"2022-01-22T12:12:29","date_gmt":"2022-01-22T11:12:29","guid":{"rendered":"https:\/\/demoweb.info\/sexshop001\/producto\/earthly-body-champu-semillas-de-canamo-1oz-30-ml\/"},"modified":"2022-01-22T12:12:29","modified_gmt":"2022-01-22T11:12:29","slug":"earthly-body-champu-semillas-de-canamo-1oz-30-ml","status":"publish","type":"product","link":"https:\/\/demoweb.info\/sexshop001\/producto\/earthly-body-champu-semillas-de-canamo-1oz-30-ml\/","title":{"rendered":"EARTHLY BODY &#8211; CHAMP\u00da SEMILLAS DE C\u00c1\u00d1AMO &#8211; 1OZ \/ 30 ML"},"content":{"rendered":"<p><strong>HEMP SEED HAIR CARE SHAMPOO &#8211; 1OZ \/ 30 ML<\/strong><\/p>\n<p>Enriquece tu cabello con los poderes reponedores de los aceites de semillas de c\u00e1\u00f1amo y coco en nuestro champ\u00fa de aceite de semillas de c\u00e1\u00f1amo.<\/p>\n<p>Esta mezcla nutritiva y sin sulfatos calma el cuero cabelludo y deja el cabello limpio e hidratado.<\/p>\n<ul>\n<li>Los ingredientes Aqua \/ Agua \/ Eau, Laureth Sulfosuccinato Dis\u00f3dico, Beta\u00edna Cocamidopropilo, Isetionato De Cocoilo S\u00f3dico, Polyquaternium-7, Glicerina, Perfume \/ Fragancia, Prote\u00edna De Trigo Hidrolizada, Jugo De Hoja De Aloe Barbadensis, Extracto De Corteza De Salix Albamar (Sauce), Extracto De Corteza De Salix Alba (Sauce), Espiraea Extracto de Larrea Divaricata, Extracto de hoja de Olea Europaea (Olivo), Aceite de semilla de Cannabis Sativa (C\u00e1\u00f1amo), Acetato de tocoferilo, PCA de sodio, Diestearato de PEG-150, Aceite de Cocos Nucifera (Coco), Etilhexilglicerina, Fenoxietanol, Linalol, Hexil Benzonamal, Bencilo cinamal Geraniol<\/li>\n<\/ul>\n","protected":false},"excerpt":{"rendered":"<p>HEMP SEED HAIR CARE SHAMPOO &#8211; 1OZ \/ 30 ML Enriquece tu cabello con los poderes reponedores de los aceites<\/p>\n","protected":false},"featured_media":27388,"comment_status":"open","ping_status":"open","template":"","meta":[],"product_cat":[514],"product_tag":[790,511],"class_list":["post-27387","product","type-product","status-publish","has-post-thumbnail","hentry","product_cat-linea-bio","product_tag-cbd-daily","product_tag-earthly-body"],"bundled_by":[],"bundle_stock_status":"outofstock","bundle_stock_quantity":0,"bundle_virtual":false,"bundle_layout":"","bundle_add_to_cart_form_location":"","bundle_editable_in_cart":false,"bundle_sold_individually_context":"","bundle_item_grouping":"","bundle_min_size":"","bundle_max_size":"","bundled_items":[],"yoast_head":"<!-- This site is optimized with the Yoast SEO plugin v20.6 - https:\/\/yoast.com\/wordpress\/plugins\/seo\/ -->\n<title>EARTHLY BODY - CHAMP\u00da SEMILLAS DE C\u00c1\u00d1AMO - 1OZ \/ 30 ML - Tienda Er\u00f3tica<\/title>\n<meta name=\"robots\" content=\"noindex, follow, max-snippet:-1, max-image-preview:large, max-video-preview:-1\" \/>\n<meta property=\"og:locale\" content=\"es_ES\" \/>\n<meta property=\"og:type\" content=\"article\" \/>\n<meta property=\"og:title\" content=\"EARTHLY BODY - CHAMP\u00da SEMILLAS DE C\u00c1\u00d1AMO - 1OZ \/ 30 ML - Tienda Er\u00f3tica\" \/>\n<meta property=\"og:description\" content=\"HEMP SEED HAIR CARE SHAMPOO &#8211; 1OZ \/ 30 ML Enriquece tu cabello con los poderes reponedores de los aceites\" \/>\n<meta property=\"og:url\" content=\"https:\/\/demoweb.info\/sexshop001\/producto\/earthly-body-champu-semillas-de-canamo-1oz-30-ml\/\" \/>\n<meta property=\"og:site_name\" content=\"Tienda Er\u00f3tica\" \/>\n<meta property=\"og:image\" content=\"https:\/\/demoweb.info\/sexshop001\/wp-content\/uploads\/2022\/01\/EARTHLY-BODY-CHAMPU-SEMILLAS-DE-CANAMO-1OZ-30-ML.jpg\" \/>\n\t<meta property=\"og:image:width\" content=\"550\" \/>\n\t<meta property=\"og:image:height\" content=\"550\" \/>\n\t<meta property=\"og:image:type\" content=\"image\/jpeg\" \/>\n<meta name=\"twitter:card\" content=\"summary_large_image\" \/>\n<meta name=\"twitter:label1\" content=\"Tiempo de lectura\" \/>\n\t<meta name=\"twitter:data1\" content=\"1 minuto\" \/>\n<script type=\"application\/ld+json\" class=\"yoast-schema-graph\">{\"@context\":\"https:\/\/schema.org\",\"@graph\":[{\"@type\":\"WebPage\",\"@id\":\"https:\/\/demoweb.info\/sexshop001\/producto\/earthly-body-champu-semillas-de-canamo-1oz-30-ml\/\",\"url\":\"https:\/\/demoweb.info\/sexshop001\/producto\/earthly-body-champu-semillas-de-canamo-1oz-30-ml\/\",\"name\":\"EARTHLY BODY - CHAMP\u00da SEMILLAS DE C\u00c1\u00d1AMO - 1OZ \/ 30 ML - Tienda Er\u00f3tica\",\"isPartOf\":{\"@id\":\"https:\/\/demoweb.info\/sexshop001\/#website\"},\"datePublished\":\"2022-01-22T11:12:29+00:00\",\"dateModified\":\"2022-01-22T11:12:29+00:00\",\"breadcrumb\":{\"@id\":\"https:\/\/demoweb.info\/sexshop001\/producto\/earthly-body-champu-semillas-de-canamo-1oz-30-ml\/#breadcrumb\"},\"inLanguage\":\"es\",\"potentialAction\":[{\"@type\":\"ReadAction\",\"target\":[\"https:\/\/demoweb.info\/sexshop001\/producto\/earthly-body-champu-semillas-de-canamo-1oz-30-ml\/\"]}]},{\"@type\":\"BreadcrumbList\",\"@id\":\"https:\/\/demoweb.info\/sexshop001\/producto\/earthly-body-champu-semillas-de-canamo-1oz-30-ml\/#breadcrumb\",\"itemListElement\":[{\"@type\":\"ListItem\",\"position\":1,\"name\":\"Portada\",\"item\":\"https:\/\/demoweb.info\/sexshop001\/\"},{\"@type\":\"ListItem\",\"position\":2,\"name\":\"Tienda\",\"item\":\"https:\/\/demoweb.info\/sexshop001\/tienda\/\"},{\"@type\":\"ListItem\",\"position\":3,\"name\":\"EARTHLY BODY &#8211; CHAMP\u00da SEMILLAS DE C\u00c1\u00d1AMO &#8211; 1OZ \/ 30 ML\"}]},{\"@type\":\"WebSite\",\"@id\":\"https:\/\/demoweb.info\/sexshop001\/#website\",\"url\":\"https:\/\/demoweb.info\/sexshop001\/\",\"name\":\"Tienda Er\u00f3tica\",\"description\":\"DEMOWEB SL\",\"potentialAction\":[{\"@type\":\"SearchAction\",\"target\":{\"@type\":\"EntryPoint\",\"urlTemplate\":\"https:\/\/demoweb.info\/sexshop001\/?s={search_term_string}\"},\"query-input\":\"required name=search_term_string\"}],\"inLanguage\":\"es\"}]}<\/script>\n<!-- \/ Yoast SEO plugin. -->","yoast_head_json":{"title":"EARTHLY BODY - CHAMP\u00da SEMILLAS DE C\u00c1\u00d1AMO - 1OZ \/ 30 ML - Tienda Er\u00f3tica","robots":{"index":"noindex","follow":"follow","max-snippet":"max-snippet:-1","max-image-preview":"max-image-preview:large","max-video-preview":"max-video-preview:-1"},"og_locale":"es_ES","og_type":"article","og_title":"EARTHLY BODY - CHAMP\u00da SEMILLAS DE C\u00c1\u00d1AMO - 1OZ \/ 30 ML - Tienda Er\u00f3tica","og_description":"HEMP SEED HAIR CARE SHAMPOO &#8211; 1OZ \/ 30 ML Enriquece tu cabello con los poderes reponedores de los aceites","og_url":"https:\/\/demoweb.info\/sexshop001\/producto\/earthly-body-champu-semillas-de-canamo-1oz-30-ml\/","og_site_name":"Tienda Er\u00f3tica","og_image":[{"width":550,"height":550,"url":"https:\/\/demoweb.info\/sexshop001\/wp-content\/uploads\/2022\/01\/EARTHLY-BODY-CHAMPU-SEMILLAS-DE-CANAMO-1OZ-30-ML.jpg","type":"image\/jpeg"}],"twitter_card":"summary_large_image","twitter_misc":{"Tiempo de lectura":"1 minuto"},"schema":{"@context":"https:\/\/schema.org","@graph":[{"@type":"WebPage","@id":"https:\/\/demoweb.info\/sexshop001\/producto\/earthly-body-champu-semillas-de-canamo-1oz-30-ml\/","url":"https:\/\/demoweb.info\/sexshop001\/producto\/earthly-body-champu-semillas-de-canamo-1oz-30-ml\/","name":"EARTHLY BODY - CHAMP\u00da SEMILLAS DE C\u00c1\u00d1AMO - 1OZ \/ 30 ML - Tienda Er\u00f3tica","isPartOf":{"@id":"https:\/\/demoweb.info\/sexshop001\/#website"},"datePublished":"2022-01-22T11:12:29+00:00","dateModified":"2022-01-22T11:12:29+00:00","breadcrumb":{"@id":"https:\/\/demoweb.info\/sexshop001\/producto\/earthly-body-champu-semillas-de-canamo-1oz-30-ml\/#breadcrumb"},"inLanguage":"es","potentialAction":[{"@type":"ReadAction","target":["https:\/\/demoweb.info\/sexshop001\/producto\/earthly-body-champu-semillas-de-canamo-1oz-30-ml\/"]}]},{"@type":"BreadcrumbList","@id":"https:\/\/demoweb.info\/sexshop001\/producto\/earthly-body-champu-semillas-de-canamo-1oz-30-ml\/#breadcrumb","itemListElement":[{"@type":"ListItem","position":1,"name":"Portada","item":"https:\/\/demoweb.info\/sexshop001\/"},{"@type":"ListItem","position":2,"name":"Tienda","item":"https:\/\/demoweb.info\/sexshop001\/tienda\/"},{"@type":"ListItem","position":3,"name":"EARTHLY BODY &#8211; CHAMP\u00da SEMILLAS DE C\u00c1\u00d1AMO &#8211; 1OZ \/ 30 ML"}]},{"@type":"WebSite","@id":"https:\/\/demoweb.info\/sexshop001\/#website","url":"https:\/\/demoweb.info\/sexshop001\/","name":"Tienda Er\u00f3tica","description":"DEMOWEB SL","potentialAction":[{"@type":"SearchAction","target":{"@type":"EntryPoint","urlTemplate":"https:\/\/demoweb.info\/sexshop001\/?s={search_term_string}"},"query-input":"required name=search_term_string"}],"inLanguage":"es"}]}},"_links":{"self":[{"href":"https:\/\/demoweb.info\/sexshop001\/wp-json\/wp\/v3\/product\/27387","targetHints":{"allow":["GET"]}}],"collection":[{"href":"https:\/\/demoweb.info\/sexshop001\/wp-json\/wp\/v3\/product"}],"about":[{"href":"https:\/\/demoweb.info\/sexshop001\/wp-json\/wp\/v2\/types\/product"}],"replies":[{"embeddable":true,"href":"https:\/\/demoweb.info\/sexshop001\/wp-json\/wp\/v2\/comments?post=27387"}],"wp:featuredmedia":[{"embeddable":true,"href":"https:\/\/demoweb.info\/sexshop001\/wp-json\/wp\/v2\/media\/27388"}],"wp:attachment":[{"href":"https:\/\/demoweb.info\/sexshop001\/wp-json\/wp\/v2\/media?parent=27387"}],"wp:term":[{"taxonomy":"product_cat","embeddable":true,"href":"https:\/\/demoweb.info\/sexshop001\/wp-json\/wp\/v2\/product_cat?post=27387"},{"taxonomy":"product_tag","embeddable":true,"href":"https:\/\/demoweb.info\/sexshop001\/wp-json\/wp\/v2\/product_tag?post=27387"}],"curies":[{"name":"wp","href":"https:\/\/api.w.org\/{rel}","templated":true}]}}