{"id":27117,"date":"2022-01-22T12:09:50","date_gmt":"2022-01-22T11:09:50","guid":{"rendered":"https:\/\/demoweb.info\/sexshop001\/producto\/saga-valeria-estuche\/"},"modified":"2022-01-22T12:09:52","modified_gmt":"2022-01-22T11:09:52","slug":"saga-valeria-estuche","status":"publish","type":"product","link":"https:\/\/demoweb.info\/sexshop001\/producto\/saga-valeria-estuche\/","title":{"rendered":"SAGA VALERIA (ESTUCHE)"},"content":{"rendered":"<p><strong>SAGA VALERIA (ESTUCHE)<\/strong><\/p>\n<p><strong>Hazte con esta edici\u00f3n estuche que contiene las cuatro novelas de La saga de Valeria y enam\u00f3rate de una de las obras m\u00e1s aclamadas de @BetaCoqueta.<\/strong><\/p>\n<p><strong><em>En los zapatos de Valeria<\/em><\/strong><br \/>\n<strong><em>Valeria en el espejo<\/em><\/strong><br \/>\n<strong><em>Valeria en blanco y negro<\/em><\/strong><br \/>\n<strong><em>Valeria al desnudo<\/em><\/strong><\/p>\n<p>Valeria vive en Madrid.<br \/>\nValeria es escritora de historias de amor.<br \/>\nValeria vive el amor de forma sublime.<br \/>\nValeria tiene tres amigas: Nerea, Carmen y Lola.<br \/>\nValeria ama a Adri\u00e1n hasta que conoce a V\u00edctor.<br \/>\nValeria necesita sincerarse consigo misma.<br \/>\nValeria llora, Valeria r\u00ede, Valeria camina&#8230;<br \/>\nPero el sexo, el amor y los hombres no son objetivos f\u00e1ciles.<\/p>\n<p>Valeria es especial. <strong>Como t\u00fa.<\/strong><\/p>\n<p>Caracter\u00edsticas:<\/p>\n<ul>\n<li>N&ordm; de p\u00e1ginas: 1920<\/li>\n<li>Editorial: DEBOLSILLO (PUNTO DE LECTURA)<\/li>\n<li>Idioma: CASTELLANO<\/li>\n<li>Encuadernaci\u00f3n: Tapa blanda<\/li>\n<li>ISBN: 9788466354127<\/li>\n<li>A\u00f1o de edici\u00f3n: 2020<\/li>\n<li>Plaza de edici\u00f3n: ES<\/li>\n<\/ul>\n","protected":false},"excerpt":{"rendered":"<p>SAGA VALERIA (ESTUCHE) Hazte con esta edici\u00f3n estuche que contiene las cuatro novelas de La saga de Valeria y enam\u00f3rate<\/p>\n","protected":false},"featured_media":27118,"comment_status":"open","ping_status":"open","template":"","meta":[],"product_cat":[414],"product_tag":[722,415],"class_list":["post-27117","product","type-product","status-publish","has-post-thumbnail","hentry","product_cat-libros","product_tag-debolsillo","product_tag-random-house"],"bundled_by":[],"bundle_stock_status":"instock","bundle_stock_quantity":3,"bundle_virtual":false,"bundle_layout":"","bundle_add_to_cart_form_location":"","bundle_editable_in_cart":false,"bundle_sold_individually_context":"","bundle_item_grouping":"","bundle_min_size":"","bundle_max_size":"","bundled_items":[],"yoast_head":"<!-- This site is optimized with the Yoast SEO plugin v20.6 - https:\/\/yoast.com\/wordpress\/plugins\/seo\/ -->\n<title>SAGA VALERIA (ESTUCHE) - Tienda Er\u00f3tica<\/title>\n<meta name=\"robots\" content=\"noindex, follow, max-snippet:-1, max-image-preview:large, max-video-preview:-1\" \/>\n<meta property=\"og:locale\" content=\"es_ES\" \/>\n<meta property=\"og:type\" content=\"article\" \/>\n<meta property=\"og:title\" content=\"SAGA VALERIA (ESTUCHE) - Tienda Er\u00f3tica\" \/>\n<meta property=\"og:description\" content=\"SAGA VALERIA (ESTUCHE) Hazte con esta edici\u00f3n estuche que contiene las cuatro novelas de La saga de Valeria y enam\u00f3rate\" \/>\n<meta property=\"og:url\" content=\"https:\/\/demoweb.info\/sexshop001\/producto\/saga-valeria-estuche\/\" \/>\n<meta property=\"og:site_name\" content=\"Tienda Er\u00f3tica\" \/>\n<meta property=\"article:modified_time\" content=\"2022-01-22T11:09:52+00:00\" \/>\n<meta property=\"og:image\" content=\"https:\/\/demoweb.info\/sexshop001\/wp-content\/uploads\/2022\/01\/SAGA-VALERIA-ESTUCHE.jpg\" \/>\n\t<meta property=\"og:image:width\" content=\"550\" \/>\n\t<meta property=\"og:image:height\" content=\"550\" \/>\n\t<meta property=\"og:image:type\" content=\"image\/jpeg\" \/>\n<meta name=\"twitter:card\" content=\"summary_large_image\" \/>\n<meta name=\"twitter:label1\" content=\"Tiempo de lectura\" \/>\n\t<meta name=\"twitter:data1\" content=\"1 minuto\" \/>\n<script type=\"application\/ld+json\" class=\"yoast-schema-graph\">{\"@context\":\"https:\/\/schema.org\",\"@graph\":[{\"@type\":\"WebPage\",\"@id\":\"https:\/\/demoweb.info\/sexshop001\/producto\/saga-valeria-estuche\/\",\"url\":\"https:\/\/demoweb.info\/sexshop001\/producto\/saga-valeria-estuche\/\",\"name\":\"SAGA VALERIA (ESTUCHE) - Tienda Er\u00f3tica\",\"isPartOf\":{\"@id\":\"https:\/\/demoweb.info\/sexshop001\/#website\"},\"datePublished\":\"2022-01-22T11:09:50+00:00\",\"dateModified\":\"2022-01-22T11:09:52+00:00\",\"breadcrumb\":{\"@id\":\"https:\/\/demoweb.info\/sexshop001\/producto\/saga-valeria-estuche\/#breadcrumb\"},\"inLanguage\":\"es\",\"potentialAction\":[{\"@type\":\"ReadAction\",\"target\":[\"https:\/\/demoweb.info\/sexshop001\/producto\/saga-valeria-estuche\/\"]}]},{\"@type\":\"BreadcrumbList\",\"@id\":\"https:\/\/demoweb.info\/sexshop001\/producto\/saga-valeria-estuche\/#breadcrumb\",\"itemListElement\":[{\"@type\":\"ListItem\",\"position\":1,\"name\":\"Portada\",\"item\":\"https:\/\/demoweb.info\/sexshop001\/\"},{\"@type\":\"ListItem\",\"position\":2,\"name\":\"Tienda\",\"item\":\"https:\/\/demoweb.info\/sexshop001\/tienda\/\"},{\"@type\":\"ListItem\",\"position\":3,\"name\":\"SAGA VALERIA (ESTUCHE)\"}]},{\"@type\":\"WebSite\",\"@id\":\"https:\/\/demoweb.info\/sexshop001\/#website\",\"url\":\"https:\/\/demoweb.info\/sexshop001\/\",\"name\":\"Tienda Er\u00f3tica\",\"description\":\"DEMOWEB SL\",\"potentialAction\":[{\"@type\":\"SearchAction\",\"target\":{\"@type\":\"EntryPoint\",\"urlTemplate\":\"https:\/\/demoweb.info\/sexshop001\/?s={search_term_string}\"},\"query-input\":\"required name=search_term_string\"}],\"inLanguage\":\"es\"}]}<\/script>\n<!-- \/ Yoast SEO plugin. -->","yoast_head_json":{"title":"SAGA VALERIA (ESTUCHE) - Tienda Er\u00f3tica","robots":{"index":"noindex","follow":"follow","max-snippet":"max-snippet:-1","max-image-preview":"max-image-preview:large","max-video-preview":"max-video-preview:-1"},"og_locale":"es_ES","og_type":"article","og_title":"SAGA VALERIA (ESTUCHE) - Tienda Er\u00f3tica","og_description":"SAGA VALERIA (ESTUCHE) Hazte con esta edici\u00f3n estuche que contiene las cuatro novelas de La saga de Valeria y enam\u00f3rate","og_url":"https:\/\/demoweb.info\/sexshop001\/producto\/saga-valeria-estuche\/","og_site_name":"Tienda Er\u00f3tica","article_modified_time":"2022-01-22T11:09:52+00:00","og_image":[{"width":550,"height":550,"url":"https:\/\/demoweb.info\/sexshop001\/wp-content\/uploads\/2022\/01\/SAGA-VALERIA-ESTUCHE.jpg","type":"image\/jpeg"}],"twitter_card":"summary_large_image","twitter_misc":{"Tiempo de lectura":"1 minuto"},"schema":{"@context":"https:\/\/schema.org","@graph":[{"@type":"WebPage","@id":"https:\/\/demoweb.info\/sexshop001\/producto\/saga-valeria-estuche\/","url":"https:\/\/demoweb.info\/sexshop001\/producto\/saga-valeria-estuche\/","name":"SAGA VALERIA (ESTUCHE) - Tienda Er\u00f3tica","isPartOf":{"@id":"https:\/\/demoweb.info\/sexshop001\/#website"},"datePublished":"2022-01-22T11:09:50+00:00","dateModified":"2022-01-22T11:09:52+00:00","breadcrumb":{"@id":"https:\/\/demoweb.info\/sexshop001\/producto\/saga-valeria-estuche\/#breadcrumb"},"inLanguage":"es","potentialAction":[{"@type":"ReadAction","target":["https:\/\/demoweb.info\/sexshop001\/producto\/saga-valeria-estuche\/"]}]},{"@type":"BreadcrumbList","@id":"https:\/\/demoweb.info\/sexshop001\/producto\/saga-valeria-estuche\/#breadcrumb","itemListElement":[{"@type":"ListItem","position":1,"name":"Portada","item":"https:\/\/demoweb.info\/sexshop001\/"},{"@type":"ListItem","position":2,"name":"Tienda","item":"https:\/\/demoweb.info\/sexshop001\/tienda\/"},{"@type":"ListItem","position":3,"name":"SAGA VALERIA (ESTUCHE)"}]},{"@type":"WebSite","@id":"https:\/\/demoweb.info\/sexshop001\/#website","url":"https:\/\/demoweb.info\/sexshop001\/","name":"Tienda Er\u00f3tica","description":"DEMOWEB SL","potentialAction":[{"@type":"SearchAction","target":{"@type":"EntryPoint","urlTemplate":"https:\/\/demoweb.info\/sexshop001\/?s={search_term_string}"},"query-input":"required name=search_term_string"}],"inLanguage":"es"}]}},"_links":{"self":[{"href":"https:\/\/demoweb.info\/sexshop001\/wp-json\/wp\/v3\/product\/27117","targetHints":{"allow":["GET"]}}],"collection":[{"href":"https:\/\/demoweb.info\/sexshop001\/wp-json\/wp\/v3\/product"}],"about":[{"href":"https:\/\/demoweb.info\/sexshop001\/wp-json\/wp\/v2\/types\/product"}],"replies":[{"embeddable":true,"href":"https:\/\/demoweb.info\/sexshop001\/wp-json\/wp\/v2\/comments?post=27117"}],"wp:featuredmedia":[{"embeddable":true,"href":"https:\/\/demoweb.info\/sexshop001\/wp-json\/wp\/v2\/media\/27118"}],"wp:attachment":[{"href":"https:\/\/demoweb.info\/sexshop001\/wp-json\/wp\/v2\/media?parent=27117"}],"wp:term":[{"taxonomy":"product_cat","embeddable":true,"href":"https:\/\/demoweb.info\/sexshop001\/wp-json\/wp\/v2\/product_cat?post=27117"},{"taxonomy":"product_tag","embeddable":true,"href":"https:\/\/demoweb.info\/sexshop001\/wp-json\/wp\/v2\/product_tag?post=27117"}],"curies":[{"name":"wp","href":"https:\/\/api.w.org\/{rel}","templated":true}]}}