{"id":26380,"date":"2022-01-22T12:02:39","date_gmt":"2022-01-22T11:02:39","guid":{"rendered":"https:\/\/demoweb.info\/sexshop001\/producto\/jesse-backdoor-vanilla\/"},"modified":"2022-01-22T12:02:43","modified_gmt":"2022-01-22T11:02:43","slug":"jesse-backdoor-vanilla","status":"publish","type":"product","link":"https:\/\/demoweb.info\/sexshop001\/producto\/jesse-backdoor-vanilla\/","title":{"rendered":"JESSE BACKDOOR &#8211; VANILLA"},"content":{"rendered":"<p><strong>JESSE BACKDOOR BUTT &#8211; VANILLA<\/strong><\/p>\n<p>Este trasero de Mistress Jesse Backdoor tiene dos entradas emocionantes para un placer realista.<br \/>\nEl material de piel s\u00faper suave proporciona un excelente agarre y una sacudida realista con cada empuje. Los labios pintados a mano son suaves y esperando. Una emocionante bala de 10 velocidades proporciona una estimulaci\u00f3n a\u00fan m\u00e1s incre\u00edble. \u00a1El dise\u00f1o abierto hace que la limpieza sea muy sencilla! Fabricado en Estados Unidos con productos de alta calidad sin ftalatos, sin l\u00e1tex y ultrarrealistas. \u00a1Trae a Jesse a casa hoy mismo!<\/p>\n","protected":false},"excerpt":{"rendered":"<p>JESSE BACKDOOR BUTT &#8211; VANILLA Este trasero de Mistress Jesse Backdoor tiene dos entradas emocionantes para un placer realista. El<\/p>\n","protected":false},"featured_media":26381,"comment_status":"open","ping_status":"open","template":"","meta":[],"product_cat":[560],"product_tag":[857],"class_list":["post-26380","product","type-product","status-publish","has-post-thumbnail","hentry","product_cat-vaginas-y-anos","product_tag-curve-toys"],"bundled_by":[],"bundle_stock_status":"instock","bundle_stock_quantity":2,"bundle_virtual":false,"bundle_layout":"","bundle_add_to_cart_form_location":"","bundle_editable_in_cart":false,"bundle_sold_individually_context":"","bundle_item_grouping":"","bundle_min_size":"","bundle_max_size":"","bundled_items":[],"yoast_head":"<!-- This site is optimized with the Yoast SEO plugin v20.6 - https:\/\/yoast.com\/wordpress\/plugins\/seo\/ -->\n<title>JESSE BACKDOOR - VANILLA - Tienda Er\u00f3tica<\/title>\n<meta name=\"robots\" content=\"noindex, follow, max-snippet:-1, max-image-preview:large, max-video-preview:-1\" \/>\n<meta property=\"og:locale\" content=\"es_ES\" \/>\n<meta property=\"og:type\" content=\"article\" \/>\n<meta property=\"og:title\" content=\"JESSE BACKDOOR - VANILLA - Tienda Er\u00f3tica\" \/>\n<meta property=\"og:description\" content=\"JESSE BACKDOOR BUTT &#8211; VANILLA Este trasero de Mistress Jesse Backdoor tiene dos entradas emocionantes para un placer realista. El\" \/>\n<meta property=\"og:url\" content=\"https:\/\/demoweb.info\/sexshop001\/producto\/jesse-backdoor-vanilla\/\" \/>\n<meta property=\"og:site_name\" content=\"Tienda Er\u00f3tica\" \/>\n<meta property=\"article:modified_time\" content=\"2022-01-22T11:02:43+00:00\" \/>\n<meta property=\"og:image\" content=\"https:\/\/demoweb.info\/sexshop001\/wp-content\/uploads\/2022\/01\/JESSE-BACKDOOR-VANILLA.jpg\" \/>\n\t<meta property=\"og:image:width\" content=\"550\" \/>\n\t<meta property=\"og:image:height\" content=\"550\" \/>\n\t<meta property=\"og:image:type\" content=\"image\/jpeg\" \/>\n<meta name=\"twitter:card\" content=\"summary_large_image\" \/>\n<script type=\"application\/ld+json\" class=\"yoast-schema-graph\">{\"@context\":\"https:\/\/schema.org\",\"@graph\":[{\"@type\":\"WebPage\",\"@id\":\"https:\/\/demoweb.info\/sexshop001\/producto\/jesse-backdoor-vanilla\/\",\"url\":\"https:\/\/demoweb.info\/sexshop001\/producto\/jesse-backdoor-vanilla\/\",\"name\":\"JESSE BACKDOOR - VANILLA - Tienda Er\u00f3tica\",\"isPartOf\":{\"@id\":\"https:\/\/demoweb.info\/sexshop001\/#website\"},\"datePublished\":\"2022-01-22T11:02:39+00:00\",\"dateModified\":\"2022-01-22T11:02:43+00:00\",\"breadcrumb\":{\"@id\":\"https:\/\/demoweb.info\/sexshop001\/producto\/jesse-backdoor-vanilla\/#breadcrumb\"},\"inLanguage\":\"es\",\"potentialAction\":[{\"@type\":\"ReadAction\",\"target\":[\"https:\/\/demoweb.info\/sexshop001\/producto\/jesse-backdoor-vanilla\/\"]}]},{\"@type\":\"BreadcrumbList\",\"@id\":\"https:\/\/demoweb.info\/sexshop001\/producto\/jesse-backdoor-vanilla\/#breadcrumb\",\"itemListElement\":[{\"@type\":\"ListItem\",\"position\":1,\"name\":\"Portada\",\"item\":\"https:\/\/demoweb.info\/sexshop001\/\"},{\"@type\":\"ListItem\",\"position\":2,\"name\":\"Tienda\",\"item\":\"https:\/\/demoweb.info\/sexshop001\/tienda\/\"},{\"@type\":\"ListItem\",\"position\":3,\"name\":\"JESSE BACKDOOR &#8211; VANILLA\"}]},{\"@type\":\"WebSite\",\"@id\":\"https:\/\/demoweb.info\/sexshop001\/#website\",\"url\":\"https:\/\/demoweb.info\/sexshop001\/\",\"name\":\"Tienda Er\u00f3tica\",\"description\":\"DEMOWEB SL\",\"potentialAction\":[{\"@type\":\"SearchAction\",\"target\":{\"@type\":\"EntryPoint\",\"urlTemplate\":\"https:\/\/demoweb.info\/sexshop001\/?s={search_term_string}\"},\"query-input\":\"required name=search_term_string\"}],\"inLanguage\":\"es\"}]}<\/script>\n<!-- \/ Yoast SEO plugin. -->","yoast_head_json":{"title":"JESSE BACKDOOR - VANILLA - Tienda Er\u00f3tica","robots":{"index":"noindex","follow":"follow","max-snippet":"max-snippet:-1","max-image-preview":"max-image-preview:large","max-video-preview":"max-video-preview:-1"},"og_locale":"es_ES","og_type":"article","og_title":"JESSE BACKDOOR - VANILLA - Tienda Er\u00f3tica","og_description":"JESSE BACKDOOR BUTT &#8211; VANILLA Este trasero de Mistress Jesse Backdoor tiene dos entradas emocionantes para un placer realista. El","og_url":"https:\/\/demoweb.info\/sexshop001\/producto\/jesse-backdoor-vanilla\/","og_site_name":"Tienda Er\u00f3tica","article_modified_time":"2022-01-22T11:02:43+00:00","og_image":[{"width":550,"height":550,"url":"https:\/\/demoweb.info\/sexshop001\/wp-content\/uploads\/2022\/01\/JESSE-BACKDOOR-VANILLA.jpg","type":"image\/jpeg"}],"twitter_card":"summary_large_image","schema":{"@context":"https:\/\/schema.org","@graph":[{"@type":"WebPage","@id":"https:\/\/demoweb.info\/sexshop001\/producto\/jesse-backdoor-vanilla\/","url":"https:\/\/demoweb.info\/sexshop001\/producto\/jesse-backdoor-vanilla\/","name":"JESSE BACKDOOR - VANILLA - Tienda Er\u00f3tica","isPartOf":{"@id":"https:\/\/demoweb.info\/sexshop001\/#website"},"datePublished":"2022-01-22T11:02:39+00:00","dateModified":"2022-01-22T11:02:43+00:00","breadcrumb":{"@id":"https:\/\/demoweb.info\/sexshop001\/producto\/jesse-backdoor-vanilla\/#breadcrumb"},"inLanguage":"es","potentialAction":[{"@type":"ReadAction","target":["https:\/\/demoweb.info\/sexshop001\/producto\/jesse-backdoor-vanilla\/"]}]},{"@type":"BreadcrumbList","@id":"https:\/\/demoweb.info\/sexshop001\/producto\/jesse-backdoor-vanilla\/#breadcrumb","itemListElement":[{"@type":"ListItem","position":1,"name":"Portada","item":"https:\/\/demoweb.info\/sexshop001\/"},{"@type":"ListItem","position":2,"name":"Tienda","item":"https:\/\/demoweb.info\/sexshop001\/tienda\/"},{"@type":"ListItem","position":3,"name":"JESSE BACKDOOR &#8211; VANILLA"}]},{"@type":"WebSite","@id":"https:\/\/demoweb.info\/sexshop001\/#website","url":"https:\/\/demoweb.info\/sexshop001\/","name":"Tienda Er\u00f3tica","description":"DEMOWEB SL","potentialAction":[{"@type":"SearchAction","target":{"@type":"EntryPoint","urlTemplate":"https:\/\/demoweb.info\/sexshop001\/?s={search_term_string}"},"query-input":"required name=search_term_string"}],"inLanguage":"es"}]}},"_links":{"self":[{"href":"https:\/\/demoweb.info\/sexshop001\/wp-json\/wp\/v3\/product\/26380","targetHints":{"allow":["GET"]}}],"collection":[{"href":"https:\/\/demoweb.info\/sexshop001\/wp-json\/wp\/v3\/product"}],"about":[{"href":"https:\/\/demoweb.info\/sexshop001\/wp-json\/wp\/v2\/types\/product"}],"replies":[{"embeddable":true,"href":"https:\/\/demoweb.info\/sexshop001\/wp-json\/wp\/v2\/comments?post=26380"}],"wp:featuredmedia":[{"embeddable":true,"href":"https:\/\/demoweb.info\/sexshop001\/wp-json\/wp\/v2\/media\/26381"}],"wp:attachment":[{"href":"https:\/\/demoweb.info\/sexshop001\/wp-json\/wp\/v2\/media?parent=26380"}],"wp:term":[{"taxonomy":"product_cat","embeddable":true,"href":"https:\/\/demoweb.info\/sexshop001\/wp-json\/wp\/v2\/product_cat?post=26380"},{"taxonomy":"product_tag","embeddable":true,"href":"https:\/\/demoweb.info\/sexshop001\/wp-json\/wp\/v2\/product_tag?post=26380"}],"curies":[{"name":"wp","href":"https:\/\/api.w.org\/{rel}","templated":true}]}}