{"id":26329,"date":"2022-01-22T12:02:09","date_gmt":"2022-01-22T11:02:09","guid":{"rendered":"https:\/\/demoweb.info\/sexshop001\/producto\/25-cm-c-thru-pene-realistico-con-testiculos-transparente\/"},"modified":"2022-01-22T12:02:16","modified_gmt":"2022-01-22T11:02:16","slug":"25-cm-c-thru-pene-realistico-con-testiculos-transparente","status":"publish","type":"product","link":"https:\/\/demoweb.info\/sexshop001\/producto\/25-cm-c-thru-pene-realistico-con-testiculos-transparente\/","title":{"rendered":"25 CM C-THRU PENE REALISTICO CON TESTICULOS  &#8211; TRANSPARENTE"},"content":{"rendered":"<p><strong>10 INCH C-THRU DONG WITH BALLS &#8211; CLEAR<\/strong><\/p>\n<p>Este pene est\u00e1 hecho a mano para un m\u00e1ximo placer. Perfectamente esculpido con detalles realistas , este pene de <\/p>\n<p>25 cm es perfecto para principiantes y veteranos por igual. Dise\u00f1ado para ser de bajo mantenimiento y f\u00e1cil de limpiar para que pueda jugar sin problemas y concentrarse en su placer.<\/p>\n<p>Firme pero flexible, este dong transparente es un sue\u00f1o para apretar y lo suficientemente flexible como para mantenerse c\u00f3modo durante las sesiones m\u00e1s duras. La fuerte base de la ventosa le permite jugar con las manos libres con cualquier superficie lisa y plana; asegura este eje transparente y ponte manos a la obra sin que se resbale o caiga. La base de la ventosa tambi\u00e9n hace que esta polla gruesa sea compatible con la mayor\u00eda de los arneses con correas para que puedas enganchar o ser atado con un pene grueso y confiable cuando te apetezca.<\/p>\n<p>Formulado para ser libre de ftalatos, l\u00e1tex y seguro para el cuerpo para que pueda jugar una y otra vez sin preocupaciones.<\/p>\n<p>Curve Toys es conocido por su f\u00f3rmula de piel biol\u00f3gica ultrarrealista que se utiliza para crear los mejores consoladores y juguetes para adultos del mundo. Fabrican sus r\u00e9plicas de productos para adultos en los EE. UU. Con materiales de primera calidad, libres de ftalatos y respetuosos con el cuerpo. Su mezcla patentada de bio-piel se mezcla internamente, lo que los convierte en l\u00edderes en salud sexual. Todos los productos son inspeccionados para una funcionalidad superior de modo que representen el valor, la calidad y la innovaci\u00f3n desde la f\u00e1brica hasta el dormitorio. Integrado por expertos con m\u00e1s de 60 a\u00f1os acumulados en la fabricaci\u00f3n de adultos, Curve Toys es la combinaci\u00f3n perfecta de pasi\u00f3n, creatividad y experiencia; en resumen, conocemos el placer. Fabricado con una f\u00f3rmula revolucionaria patentada para una sensaci\u00f3n realista.<\/p>\n","protected":false},"excerpt":{"rendered":"<p>10 INCH C-THRU DONG WITH BALLS &#8211; CLEAR Este pene est\u00e1 hecho a mano para un m\u00e1ximo placer. Perfectamente esculpido<\/p>\n","protected":false},"featured_media":26330,"comment_status":"open","ping_status":"open","template":"","meta":[],"product_cat":[386],"product_tag":[857],"class_list":["post-26329","product","type-product","status-publish","has-post-thumbnail","hentry","product_cat-realisticos","product_tag-curve-toys"],"bundled_by":[],"bundle_stock_status":"instock","bundle_stock_quantity":1,"bundle_virtual":false,"bundle_layout":"","bundle_add_to_cart_form_location":"","bundle_editable_in_cart":false,"bundle_sold_individually_context":"","bundle_item_grouping":"","bundle_min_size":"","bundle_max_size":"","bundled_items":[],"yoast_head":"<!-- This site is optimized with the Yoast SEO plugin v20.6 - https:\/\/yoast.com\/wordpress\/plugins\/seo\/ -->\n<title>25 CM C-THRU PENE REALISTICO CON TESTICULOS - TRANSPARENTE - Tienda Er\u00f3tica<\/title>\n<meta name=\"robots\" content=\"noindex, follow, max-snippet:-1, max-image-preview:large, max-video-preview:-1\" \/>\n<meta property=\"og:locale\" content=\"es_ES\" \/>\n<meta property=\"og:type\" content=\"article\" \/>\n<meta property=\"og:title\" content=\"25 CM C-THRU PENE REALISTICO CON TESTICULOS - TRANSPARENTE - Tienda Er\u00f3tica\" \/>\n<meta property=\"og:description\" content=\"10 INCH C-THRU DONG WITH BALLS &#8211; CLEAR Este pene est\u00e1 hecho a mano para un m\u00e1ximo placer. Perfectamente esculpido\" \/>\n<meta property=\"og:url\" content=\"https:\/\/demoweb.info\/sexshop001\/producto\/25-cm-c-thru-pene-realistico-con-testiculos-transparente\/\" \/>\n<meta property=\"og:site_name\" content=\"Tienda Er\u00f3tica\" \/>\n<meta property=\"article:modified_time\" content=\"2022-01-22T11:02:16+00:00\" \/>\n<meta property=\"og:image\" content=\"https:\/\/demoweb.info\/sexshop001\/wp-content\/uploads\/2022\/01\/25-CM-C-THRU-PENE-REALISTICO-CON-TESTICULOS-TRANSPARENTE.jpg\" \/>\n\t<meta property=\"og:image:width\" content=\"550\" \/>\n\t<meta property=\"og:image:height\" content=\"550\" \/>\n\t<meta property=\"og:image:type\" content=\"image\/jpeg\" \/>\n<meta name=\"twitter:card\" content=\"summary_large_image\" \/>\n<meta name=\"twitter:label1\" content=\"Tiempo de lectura\" \/>\n\t<meta name=\"twitter:data1\" content=\"2 minutos\" \/>\n<script type=\"application\/ld+json\" class=\"yoast-schema-graph\">{\"@context\":\"https:\/\/schema.org\",\"@graph\":[{\"@type\":\"WebPage\",\"@id\":\"https:\/\/demoweb.info\/sexshop001\/producto\/25-cm-c-thru-pene-realistico-con-testiculos-transparente\/\",\"url\":\"https:\/\/demoweb.info\/sexshop001\/producto\/25-cm-c-thru-pene-realistico-con-testiculos-transparente\/\",\"name\":\"25 CM C-THRU PENE REALISTICO CON TESTICULOS - TRANSPARENTE - Tienda Er\u00f3tica\",\"isPartOf\":{\"@id\":\"https:\/\/demoweb.info\/sexshop001\/#website\"},\"datePublished\":\"2022-01-22T11:02:09+00:00\",\"dateModified\":\"2022-01-22T11:02:16+00:00\",\"breadcrumb\":{\"@id\":\"https:\/\/demoweb.info\/sexshop001\/producto\/25-cm-c-thru-pene-realistico-con-testiculos-transparente\/#breadcrumb\"},\"inLanguage\":\"es\",\"potentialAction\":[{\"@type\":\"ReadAction\",\"target\":[\"https:\/\/demoweb.info\/sexshop001\/producto\/25-cm-c-thru-pene-realistico-con-testiculos-transparente\/\"]}]},{\"@type\":\"BreadcrumbList\",\"@id\":\"https:\/\/demoweb.info\/sexshop001\/producto\/25-cm-c-thru-pene-realistico-con-testiculos-transparente\/#breadcrumb\",\"itemListElement\":[{\"@type\":\"ListItem\",\"position\":1,\"name\":\"Portada\",\"item\":\"https:\/\/demoweb.info\/sexshop001\/\"},{\"@type\":\"ListItem\",\"position\":2,\"name\":\"Tienda\",\"item\":\"https:\/\/demoweb.info\/sexshop001\/tienda\/\"},{\"@type\":\"ListItem\",\"position\":3,\"name\":\"25 CM C-THRU PENE REALISTICO CON TESTICULOS &#8211; TRANSPARENTE\"}]},{\"@type\":\"WebSite\",\"@id\":\"https:\/\/demoweb.info\/sexshop001\/#website\",\"url\":\"https:\/\/demoweb.info\/sexshop001\/\",\"name\":\"Tienda Er\u00f3tica\",\"description\":\"DEMOWEB SL\",\"potentialAction\":[{\"@type\":\"SearchAction\",\"target\":{\"@type\":\"EntryPoint\",\"urlTemplate\":\"https:\/\/demoweb.info\/sexshop001\/?s={search_term_string}\"},\"query-input\":\"required name=search_term_string\"}],\"inLanguage\":\"es\"}]}<\/script>\n<!-- \/ Yoast SEO plugin. -->","yoast_head_json":{"title":"25 CM C-THRU PENE REALISTICO CON TESTICULOS - TRANSPARENTE - Tienda Er\u00f3tica","robots":{"index":"noindex","follow":"follow","max-snippet":"max-snippet:-1","max-image-preview":"max-image-preview:large","max-video-preview":"max-video-preview:-1"},"og_locale":"es_ES","og_type":"article","og_title":"25 CM C-THRU PENE REALISTICO CON TESTICULOS - TRANSPARENTE - Tienda Er\u00f3tica","og_description":"10 INCH C-THRU DONG WITH BALLS &#8211; CLEAR Este pene est\u00e1 hecho a mano para un m\u00e1ximo placer. Perfectamente esculpido","og_url":"https:\/\/demoweb.info\/sexshop001\/producto\/25-cm-c-thru-pene-realistico-con-testiculos-transparente\/","og_site_name":"Tienda Er\u00f3tica","article_modified_time":"2022-01-22T11:02:16+00:00","og_image":[{"width":550,"height":550,"url":"https:\/\/demoweb.info\/sexshop001\/wp-content\/uploads\/2022\/01\/25-CM-C-THRU-PENE-REALISTICO-CON-TESTICULOS-TRANSPARENTE.jpg","type":"image\/jpeg"}],"twitter_card":"summary_large_image","twitter_misc":{"Tiempo de lectura":"2 minutos"},"schema":{"@context":"https:\/\/schema.org","@graph":[{"@type":"WebPage","@id":"https:\/\/demoweb.info\/sexshop001\/producto\/25-cm-c-thru-pene-realistico-con-testiculos-transparente\/","url":"https:\/\/demoweb.info\/sexshop001\/producto\/25-cm-c-thru-pene-realistico-con-testiculos-transparente\/","name":"25 CM C-THRU PENE REALISTICO CON TESTICULOS - TRANSPARENTE - Tienda Er\u00f3tica","isPartOf":{"@id":"https:\/\/demoweb.info\/sexshop001\/#website"},"datePublished":"2022-01-22T11:02:09+00:00","dateModified":"2022-01-22T11:02:16+00:00","breadcrumb":{"@id":"https:\/\/demoweb.info\/sexshop001\/producto\/25-cm-c-thru-pene-realistico-con-testiculos-transparente\/#breadcrumb"},"inLanguage":"es","potentialAction":[{"@type":"ReadAction","target":["https:\/\/demoweb.info\/sexshop001\/producto\/25-cm-c-thru-pene-realistico-con-testiculos-transparente\/"]}]},{"@type":"BreadcrumbList","@id":"https:\/\/demoweb.info\/sexshop001\/producto\/25-cm-c-thru-pene-realistico-con-testiculos-transparente\/#breadcrumb","itemListElement":[{"@type":"ListItem","position":1,"name":"Portada","item":"https:\/\/demoweb.info\/sexshop001\/"},{"@type":"ListItem","position":2,"name":"Tienda","item":"https:\/\/demoweb.info\/sexshop001\/tienda\/"},{"@type":"ListItem","position":3,"name":"25 CM C-THRU PENE REALISTICO CON TESTICULOS &#8211; TRANSPARENTE"}]},{"@type":"WebSite","@id":"https:\/\/demoweb.info\/sexshop001\/#website","url":"https:\/\/demoweb.info\/sexshop001\/","name":"Tienda Er\u00f3tica","description":"DEMOWEB SL","potentialAction":[{"@type":"SearchAction","target":{"@type":"EntryPoint","urlTemplate":"https:\/\/demoweb.info\/sexshop001\/?s={search_term_string}"},"query-input":"required name=search_term_string"}],"inLanguage":"es"}]}},"_links":{"self":[{"href":"https:\/\/demoweb.info\/sexshop001\/wp-json\/wp\/v3\/product\/26329","targetHints":{"allow":["GET"]}}],"collection":[{"href":"https:\/\/demoweb.info\/sexshop001\/wp-json\/wp\/v3\/product"}],"about":[{"href":"https:\/\/demoweb.info\/sexshop001\/wp-json\/wp\/v2\/types\/product"}],"replies":[{"embeddable":true,"href":"https:\/\/demoweb.info\/sexshop001\/wp-json\/wp\/v2\/comments?post=26329"}],"wp:featuredmedia":[{"embeddable":true,"href":"https:\/\/demoweb.info\/sexshop001\/wp-json\/wp\/v2\/media\/26330"}],"wp:attachment":[{"href":"https:\/\/demoweb.info\/sexshop001\/wp-json\/wp\/v2\/media?parent=26329"}],"wp:term":[{"taxonomy":"product_cat","embeddable":true,"href":"https:\/\/demoweb.info\/sexshop001\/wp-json\/wp\/v2\/product_cat?post=26329"},{"taxonomy":"product_tag","embeddable":true,"href":"https:\/\/demoweb.info\/sexshop001\/wp-json\/wp\/v2\/product_tag?post=26329"}],"curies":[{"name":"wp","href":"https:\/\/api.w.org\/{rel}","templated":true}]}}