{"id":26154,"date":"2022-01-22T12:00:03","date_gmt":"2022-01-22T11:00:03","guid":{"rendered":"https:\/\/demoweb.info\/sexshop001\/producto\/sophia-pussy-stroker-latte\/"},"modified":"2022-01-22T12:00:20","modified_gmt":"2022-01-22T11:00:20","slug":"sophia-pussy-stroker-latte","status":"publish","type":"product","link":"https:\/\/demoweb.info\/sexshop001\/producto\/sophia-pussy-stroker-latte\/","title":{"rendered":"SOPHIA PUSSY STROKER &#8211; LATTE"},"content":{"rendered":"<p><strong>SOPHIA PUSSY STROKER &#8211; LATTE<\/strong><\/p>\n<p>\u00a1Incluso mejor que la vecina! Sophia tiene una piel suave y flexible, una apariencia y un tacto ultra realistas, y labios pintados a mano que son rosados   y elegantes.<\/p>\n<p>El t\u00fanel estrecho cuenta con roces internos para mejorar la sensaci\u00f3n.<\/p>\n<p>El exterior cuenta con un agarre moldeado, dise\u00f1ado para aumentar la tensi\u00f3n mientras aprieta.<\/p>\n<p>El tama\u00f1o compacto y el dise\u00f1o abierto hacen que la limpieza sea r\u00e1pida y f\u00e1cil, sin importar d\u00f3nde se encuentre.<\/p>\n<p>Fabricado en los EE. UU. Con materiales de la m\u00e1s alta calidad para la sensaci\u00f3n m\u00e1s realista y lujosa imaginable.<\/p>\n<p>Curve Toys es conocida por su f\u00f3rmula de piel biol\u00f3gica ultra realista que se utiliza para crear los mejores consoladores y juguetes para adultos del mundo.<\/p>\n<p>Fabrican sus r\u00e9plicas de productos para adultos en los EE. UU.<\/p>\n<p>Con materiales de primera calidad, libres de ftalatos y respetuosos con el cuerpo.<\/p>\n<p>Su mezcla patentada de bio-piel se mezcla internamente, lo que los convierte en l\u00edderes en salud sexual.<\/p>\n<p>Todos los productos son inspeccionados para una funcionalidad superior de modo que representen el valor, la calidad y la innovaci\u00f3n desde la f\u00e1brica hasta el dormitorio. Integrado por expertos con m\u00e1s de 60 a\u00f1os acumulados en la fabricaci\u00f3n de adultos, Curve Toys es la combinaci\u00f3n perfecta de pasi\u00f3n, creatividad y experiencia; en resumen, conocemos el placer.<\/p>\n<ul>\n<li>Peso del producto 198 gramos<\/li>\n<li>A prueba de agua S\u00ed<\/li>\n<li>A prueba de salpicaduras S\u00ed<\/li>\n<li>Libre de ftalato S\u00ed<\/li>\n<li>Materiales TPE<\/li>\n<\/ul>\n","protected":false},"excerpt":{"rendered":"<p>SOPHIA PUSSY STROKER &#8211; LATTE \u00a1Incluso mejor que la vecina! Sophia tiene una piel suave y flexible, una apariencia y<\/p>\n","protected":false},"featured_media":26155,"comment_status":"open","ping_status":"open","template":"","meta":[],"product_cat":[541],"product_tag":[857],"class_list":["post-26154","product","type-product","status-publish","has-post-thumbnail","hentry","product_cat-vaginas","product_tag-curve-toys"],"bundled_by":[],"bundle_stock_status":"instock","bundle_stock_quantity":1,"bundle_virtual":false,"bundle_layout":"","bundle_add_to_cart_form_location":"","bundle_editable_in_cart":false,"bundle_sold_individually_context":"","bundle_item_grouping":"","bundle_min_size":"","bundle_max_size":"","bundled_items":[],"yoast_head":"<!-- This site is optimized with the Yoast SEO plugin v20.6 - https:\/\/yoast.com\/wordpress\/plugins\/seo\/ -->\n<title>SOPHIA PUSSY STROKER - LATTE - Tienda Er\u00f3tica<\/title>\n<meta name=\"robots\" content=\"noindex, follow, max-snippet:-1, max-image-preview:large, max-video-preview:-1\" \/>\n<meta property=\"og:locale\" content=\"es_ES\" \/>\n<meta property=\"og:type\" content=\"article\" \/>\n<meta property=\"og:title\" content=\"SOPHIA PUSSY STROKER - LATTE - Tienda Er\u00f3tica\" \/>\n<meta property=\"og:description\" content=\"SOPHIA PUSSY STROKER &#8211; LATTE \u00a1Incluso mejor que la vecina! Sophia tiene una piel suave y flexible, una apariencia y\" \/>\n<meta property=\"og:url\" content=\"https:\/\/demoweb.info\/sexshop001\/producto\/sophia-pussy-stroker-latte\/\" \/>\n<meta property=\"og:site_name\" content=\"Tienda Er\u00f3tica\" \/>\n<meta property=\"article:modified_time\" content=\"2022-01-22T11:00:20+00:00\" \/>\n<meta property=\"og:image\" content=\"https:\/\/demoweb.info\/sexshop001\/wp-content\/uploads\/2022\/01\/SOPHIA-PUSSY-STROKER-LATTE.jpg\" \/>\n\t<meta property=\"og:image:width\" content=\"550\" \/>\n\t<meta property=\"og:image:height\" content=\"550\" \/>\n\t<meta property=\"og:image:type\" content=\"image\/jpeg\" \/>\n<meta name=\"twitter:card\" content=\"summary_large_image\" \/>\n<meta name=\"twitter:label1\" content=\"Tiempo de lectura\" \/>\n\t<meta name=\"twitter:data1\" content=\"1 minuto\" \/>\n<script type=\"application\/ld+json\" class=\"yoast-schema-graph\">{\"@context\":\"https:\/\/schema.org\",\"@graph\":[{\"@type\":\"WebPage\",\"@id\":\"https:\/\/demoweb.info\/sexshop001\/producto\/sophia-pussy-stroker-latte\/\",\"url\":\"https:\/\/demoweb.info\/sexshop001\/producto\/sophia-pussy-stroker-latte\/\",\"name\":\"SOPHIA PUSSY STROKER - LATTE - Tienda Er\u00f3tica\",\"isPartOf\":{\"@id\":\"https:\/\/demoweb.info\/sexshop001\/#website\"},\"datePublished\":\"2022-01-22T11:00:03+00:00\",\"dateModified\":\"2022-01-22T11:00:20+00:00\",\"breadcrumb\":{\"@id\":\"https:\/\/demoweb.info\/sexshop001\/producto\/sophia-pussy-stroker-latte\/#breadcrumb\"},\"inLanguage\":\"es\",\"potentialAction\":[{\"@type\":\"ReadAction\",\"target\":[\"https:\/\/demoweb.info\/sexshop001\/producto\/sophia-pussy-stroker-latte\/\"]}]},{\"@type\":\"BreadcrumbList\",\"@id\":\"https:\/\/demoweb.info\/sexshop001\/producto\/sophia-pussy-stroker-latte\/#breadcrumb\",\"itemListElement\":[{\"@type\":\"ListItem\",\"position\":1,\"name\":\"Portada\",\"item\":\"https:\/\/demoweb.info\/sexshop001\/\"},{\"@type\":\"ListItem\",\"position\":2,\"name\":\"Tienda\",\"item\":\"https:\/\/demoweb.info\/sexshop001\/tienda\/\"},{\"@type\":\"ListItem\",\"position\":3,\"name\":\"SOPHIA PUSSY STROKER &#8211; LATTE\"}]},{\"@type\":\"WebSite\",\"@id\":\"https:\/\/demoweb.info\/sexshop001\/#website\",\"url\":\"https:\/\/demoweb.info\/sexshop001\/\",\"name\":\"Tienda Er\u00f3tica\",\"description\":\"DEMOWEB SL\",\"potentialAction\":[{\"@type\":\"SearchAction\",\"target\":{\"@type\":\"EntryPoint\",\"urlTemplate\":\"https:\/\/demoweb.info\/sexshop001\/?s={search_term_string}\"},\"query-input\":\"required name=search_term_string\"}],\"inLanguage\":\"es\"}]}<\/script>\n<!-- \/ Yoast SEO plugin. -->","yoast_head_json":{"title":"SOPHIA PUSSY STROKER - LATTE - Tienda Er\u00f3tica","robots":{"index":"noindex","follow":"follow","max-snippet":"max-snippet:-1","max-image-preview":"max-image-preview:large","max-video-preview":"max-video-preview:-1"},"og_locale":"es_ES","og_type":"article","og_title":"SOPHIA PUSSY STROKER - LATTE - Tienda Er\u00f3tica","og_description":"SOPHIA PUSSY STROKER &#8211; LATTE \u00a1Incluso mejor que la vecina! Sophia tiene una piel suave y flexible, una apariencia y","og_url":"https:\/\/demoweb.info\/sexshop001\/producto\/sophia-pussy-stroker-latte\/","og_site_name":"Tienda Er\u00f3tica","article_modified_time":"2022-01-22T11:00:20+00:00","og_image":[{"width":550,"height":550,"url":"https:\/\/demoweb.info\/sexshop001\/wp-content\/uploads\/2022\/01\/SOPHIA-PUSSY-STROKER-LATTE.jpg","type":"image\/jpeg"}],"twitter_card":"summary_large_image","twitter_misc":{"Tiempo de lectura":"1 minuto"},"schema":{"@context":"https:\/\/schema.org","@graph":[{"@type":"WebPage","@id":"https:\/\/demoweb.info\/sexshop001\/producto\/sophia-pussy-stroker-latte\/","url":"https:\/\/demoweb.info\/sexshop001\/producto\/sophia-pussy-stroker-latte\/","name":"SOPHIA PUSSY STROKER - LATTE - Tienda Er\u00f3tica","isPartOf":{"@id":"https:\/\/demoweb.info\/sexshop001\/#website"},"datePublished":"2022-01-22T11:00:03+00:00","dateModified":"2022-01-22T11:00:20+00:00","breadcrumb":{"@id":"https:\/\/demoweb.info\/sexshop001\/producto\/sophia-pussy-stroker-latte\/#breadcrumb"},"inLanguage":"es","potentialAction":[{"@type":"ReadAction","target":["https:\/\/demoweb.info\/sexshop001\/producto\/sophia-pussy-stroker-latte\/"]}]},{"@type":"BreadcrumbList","@id":"https:\/\/demoweb.info\/sexshop001\/producto\/sophia-pussy-stroker-latte\/#breadcrumb","itemListElement":[{"@type":"ListItem","position":1,"name":"Portada","item":"https:\/\/demoweb.info\/sexshop001\/"},{"@type":"ListItem","position":2,"name":"Tienda","item":"https:\/\/demoweb.info\/sexshop001\/tienda\/"},{"@type":"ListItem","position":3,"name":"SOPHIA PUSSY STROKER &#8211; LATTE"}]},{"@type":"WebSite","@id":"https:\/\/demoweb.info\/sexshop001\/#website","url":"https:\/\/demoweb.info\/sexshop001\/","name":"Tienda Er\u00f3tica","description":"DEMOWEB SL","potentialAction":[{"@type":"SearchAction","target":{"@type":"EntryPoint","urlTemplate":"https:\/\/demoweb.info\/sexshop001\/?s={search_term_string}"},"query-input":"required name=search_term_string"}],"inLanguage":"es"}]}},"_links":{"self":[{"href":"https:\/\/demoweb.info\/sexshop001\/wp-json\/wp\/v3\/product\/26154","targetHints":{"allow":["GET"]}}],"collection":[{"href":"https:\/\/demoweb.info\/sexshop001\/wp-json\/wp\/v3\/product"}],"about":[{"href":"https:\/\/demoweb.info\/sexshop001\/wp-json\/wp\/v2\/types\/product"}],"replies":[{"embeddable":true,"href":"https:\/\/demoweb.info\/sexshop001\/wp-json\/wp\/v2\/comments?post=26154"}],"wp:featuredmedia":[{"embeddable":true,"href":"https:\/\/demoweb.info\/sexshop001\/wp-json\/wp\/v2\/media\/26155"}],"wp:attachment":[{"href":"https:\/\/demoweb.info\/sexshop001\/wp-json\/wp\/v2\/media?parent=26154"}],"wp:term":[{"taxonomy":"product_cat","embeddable":true,"href":"https:\/\/demoweb.info\/sexshop001\/wp-json\/wp\/v2\/product_cat?post=26154"},{"taxonomy":"product_tag","embeddable":true,"href":"https:\/\/demoweb.info\/sexshop001\/wp-json\/wp\/v2\/product_tag?post=26154"}],"curies":[{"name":"wp","href":"https:\/\/api.w.org\/{rel}","templated":true}]}}