{"id":26132,"date":"2022-01-22T12:00:03","date_gmt":"2022-01-22T11:00:03","guid":{"rendered":"https:\/\/demoweb.info\/sexshop001\/producto\/bala-vibradora-con-control-remoto-rosa\/"},"modified":"2022-01-22T12:00:09","modified_gmt":"2022-01-22T11:00:09","slug":"bala-vibradora-con-control-remoto-rosa","status":"publish","type":"product","link":"https:\/\/demoweb.info\/sexshop001\/producto\/bala-vibradora-con-control-remoto-rosa\/","title":{"rendered":"BALA VIBRADORA CON CONTROL REMOTO &#8211; ROSA"},"content":{"rendered":"<p>VIBRATING BULLET WITH REMOTE CONTROL<\/p>\n<p>\u00a1Prep\u00e1rate para golpearte con esta peque\u00f1a pero poderosa bala vibratoria!<\/p>\n<p>Los ultrapotentes Bang Bullets te sorprender\u00e1n con su gran poder vibrante, controlable con el control remoto inal\u00e1mbrico incluido:<\/p>\n<p>\u00a1llama a tu compa\u00f1ero a tu antojo en casa o en la ciudad para un emocionante juego en p\u00fablico!<\/p>\n<p>Aproveche los 3 niveles de potencia diferentes y los 7 patrones diferentes para adaptarse a cualquier tipo de estado de \u00e1nimo en el que se encuentre.<\/p>\n<p>La poderosa vibraci\u00f3n se ve reforzada por el material de silicona seguro para el cuerpo suave y sedoso, libre de ftalatos, no poroso y f\u00e1cil de limpiar con agua tibia y jab\u00f3n suave.<\/p>\n<p>\u00a1Esta bala es recargable a trav\u00e9s de USB para que puedas golpearte una y otra vez!<\/p>\n<p>El dise\u00f1o impermeable permite su uso en la ducha o la ba\u00f1era para una sesi\u00f3n m\u00e1s relajante.<\/p>\n<ul>\n<li>Peso del producto 56gram<\/li>\n<li>Se requieren bater\u00edas 1<\/li>\n<li>Tipo de bater\u00edas CR2032<\/li>\n<li>Bater\u00edas incluidas S\u00ed<\/li>\n<li>Recargable S\u00ed<\/li>\n<li>Tiempo de recarga 60 min<\/li>\n<li>Vida de la recarga de las bater\u00edas 45 min<\/li>\n<li>A prueba de agua S\u00ed<\/li>\n<li>A prueba de salpicaduras S\u00ed<\/li>\n<li>Libre de ftalato S\u00ed<\/li>\n<li>Materiales Silicone, ABS plastic<\/li>\n<\/ul>\n","protected":false},"excerpt":{"rendered":"<p>VIBRATING BULLET WITH REMOTE CONTROL \u00a1Prep\u00e1rate para golpearte con esta peque\u00f1a pero poderosa bala vibratoria! Los ultrapotentes Bang Bullets te<\/p>\n","protected":false},"featured_media":26133,"comment_status":"open","ping_status":"open","template":"","meta":[],"product_cat":[322],"product_tag":[1104,274],"class_list":["post-26132","product","type-product","status-publish","has-post-thumbnail","hentry","product_cat-con-mando","product_tag-bang","product_tag-xr-brands"],"bundled_by":[],"bundle_stock_status":"instock","bundle_stock_quantity":1,"bundle_virtual":false,"bundle_layout":"","bundle_add_to_cart_form_location":"","bundle_editable_in_cart":false,"bundle_sold_individually_context":"","bundle_item_grouping":"","bundle_min_size":"","bundle_max_size":"","bundled_items":[],"yoast_head":"<!-- This site is optimized with the Yoast SEO plugin v20.6 - https:\/\/yoast.com\/wordpress\/plugins\/seo\/ -->\n<title>BALA VIBRADORA CON CONTROL REMOTO - ROSA - Tienda Er\u00f3tica<\/title>\n<meta name=\"robots\" content=\"noindex, follow, max-snippet:-1, max-image-preview:large, max-video-preview:-1\" \/>\n<meta property=\"og:locale\" content=\"es_ES\" \/>\n<meta property=\"og:type\" content=\"article\" \/>\n<meta property=\"og:title\" content=\"BALA VIBRADORA CON CONTROL REMOTO - ROSA - Tienda Er\u00f3tica\" \/>\n<meta property=\"og:description\" content=\"VIBRATING BULLET WITH REMOTE CONTROL \u00a1Prep\u00e1rate para golpearte con esta peque\u00f1a pero poderosa bala vibratoria! Los ultrapotentes Bang Bullets te\" \/>\n<meta property=\"og:url\" content=\"https:\/\/demoweb.info\/sexshop001\/producto\/bala-vibradora-con-control-remoto-rosa\/\" \/>\n<meta property=\"og:site_name\" content=\"Tienda Er\u00f3tica\" \/>\n<meta property=\"article:modified_time\" content=\"2022-01-22T11:00:09+00:00\" \/>\n<meta property=\"og:image\" content=\"https:\/\/demoweb.info\/sexshop001\/wp-content\/uploads\/2022\/01\/BALA-VIBRADORA-CON-CONTROL-REMOTO-ROSA.jpg\" \/>\n\t<meta property=\"og:image:width\" content=\"550\" \/>\n\t<meta property=\"og:image:height\" content=\"550\" \/>\n\t<meta property=\"og:image:type\" content=\"image\/jpeg\" \/>\n<meta name=\"twitter:card\" content=\"summary_large_image\" \/>\n<meta name=\"twitter:label1\" content=\"Tiempo de lectura\" \/>\n\t<meta name=\"twitter:data1\" content=\"1 minuto\" \/>\n<script type=\"application\/ld+json\" class=\"yoast-schema-graph\">{\"@context\":\"https:\/\/schema.org\",\"@graph\":[{\"@type\":\"WebPage\",\"@id\":\"https:\/\/demoweb.info\/sexshop001\/producto\/bala-vibradora-con-control-remoto-rosa\/\",\"url\":\"https:\/\/demoweb.info\/sexshop001\/producto\/bala-vibradora-con-control-remoto-rosa\/\",\"name\":\"BALA VIBRADORA CON CONTROL REMOTO - ROSA - Tienda Er\u00f3tica\",\"isPartOf\":{\"@id\":\"https:\/\/demoweb.info\/sexshop001\/#website\"},\"datePublished\":\"2022-01-22T11:00:03+00:00\",\"dateModified\":\"2022-01-22T11:00:09+00:00\",\"breadcrumb\":{\"@id\":\"https:\/\/demoweb.info\/sexshop001\/producto\/bala-vibradora-con-control-remoto-rosa\/#breadcrumb\"},\"inLanguage\":\"es\",\"potentialAction\":[{\"@type\":\"ReadAction\",\"target\":[\"https:\/\/demoweb.info\/sexshop001\/producto\/bala-vibradora-con-control-remoto-rosa\/\"]}]},{\"@type\":\"BreadcrumbList\",\"@id\":\"https:\/\/demoweb.info\/sexshop001\/producto\/bala-vibradora-con-control-remoto-rosa\/#breadcrumb\",\"itemListElement\":[{\"@type\":\"ListItem\",\"position\":1,\"name\":\"Portada\",\"item\":\"https:\/\/demoweb.info\/sexshop001\/\"},{\"@type\":\"ListItem\",\"position\":2,\"name\":\"Tienda\",\"item\":\"https:\/\/demoweb.info\/sexshop001\/tienda\/\"},{\"@type\":\"ListItem\",\"position\":3,\"name\":\"BALA VIBRADORA CON CONTROL REMOTO &#8211; ROSA\"}]},{\"@type\":\"WebSite\",\"@id\":\"https:\/\/demoweb.info\/sexshop001\/#website\",\"url\":\"https:\/\/demoweb.info\/sexshop001\/\",\"name\":\"Tienda Er\u00f3tica\",\"description\":\"DEMOWEB SL\",\"potentialAction\":[{\"@type\":\"SearchAction\",\"target\":{\"@type\":\"EntryPoint\",\"urlTemplate\":\"https:\/\/demoweb.info\/sexshop001\/?s={search_term_string}\"},\"query-input\":\"required name=search_term_string\"}],\"inLanguage\":\"es\"}]}<\/script>\n<!-- \/ Yoast SEO plugin. -->","yoast_head_json":{"title":"BALA VIBRADORA CON CONTROL REMOTO - ROSA - Tienda Er\u00f3tica","robots":{"index":"noindex","follow":"follow","max-snippet":"max-snippet:-1","max-image-preview":"max-image-preview:large","max-video-preview":"max-video-preview:-1"},"og_locale":"es_ES","og_type":"article","og_title":"BALA VIBRADORA CON CONTROL REMOTO - ROSA - Tienda Er\u00f3tica","og_description":"VIBRATING BULLET WITH REMOTE CONTROL \u00a1Prep\u00e1rate para golpearte con esta peque\u00f1a pero poderosa bala vibratoria! Los ultrapotentes Bang Bullets te","og_url":"https:\/\/demoweb.info\/sexshop001\/producto\/bala-vibradora-con-control-remoto-rosa\/","og_site_name":"Tienda Er\u00f3tica","article_modified_time":"2022-01-22T11:00:09+00:00","og_image":[{"width":550,"height":550,"url":"https:\/\/demoweb.info\/sexshop001\/wp-content\/uploads\/2022\/01\/BALA-VIBRADORA-CON-CONTROL-REMOTO-ROSA.jpg","type":"image\/jpeg"}],"twitter_card":"summary_large_image","twitter_misc":{"Tiempo de lectura":"1 minuto"},"schema":{"@context":"https:\/\/schema.org","@graph":[{"@type":"WebPage","@id":"https:\/\/demoweb.info\/sexshop001\/producto\/bala-vibradora-con-control-remoto-rosa\/","url":"https:\/\/demoweb.info\/sexshop001\/producto\/bala-vibradora-con-control-remoto-rosa\/","name":"BALA VIBRADORA CON CONTROL REMOTO - ROSA - Tienda Er\u00f3tica","isPartOf":{"@id":"https:\/\/demoweb.info\/sexshop001\/#website"},"datePublished":"2022-01-22T11:00:03+00:00","dateModified":"2022-01-22T11:00:09+00:00","breadcrumb":{"@id":"https:\/\/demoweb.info\/sexshop001\/producto\/bala-vibradora-con-control-remoto-rosa\/#breadcrumb"},"inLanguage":"es","potentialAction":[{"@type":"ReadAction","target":["https:\/\/demoweb.info\/sexshop001\/producto\/bala-vibradora-con-control-remoto-rosa\/"]}]},{"@type":"BreadcrumbList","@id":"https:\/\/demoweb.info\/sexshop001\/producto\/bala-vibradora-con-control-remoto-rosa\/#breadcrumb","itemListElement":[{"@type":"ListItem","position":1,"name":"Portada","item":"https:\/\/demoweb.info\/sexshop001\/"},{"@type":"ListItem","position":2,"name":"Tienda","item":"https:\/\/demoweb.info\/sexshop001\/tienda\/"},{"@type":"ListItem","position":3,"name":"BALA VIBRADORA CON CONTROL REMOTO &#8211; ROSA"}]},{"@type":"WebSite","@id":"https:\/\/demoweb.info\/sexshop001\/#website","url":"https:\/\/demoweb.info\/sexshop001\/","name":"Tienda Er\u00f3tica","description":"DEMOWEB SL","potentialAction":[{"@type":"SearchAction","target":{"@type":"EntryPoint","urlTemplate":"https:\/\/demoweb.info\/sexshop001\/?s={search_term_string}"},"query-input":"required name=search_term_string"}],"inLanguage":"es"}]}},"_links":{"self":[{"href":"https:\/\/demoweb.info\/sexshop001\/wp-json\/wp\/v3\/product\/26132","targetHints":{"allow":["GET"]}}],"collection":[{"href":"https:\/\/demoweb.info\/sexshop001\/wp-json\/wp\/v3\/product"}],"about":[{"href":"https:\/\/demoweb.info\/sexshop001\/wp-json\/wp\/v2\/types\/product"}],"replies":[{"embeddable":true,"href":"https:\/\/demoweb.info\/sexshop001\/wp-json\/wp\/v2\/comments?post=26132"}],"wp:featuredmedia":[{"embeddable":true,"href":"https:\/\/demoweb.info\/sexshop001\/wp-json\/wp\/v2\/media\/26133"}],"wp:attachment":[{"href":"https:\/\/demoweb.info\/sexshop001\/wp-json\/wp\/v2\/media?parent=26132"}],"wp:term":[{"taxonomy":"product_cat","embeddable":true,"href":"https:\/\/demoweb.info\/sexshop001\/wp-json\/wp\/v2\/product_cat?post=26132"},{"taxonomy":"product_tag","embeddable":true,"href":"https:\/\/demoweb.info\/sexshop001\/wp-json\/wp\/v2\/product_tag?post=26132"}],"curies":[{"name":"wp","href":"https:\/\/api.w.org\/{rel}","templated":true}]}}