{"id":25807,"date":"2022-01-22T11:56:05","date_gmt":"2022-01-22T10:56:05","guid":{"rendered":"https:\/\/demoweb.info\/sexshop001\/producto\/lips-mask-labios\/"},"modified":"2022-01-22T11:56:39","modified_gmt":"2022-01-22T10:56:39","slug":"lips-mask-labios","status":"publish","type":"product","link":"https:\/\/demoweb.info\/sexshop001\/producto\/lips-mask-labios\/","title":{"rendered":"LIPS MASK &#8211; LABIOS"},"content":{"rendered":"<p><strong>LIPS MASK<\/strong><\/p>\n<p>P\u00f3ngase su mejor cara con nuestra moderna gama de sensuales y f\u00e1ciles de usar, m\u00e1scaras faciales.<\/p>\n<p>Confeccionados con telas de alta calidad en diferentes patrones y dise\u00f1os, son perfectos para combinar con un atuendo o alegrar tu d\u00eda.<\/p>\n<p>\u00a1El hecho de que no pueda mostrar su cara no significa que no pueda ser sensual!<\/p>\n<p>\u00a1Estas telas de algod\u00f3n superiores se pueden lavar y reutilizar f\u00e1cilmente, y seguramente agregar\u00e1n una declaraci\u00f3n de sensualidad a su guardarropa!<\/p>\n<p>Tambi\u00e9n le brindan un accesorio de moda divertido para guardar en su bolso o bolsillo para cuando lo necesite.<\/p>\n<p>La m\u00e1scara ha sido dise\u00f1ada para darle un ajuste perfecto sobre la nariz y debajo de la barbilla.<\/p>\n<p>La pieza de la nariz contiene un peque\u00f1o hilo de metal que le permite empujar la m\u00e1scara sobre el puente de la nariz, lo que la hace perfecta por ajustarse a todos.<\/p>\n<p>Las tiras para los orejas son ajustables y se adaptan a la mayor\u00eda de los tama\u00f1os.<\/p>\n<p>La m\u00e1scara viene con 2 filtros desechables adicionales para mayor protecci\u00f3n, despu\u00e9s de su uso se ajustar\u00e1 a cualquier filtro regular.<\/p>\n<p>Si alguien se acerca lo suficiente como para cuestionar su dise\u00f1o perverso<\/p>\n<p>\u00a1d\u00edgales que deben retroceder!<\/p>\n<p><em>Materiales<\/em><\/p>\n<ul>\n<li>M\u00e1scara: 3 capas de tela de algod\u00f3n (40% algod\u00f3n + 60% poli\u00e9ster), 1 capa de algod\u00f3n termosellable.<\/li>\n<li>Filtro: 4 capas de telas no tejidas, 1 capa de carb\u00f3n activado.<\/li>\n<\/ul>\n","protected":false},"excerpt":{"rendered":"<p>LIPS MASK P\u00f3ngase su mejor cara con nuestra moderna gama de sensuales y f\u00e1ciles de usar, m\u00e1scaras faciales. Confeccionados con<\/p>\n","protected":false},"featured_media":25808,"comment_status":"open","ping_status":"open","template":"","meta":[],"product_cat":[1101],"product_tag":[1102,302],"class_list":["post-25807","product","type-product","status-publish","has-post-thumbnail","hentry","product_cat-mascarillas","product_tag-sexy-masks","product_tag-shots"],"bundled_by":[],"bundle_stock_status":"instock","bundle_stock_quantity":1,"bundle_virtual":false,"bundle_layout":"","bundle_add_to_cart_form_location":"","bundle_editable_in_cart":false,"bundle_sold_individually_context":"","bundle_item_grouping":"","bundle_min_size":"","bundle_max_size":"","bundled_items":[],"yoast_head":"<!-- This site is optimized with the Yoast SEO plugin v20.6 - https:\/\/yoast.com\/wordpress\/plugins\/seo\/ -->\n<title>LIPS MASK - LABIOS - Tienda Er\u00f3tica<\/title>\n<meta name=\"robots\" content=\"noindex, follow, max-snippet:-1, max-image-preview:large, max-video-preview:-1\" \/>\n<meta property=\"og:locale\" content=\"es_ES\" \/>\n<meta property=\"og:type\" content=\"article\" \/>\n<meta property=\"og:title\" content=\"LIPS MASK - LABIOS - Tienda Er\u00f3tica\" \/>\n<meta property=\"og:description\" content=\"LIPS MASK P\u00f3ngase su mejor cara con nuestra moderna gama de sensuales y f\u00e1ciles de usar, m\u00e1scaras faciales. Confeccionados con\" \/>\n<meta property=\"og:url\" content=\"https:\/\/demoweb.info\/sexshop001\/producto\/lips-mask-labios\/\" \/>\n<meta property=\"og:site_name\" content=\"Tienda Er\u00f3tica\" \/>\n<meta property=\"article:modified_time\" content=\"2022-01-22T10:56:39+00:00\" \/>\n<meta property=\"og:image\" content=\"https:\/\/demoweb.info\/sexshop001\/wp-content\/uploads\/2022\/01\/LIPS-MASK-LABIOS.jpg\" \/>\n\t<meta property=\"og:image:width\" content=\"550\" \/>\n\t<meta property=\"og:image:height\" content=\"550\" \/>\n\t<meta property=\"og:image:type\" content=\"image\/jpeg\" \/>\n<meta name=\"twitter:card\" content=\"summary_large_image\" \/>\n<meta name=\"twitter:label1\" content=\"Tiempo de lectura\" \/>\n\t<meta name=\"twitter:data1\" content=\"1 minuto\" \/>\n<script type=\"application\/ld+json\" class=\"yoast-schema-graph\">{\"@context\":\"https:\/\/schema.org\",\"@graph\":[{\"@type\":\"WebPage\",\"@id\":\"https:\/\/demoweb.info\/sexshop001\/producto\/lips-mask-labios\/\",\"url\":\"https:\/\/demoweb.info\/sexshop001\/producto\/lips-mask-labios\/\",\"name\":\"LIPS MASK - LABIOS - Tienda Er\u00f3tica\",\"isPartOf\":{\"@id\":\"https:\/\/demoweb.info\/sexshop001\/#website\"},\"datePublished\":\"2022-01-22T10:56:05+00:00\",\"dateModified\":\"2022-01-22T10:56:39+00:00\",\"breadcrumb\":{\"@id\":\"https:\/\/demoweb.info\/sexshop001\/producto\/lips-mask-labios\/#breadcrumb\"},\"inLanguage\":\"es\",\"potentialAction\":[{\"@type\":\"ReadAction\",\"target\":[\"https:\/\/demoweb.info\/sexshop001\/producto\/lips-mask-labios\/\"]}]},{\"@type\":\"BreadcrumbList\",\"@id\":\"https:\/\/demoweb.info\/sexshop001\/producto\/lips-mask-labios\/#breadcrumb\",\"itemListElement\":[{\"@type\":\"ListItem\",\"position\":1,\"name\":\"Portada\",\"item\":\"https:\/\/demoweb.info\/sexshop001\/\"},{\"@type\":\"ListItem\",\"position\":2,\"name\":\"Tienda\",\"item\":\"https:\/\/demoweb.info\/sexshop001\/tienda\/\"},{\"@type\":\"ListItem\",\"position\":3,\"name\":\"LIPS MASK &#8211; LABIOS\"}]},{\"@type\":\"WebSite\",\"@id\":\"https:\/\/demoweb.info\/sexshop001\/#website\",\"url\":\"https:\/\/demoweb.info\/sexshop001\/\",\"name\":\"Tienda Er\u00f3tica\",\"description\":\"DEMOWEB SL\",\"potentialAction\":[{\"@type\":\"SearchAction\",\"target\":{\"@type\":\"EntryPoint\",\"urlTemplate\":\"https:\/\/demoweb.info\/sexshop001\/?s={search_term_string}\"},\"query-input\":\"required name=search_term_string\"}],\"inLanguage\":\"es\"}]}<\/script>\n<!-- \/ Yoast SEO plugin. -->","yoast_head_json":{"title":"LIPS MASK - LABIOS - Tienda Er\u00f3tica","robots":{"index":"noindex","follow":"follow","max-snippet":"max-snippet:-1","max-image-preview":"max-image-preview:large","max-video-preview":"max-video-preview:-1"},"og_locale":"es_ES","og_type":"article","og_title":"LIPS MASK - LABIOS - Tienda Er\u00f3tica","og_description":"LIPS MASK P\u00f3ngase su mejor cara con nuestra moderna gama de sensuales y f\u00e1ciles de usar, m\u00e1scaras faciales. Confeccionados con","og_url":"https:\/\/demoweb.info\/sexshop001\/producto\/lips-mask-labios\/","og_site_name":"Tienda Er\u00f3tica","article_modified_time":"2022-01-22T10:56:39+00:00","og_image":[{"width":550,"height":550,"url":"https:\/\/demoweb.info\/sexshop001\/wp-content\/uploads\/2022\/01\/LIPS-MASK-LABIOS.jpg","type":"image\/jpeg"}],"twitter_card":"summary_large_image","twitter_misc":{"Tiempo de lectura":"1 minuto"},"schema":{"@context":"https:\/\/schema.org","@graph":[{"@type":"WebPage","@id":"https:\/\/demoweb.info\/sexshop001\/producto\/lips-mask-labios\/","url":"https:\/\/demoweb.info\/sexshop001\/producto\/lips-mask-labios\/","name":"LIPS MASK - LABIOS - Tienda Er\u00f3tica","isPartOf":{"@id":"https:\/\/demoweb.info\/sexshop001\/#website"},"datePublished":"2022-01-22T10:56:05+00:00","dateModified":"2022-01-22T10:56:39+00:00","breadcrumb":{"@id":"https:\/\/demoweb.info\/sexshop001\/producto\/lips-mask-labios\/#breadcrumb"},"inLanguage":"es","potentialAction":[{"@type":"ReadAction","target":["https:\/\/demoweb.info\/sexshop001\/producto\/lips-mask-labios\/"]}]},{"@type":"BreadcrumbList","@id":"https:\/\/demoweb.info\/sexshop001\/producto\/lips-mask-labios\/#breadcrumb","itemListElement":[{"@type":"ListItem","position":1,"name":"Portada","item":"https:\/\/demoweb.info\/sexshop001\/"},{"@type":"ListItem","position":2,"name":"Tienda","item":"https:\/\/demoweb.info\/sexshop001\/tienda\/"},{"@type":"ListItem","position":3,"name":"LIPS MASK &#8211; LABIOS"}]},{"@type":"WebSite","@id":"https:\/\/demoweb.info\/sexshop001\/#website","url":"https:\/\/demoweb.info\/sexshop001\/","name":"Tienda Er\u00f3tica","description":"DEMOWEB SL","potentialAction":[{"@type":"SearchAction","target":{"@type":"EntryPoint","urlTemplate":"https:\/\/demoweb.info\/sexshop001\/?s={search_term_string}"},"query-input":"required name=search_term_string"}],"inLanguage":"es"}]}},"_links":{"self":[{"href":"https:\/\/demoweb.info\/sexshop001\/wp-json\/wp\/v3\/product\/25807","targetHints":{"allow":["GET"]}}],"collection":[{"href":"https:\/\/demoweb.info\/sexshop001\/wp-json\/wp\/v3\/product"}],"about":[{"href":"https:\/\/demoweb.info\/sexshop001\/wp-json\/wp\/v2\/types\/product"}],"replies":[{"embeddable":true,"href":"https:\/\/demoweb.info\/sexshop001\/wp-json\/wp\/v2\/comments?post=25807"}],"wp:featuredmedia":[{"embeddable":true,"href":"https:\/\/demoweb.info\/sexshop001\/wp-json\/wp\/v2\/media\/25808"}],"wp:attachment":[{"href":"https:\/\/demoweb.info\/sexshop001\/wp-json\/wp\/v2\/media?parent=25807"}],"wp:term":[{"taxonomy":"product_cat","embeddable":true,"href":"https:\/\/demoweb.info\/sexshop001\/wp-json\/wp\/v2\/product_cat?post=25807"},{"taxonomy":"product_tag","embeddable":true,"href":"https:\/\/demoweb.info\/sexshop001\/wp-json\/wp\/v2\/product_tag?post=25807"}],"curies":[{"name":"wp","href":"https:\/\/api.w.org\/{rel}","templated":true}]}}