{"id":25782,"date":"2022-01-22T11:56:05","date_gmt":"2022-01-22T10:56:05","guid":{"rendered":"https:\/\/demoweb.info\/sexshop001\/producto\/17cm-vibrador-biodegradable-morado\/"},"modified":"2022-01-22T11:56:24","modified_gmt":"2022-01-22T10:56:24","slug":"17cm-vibrador-biodegradable-morado","status":"publish","type":"product","link":"https:\/\/demoweb.info\/sexshop001\/producto\/17cm-vibrador-biodegradable-morado\/","title":{"rendered":"17CM VIBRADOR &#8211; BIODEGRADABLE &#8211; MORADO"},"content":{"rendered":"<p>7 VIBRATOR &#8211; BIODEGRADABLE<\/p>\n<p>Con la introducci\u00f3n de nuestra marca NATURAL PLEASURE, estamos haciendo nuestra parte para contribuir a un ambiente menos derrochador con una l\u00ednea de productos BIO-DEGRADABLES.<\/p>\n<p>Todos nuestros dispositivos (adem\u00e1s de los motores) est\u00e1n fabricados con pl\u00e1sticos de base biol\u00f3gica ecol\u00f3gicos, seguros para el cuerpo y 100% reciclados.<\/p>\n<p>El embalaje tambi\u00e9n est\u00e1 hecho de cart\u00f3n y papel 100% reciclados.<\/p>\n<p>Son s\u00faper suaves, completamente no porosos, sin ftalatos, sin l\u00e1tex e inodoros. Una vez desechados, estos productos se degradar\u00e1n naturalmente en una instalaci\u00f3n comercial de compostaje.<\/p>\n<p>Con su apariencia moteada y ecol\u00f3gica, esta hermosa portadora de Natural Pleasure lo satisfar\u00e1 y mantendr\u00e1 el medio ambiente feliz.<\/p>\n<p>Con una velocidad de hasta 7200 rpm, este vibrador viene con un interruptor giratorio que lo llevar\u00e1 sin problemas a trav\u00e9s de una variedad de velocidades para un placer sin fin.<\/p>\n<p>La vibraci\u00f3n requiere una bater\u00eda AA que te dar\u00e1 hasta 45 minutos de juego org\u00e1smico.<\/p>\n<p>El juguete tiene una longitud total de 17,7 cm , con una longitud insertable de 15 cm y un di\u00e1metro de 2,8 cm.<\/p>\n<ul>\n<li>Di\u00e1metro del producto: 2,8 cm<\/li>\n<li>Longitud insertable:15,cm<\/li>\n<li>Cantidad de motores: 1<\/li>\n<li>Rotaciones: 7200 RPM<\/li>\n<li>Velocidad m\u00faltiple: S\u00ed<\/li>\n<li>Nivel de ruido: 75 dB<\/li>\n<li>Se requieren bater\u00edas: 1<\/li>\n<li>Tipo de bater\u00edas: AA<\/li>\n<li>Bater\u00edas incluidas No<\/li>\n<li>Libre de ftalato S\u00ed<\/li>\n<li>Materiales Recycled Bio-Based Plastics<\/li>\n<\/ul>\n","protected":false},"excerpt":{"rendered":"<p>7 VIBRATOR &#8211; BIODEGRADABLE Con la introducci\u00f3n de nuestra marca NATURAL PLEASURE, estamos haciendo nuestra parte para contribuir a un<\/p>\n","protected":false},"featured_media":25783,"comment_status":"open","ping_status":"open","template":"","meta":[],"product_cat":[639],"product_tag":[1100,302],"class_list":["post-25782","product","type-product","status-publish","has-post-thumbnail","hentry","product_cat-punto-g","product_tag-natural-pleasure","product_tag-shots"],"bundled_by":[],"bundle_stock_status":"outofstock","bundle_stock_quantity":0,"bundle_virtual":false,"bundle_layout":"","bundle_add_to_cart_form_location":"","bundle_editable_in_cart":false,"bundle_sold_individually_context":"","bundle_item_grouping":"","bundle_min_size":"","bundle_max_size":"","bundled_items":[],"yoast_head":"<!-- This site is optimized with the Yoast SEO plugin v20.6 - https:\/\/yoast.com\/wordpress\/plugins\/seo\/ -->\n<title>17CM VIBRADOR - BIODEGRADABLE - MORADO - Tienda Er\u00f3tica<\/title>\n<meta name=\"robots\" content=\"noindex, follow, max-snippet:-1, max-image-preview:large, max-video-preview:-1\" \/>\n<meta property=\"og:locale\" content=\"es_ES\" \/>\n<meta property=\"og:type\" content=\"article\" \/>\n<meta property=\"og:title\" content=\"17CM VIBRADOR - BIODEGRADABLE - MORADO - Tienda Er\u00f3tica\" \/>\n<meta property=\"og:description\" content=\"7 VIBRATOR &#8211; BIODEGRADABLE Con la introducci\u00f3n de nuestra marca NATURAL PLEASURE, estamos haciendo nuestra parte para contribuir a un\" \/>\n<meta property=\"og:url\" content=\"https:\/\/demoweb.info\/sexshop001\/producto\/17cm-vibrador-biodegradable-morado\/\" \/>\n<meta property=\"og:site_name\" content=\"Tienda Er\u00f3tica\" \/>\n<meta property=\"article:modified_time\" content=\"2022-01-22T10:56:24+00:00\" \/>\n<meta property=\"og:image\" content=\"https:\/\/demoweb.info\/sexshop001\/wp-content\/uploads\/2022\/01\/17CM-VIBRADOR-BIODEGRADABLE-MORADO.jpg\" \/>\n\t<meta property=\"og:image:width\" content=\"550\" \/>\n\t<meta property=\"og:image:height\" content=\"550\" \/>\n\t<meta property=\"og:image:type\" content=\"image\/jpeg\" \/>\n<meta name=\"twitter:card\" content=\"summary_large_image\" \/>\n<meta name=\"twitter:label1\" content=\"Tiempo de lectura\" \/>\n\t<meta name=\"twitter:data1\" content=\"1 minuto\" \/>\n<script type=\"application\/ld+json\" class=\"yoast-schema-graph\">{\"@context\":\"https:\/\/schema.org\",\"@graph\":[{\"@type\":\"WebPage\",\"@id\":\"https:\/\/demoweb.info\/sexshop001\/producto\/17cm-vibrador-biodegradable-morado\/\",\"url\":\"https:\/\/demoweb.info\/sexshop001\/producto\/17cm-vibrador-biodegradable-morado\/\",\"name\":\"17CM VIBRADOR - BIODEGRADABLE - MORADO - Tienda Er\u00f3tica\",\"isPartOf\":{\"@id\":\"https:\/\/demoweb.info\/sexshop001\/#website\"},\"datePublished\":\"2022-01-22T10:56:05+00:00\",\"dateModified\":\"2022-01-22T10:56:24+00:00\",\"breadcrumb\":{\"@id\":\"https:\/\/demoweb.info\/sexshop001\/producto\/17cm-vibrador-biodegradable-morado\/#breadcrumb\"},\"inLanguage\":\"es\",\"potentialAction\":[{\"@type\":\"ReadAction\",\"target\":[\"https:\/\/demoweb.info\/sexshop001\/producto\/17cm-vibrador-biodegradable-morado\/\"]}]},{\"@type\":\"BreadcrumbList\",\"@id\":\"https:\/\/demoweb.info\/sexshop001\/producto\/17cm-vibrador-biodegradable-morado\/#breadcrumb\",\"itemListElement\":[{\"@type\":\"ListItem\",\"position\":1,\"name\":\"Portada\",\"item\":\"https:\/\/demoweb.info\/sexshop001\/\"},{\"@type\":\"ListItem\",\"position\":2,\"name\":\"Tienda\",\"item\":\"https:\/\/demoweb.info\/sexshop001\/tienda\/\"},{\"@type\":\"ListItem\",\"position\":3,\"name\":\"17CM VIBRADOR &#8211; BIODEGRADABLE &#8211; MORADO\"}]},{\"@type\":\"WebSite\",\"@id\":\"https:\/\/demoweb.info\/sexshop001\/#website\",\"url\":\"https:\/\/demoweb.info\/sexshop001\/\",\"name\":\"Tienda Er\u00f3tica\",\"description\":\"DEMOWEB SL\",\"potentialAction\":[{\"@type\":\"SearchAction\",\"target\":{\"@type\":\"EntryPoint\",\"urlTemplate\":\"https:\/\/demoweb.info\/sexshop001\/?s={search_term_string}\"},\"query-input\":\"required name=search_term_string\"}],\"inLanguage\":\"es\"}]}<\/script>\n<!-- \/ Yoast SEO plugin. -->","yoast_head_json":{"title":"17CM VIBRADOR - BIODEGRADABLE - MORADO - Tienda Er\u00f3tica","robots":{"index":"noindex","follow":"follow","max-snippet":"max-snippet:-1","max-image-preview":"max-image-preview:large","max-video-preview":"max-video-preview:-1"},"og_locale":"es_ES","og_type":"article","og_title":"17CM VIBRADOR - BIODEGRADABLE - MORADO - Tienda Er\u00f3tica","og_description":"7 VIBRATOR &#8211; BIODEGRADABLE Con la introducci\u00f3n de nuestra marca NATURAL PLEASURE, estamos haciendo nuestra parte para contribuir a un","og_url":"https:\/\/demoweb.info\/sexshop001\/producto\/17cm-vibrador-biodegradable-morado\/","og_site_name":"Tienda Er\u00f3tica","article_modified_time":"2022-01-22T10:56:24+00:00","og_image":[{"width":550,"height":550,"url":"https:\/\/demoweb.info\/sexshop001\/wp-content\/uploads\/2022\/01\/17CM-VIBRADOR-BIODEGRADABLE-MORADO.jpg","type":"image\/jpeg"}],"twitter_card":"summary_large_image","twitter_misc":{"Tiempo de lectura":"1 minuto"},"schema":{"@context":"https:\/\/schema.org","@graph":[{"@type":"WebPage","@id":"https:\/\/demoweb.info\/sexshop001\/producto\/17cm-vibrador-biodegradable-morado\/","url":"https:\/\/demoweb.info\/sexshop001\/producto\/17cm-vibrador-biodegradable-morado\/","name":"17CM VIBRADOR - BIODEGRADABLE - MORADO - Tienda Er\u00f3tica","isPartOf":{"@id":"https:\/\/demoweb.info\/sexshop001\/#website"},"datePublished":"2022-01-22T10:56:05+00:00","dateModified":"2022-01-22T10:56:24+00:00","breadcrumb":{"@id":"https:\/\/demoweb.info\/sexshop001\/producto\/17cm-vibrador-biodegradable-morado\/#breadcrumb"},"inLanguage":"es","potentialAction":[{"@type":"ReadAction","target":["https:\/\/demoweb.info\/sexshop001\/producto\/17cm-vibrador-biodegradable-morado\/"]}]},{"@type":"BreadcrumbList","@id":"https:\/\/demoweb.info\/sexshop001\/producto\/17cm-vibrador-biodegradable-morado\/#breadcrumb","itemListElement":[{"@type":"ListItem","position":1,"name":"Portada","item":"https:\/\/demoweb.info\/sexshop001\/"},{"@type":"ListItem","position":2,"name":"Tienda","item":"https:\/\/demoweb.info\/sexshop001\/tienda\/"},{"@type":"ListItem","position":3,"name":"17CM VIBRADOR &#8211; BIODEGRADABLE &#8211; MORADO"}]},{"@type":"WebSite","@id":"https:\/\/demoweb.info\/sexshop001\/#website","url":"https:\/\/demoweb.info\/sexshop001\/","name":"Tienda Er\u00f3tica","description":"DEMOWEB SL","potentialAction":[{"@type":"SearchAction","target":{"@type":"EntryPoint","urlTemplate":"https:\/\/demoweb.info\/sexshop001\/?s={search_term_string}"},"query-input":"required name=search_term_string"}],"inLanguage":"es"}]}},"_links":{"self":[{"href":"https:\/\/demoweb.info\/sexshop001\/wp-json\/wp\/v3\/product\/25782","targetHints":{"allow":["GET"]}}],"collection":[{"href":"https:\/\/demoweb.info\/sexshop001\/wp-json\/wp\/v3\/product"}],"about":[{"href":"https:\/\/demoweb.info\/sexshop001\/wp-json\/wp\/v2\/types\/product"}],"replies":[{"embeddable":true,"href":"https:\/\/demoweb.info\/sexshop001\/wp-json\/wp\/v2\/comments?post=25782"}],"wp:featuredmedia":[{"embeddable":true,"href":"https:\/\/demoweb.info\/sexshop001\/wp-json\/wp\/v2\/media\/25783"}],"wp:attachment":[{"href":"https:\/\/demoweb.info\/sexshop001\/wp-json\/wp\/v2\/media?parent=25782"}],"wp:term":[{"taxonomy":"product_cat","embeddable":true,"href":"https:\/\/demoweb.info\/sexshop001\/wp-json\/wp\/v2\/product_cat?post=25782"},{"taxonomy":"product_tag","embeddable":true,"href":"https:\/\/demoweb.info\/sexshop001\/wp-json\/wp\/v2\/product_tag?post=25782"}],"curies":[{"name":"wp","href":"https:\/\/api.w.org\/{rel}","templated":true}]}}